731
CDUS44 KMEG 210633
CLITUP


CLIMATE REPORT
NATIONAL WEATHER SERVICE MEMPHIS TN
132 AM CDT MON MAY 21 2018


...................................

...THE TUPELO CLIMATE SUMMARY FOR MAY 20 2018...

CLIMATE NORMAL PERIOD 1981 TO 2010
CLIMATE RECORD PERIOD 1930 TO 2018


WEATHER ITEM   OBSERVED TIME   RECORD YEAR NORMAL DEPARTURE LAST
                VALUE   (LST)  VALUE       VALUE  FROM      YEAR
                                                  NORMAL
..................................................................
TEMPERATURE (F)
 YESTERDAY
  MAXIMUM         89    234 PM  96    1962  83      6       82
                                      1941
  MINIMUM         66    405 AM  38    1976  61      5       68
  AVERAGE         78                        72      6       75

PRECIPITATION (IN)
  YESTERDAY        0.60          2.09 2010   0.17   0.43     0.15
  MONTH TO DATE    3.47                      3.73  -0.26     1.17
  SINCE MAR 1     14.85                     13.33   1.52    10.77
  SINCE JAN 1     31.20                     22.77   8.43    19.24

SNOWFALL (IN)
  YESTERDAY        0.0          MM      MM   0.0    0.0      0.0
  MONTH TO DATE    0.0                       0.0    0.0      0.0
  SINCE MAR 1      0.0                       0.3   -0.3       T
  SINCE JUL 1      0.8                       2.1   -1.3       T
  SNOW DEPTH       0

DEGREE DAYS
 HEATING
  YESTERDAY        0                         0      0        0
  MONTH TO DATE    0                        23    -23       23
  SINCE MAR 1    567                       524     43      364
  SINCE JUL 1   2891                      2955    -64     1982

 COOLING
  YESTERDAY       13                         7      6       10
  MONTH TO DATE  195                       105     90       97
  SINCE MAR 1    215                       179     36      242
  SINCE JAN 1    235                       181     54      254
..................................................................


WIND (MPH)
  HIGHEST WIND SPEED    22   HIGHEST WIND DIRECTION     N (20)
  HIGHEST GUST SPEED    30   HIGHEST GUST DIRECTION     N (10)
  AVERAGE WIND SPEED     4.2


SKY COVER
  POSSIBLE SUNSHINE  MM
  AVERAGE SKY COVER 0.1


WEATHER CONDITIONS
 THE FOLLOWING WEATHER WAS RECORDED YESTERDAY.
  THUNDERSTORM
  HEAVY RAIN
  LIGHT RAIN


RELATIVE HUMIDITY (PERCENT)
 HIGHEST    93           100 AM
 LOWEST     55          1100 AM
 AVERAGE    74

..........................................................


THE TUPELO CLIMATE NORMALS FOR TODAY
                         NORMAL    RECORD    YEAR
 MAXIMUM TEMPERATURE (F)   83        97      1941
 MINIMUM TEMPERATURE (F)   61        39      1981


SUNRISE AND SUNSET
MAY 21 2018...........SUNRISE   549 AM CDT   SUNSET   755 PM CDT
MAY 22 2018...........SUNRISE   549 AM CDT   SUNSET   755 PM CDT


-  INDICATES NEGATIVE NUMBERS.
R  INDICATES RECORD WAS SET OR TIED.
MM INDICATES DATA IS MISSING.
T  INDICATES TRACE AMOUNT.




$$
