000
CDUS44 KSHV 220755
CLITYR


CLIMATE REPORT
NATIONAL WEATHER SERVICE SHREVEPORT, LA
254 AM CDT SUN APR 22 2018


...................................

...THE TYLER CLIMATE SUMMARY FOR APRIL 21 2018...

CLIMATE NORMAL PERIOD 1981 TO 2010
CLIMATE RECORD PERIOD 1896 TO 2018


WEATHER ITEM   OBSERVED TIME   RECORD YEAR NORMAL DEPARTURE LAST
                VALUE   (LST)  VALUE       VALUE  FROM      YEAR
                                                  NORMAL
..................................................................
TEMPERATURE (F)
 YESTERDAY
  MAXIMUM         69   1111 AM  92    1987  76     -7       85
  MINIMUM         51    538 AM  38    1918  56     -5       66
  AVERAGE         60                        66     -6       76

PRECIPITATION (IN)
  YESTERDAY        1.02          4.42 1957   0.13   0.89     0.00
  MONTH TO DATE    1.89                      2.04  -0.15     0.98
  SINCE DEC 1     20.93                     17.27   3.66    13.67
  SINCE JAN 1     15.64                     13.03   2.61    11.02

SNOWFALL (IN)
  YESTERDAY        0.0
  MONTH TO DATE    0.0
  SINCE MAR 1      0.0
  SINCE JUL 1      1.5
  SNOW DEPTH       0

DEGREE DAYS
 HEATING
  YESTERDAY        5                         2      3        0
  MONTH TO DATE  108                        86     22       16
  SINCE MAR 1    250                       359   -109      145
  SINCE JUL 1   2052                      2251   -199     1228

 COOLING
  YESTERDAY        0                         3     -3       11
  MONTH TO DATE   31                        44    -13      113
  SINCE MAR 1     96                        65     31      221
  SINCE JAN 1    123                        77     46      295
..................................................................


WIND (MPH)
  HIGHEST WIND SPEED    23   HIGHEST WIND DIRECTION    SE (150)
  HIGHEST GUST SPEED    30   HIGHEST GUST DIRECTION    SE (150)
  AVERAGE WIND SPEED     7.3


SKY COVER
  POSSIBLE SUNSHINE  MM
  AVERAGE SKY COVER 0.7


WEATHER CONDITIONS
 THE FOLLOWING WEATHER WAS RECORDED YESTERDAY.
  THUNDERSTORM
  HEAVY RAIN
  RAIN
  LIGHT RAIN
  FOG


RELATIVE HUMIDITY (PERCENT)
 HIGHEST   100           300 PM
 LOWEST     52          1000 AM
 AVERAGE    76

..........................................................


THE TYLER CLIMATE NORMALS FOR TODAY
                         NORMAL    RECORD    YEAR
 MAXIMUM TEMPERATURE (F)   76        94      2011
 MINIMUM TEMPERATURE (F)   56        37      1931


SUNRISE AND SUNSET
APRIL 22 2018.........SUNRISE   644 AM CDT   SUNSET   756 PM CDT
APRIL 23 2018.........SUNRISE   643 AM CDT   SUNSET   757 PM CDT


-  INDICATES NEGATIVE NUMBERS.
R  INDICATES RECORD WAS SET OR TIED.
MM INDICATES DATA IS MISSING.
T  INDICATES TRACE AMOUNT.




$$
