000
CDUS43 KUNR 260035
CLIUNR


CLIMATE REPORT
NATIONAL WEATHER SERVICE RAPID CITY SD
635 PM MDT WED APR 25 2018


...................................

...THE EAST RAPID CITY SD CLIMATE SUMMARY FOR APRIL 25 2018...
VALID TODAY AS OF 0600 PM LOCAL TIME.

CLIMATE NORMAL PERIOD 1981 TO 2010
CLIMATE RECORD PERIOD 1888 TO 2018


WEATHER ITEM   OBSERVED RECORD YEAR NORMAL DEPARTURE LAST
                VALUE   VALUE       VALUE  FROM      YEAR
                                           NORMAL
...........................................................
TEMPERATURE (F)
 TODAY
  MAXIMUM         75     85    1901  59     16       36
  MINIMUM         32     21    1950  38     -6       26
  AVERAGE         54                 48      6       31

PRECIPITATION (IN)
  TODAY            0.00   1.38 1999   0.08  -0.08     0.35
  MONTH TO DATE    1.69               1.62   0.07     1.59
  SINCE MAR 1      3.22               2.61   0.61     2.39
  SINCE JAN 1      4.41               3.38   1.03     3.18

SNOWFALL (IN)
  TODAY            0.0    3.3  2017   0.2   -0.2      3.3
  MONTH TO DATE   18.8                7.8   11.0      4.7
  SINCE MAR 1     34.3               19.6   14.7      6.0
  SINCE JUL 1     66.4               46.3   20.1     39.2
  SNOW DEPTH       0

DEGREE DAYS
 HEATING
  TODAY           11                 17     -6       34
  MONTH TO DATE  713                526    187      418
  SINCE MAR 1   1661               1434    227     1187
  SINCE JUL 1   6763               6388    375     5783

 COOLING
  TODAY            0                  0      0        0
  MONTH TO DATE    0                  0      0        0
  SINCE MAR 1      0                  0      0        0
  SINCE JAN 1      0                  0      0        0
...........................................................





WEATHER CONDITIONS
 THE FOLLOWING WEATHER WAS RECORDED TODAY.
  NO SIGNIFICANT WEATHER WAS OBSERVED.


..........................................................


THE EAST RAPID CITY SD CLIMATE NORMALS FOR TOMORROW
                         NORMAL    RECORD    YEAR
 MAXIMUM TEMPERATURE (F)   60        88      1952
 MINIMUM TEMPERATURE (F)   38        21      1950


SUNRISE AND SUNSET
APRIL 25 2018.........SUNRISE   553 AM MDT   SUNSET   749 PM MDT
APRIL 26 2018.........SUNRISE   552 AM MDT   SUNSET   750 PM MDT


-  INDICATES NEGATIVE NUMBERS.
R  INDICATES RECORD WAS SET OR TIED.
MM INDICATES DATA IS MISSING.
T  INDICATES TRACE AMOUNT.




$$
