000
CDUS44 KCRP 251127 CCA
CLIVCT

CLIMATE REPORT...CORRECTED
NATIONAL WEATHER SERVICE CORPUS CHRISTI TX
627 AM CDT FRI MAY 25 2018


...................................

...THE VICTORIA CLIMATE SUMMARY FOR MAY 24 2018...

CLIMATE NORMAL PERIOD 1981 TO 2010
CLIMATE RECORD PERIOD 1893 TO 2018


WEATHER ITEM   OBSERVED TIME   RECORD YEAR NORMAL DEPARTURE LAST
                VALUE   (LST)  VALUE       VALUE  FROM      YEAR
                                                  NORMAL
..................................................................
TEMPERATURE (F)
 YESTERDAY
  MAXIMUM         92    321 PM  98    1925  88      4       86
  MINIMUM         69    601 AM  55    2017  69      0       55
                                      1913
  AVERAGE         81                        79      2       71

PRECIPITATION (IN)
  YESTERDAY        0.12          3.11 1982   0.17  -0.05     0.00
  MONTH TO DATE    0.47                      4.00  -3.53     2.72
  SINCE MAR 1      3.81                      9.59  -5.78    10.64
  SINCE JAN 1      5.99                     14.19  -8.20    19.24

SNOWFALL (IN)
  YESTERDAY        0.0
  MONTH TO DATE    0.0
  SINCE MAR 1      0.0
  SINCE JUL 1      2.0
  SNOW DEPTH       0

DEGREE DAYS
 HEATING
  YESTERDAY        0                         0      0        0
  MONTH TO DATE    0                         0      0        0
  SINCE MAR 1     86                       155    -69       36
  SINCE JUL 1   1133                      1248   -115      567

 COOLING
  YESTERDAY       16                        14      2        6
  MONTH TO DATE  337                       269     68      271
  SINCE MAR 1    618                       520     98      690
  SINCE JAN 1    708                       558    150      897
..................................................................


WIND (MPH)
  HIGHEST WIND SPEED    20   HIGHEST WIND DIRECTION    SW (220)
  HIGHEST GUST SPEED    24   HIGHEST GUST DIRECTION    SW (240)
  AVERAGE WIND SPEED     8.0


SKY COVER
  POSSIBLE SUNSHINE  MM
  AVERAGE SKY COVER 0.3


WEATHER CONDITIONS
 THE FOLLOWING WEATHER WAS RECORDED YESTERDAY.
  THUNDERSTORM
  HEAVY RAIN
  LIGHT RAIN
  FOG
  FOG W/VISIBILITY <= 1/4 MILE
  HAZE


RELATIVE HUMIDITY (PERCENT)
 HIGHEST   100           700 AM
 LOWEST     52           300 PM
 AVERAGE    76

..........................................................


THE VICTORIA CLIMATE NORMALS FOR TODAY
                         NORMAL    RECORD    YEAR
 MAXIMUM TEMPERATURE (F)   88        97      1928
                                             1912
 MINIMUM TEMPERATURE (F)   69        58      1910


SUNRISE AND SUNSET
MAY 25 2018...........SUNRISE   632 AM CDT   SUNSET   818 PM CDT
MAY 26 2018...........SUNRISE   631 AM CDT   SUNSET   818 PM CDT


-  INDICATES NEGATIVE NUMBERS.
R  INDICATES RECORD WAS SET OR TIED.
MM INDICATES DATA IS MISSING.
T  INDICATES TRACE AMOUNT.




$$

ANM...CORRECTED TO ADD HAZE TO WEATHER CONDITIONS.
