000
CDUS43 KLOT 240633
CLIVPZ


CLIMATE REPORT
NATIONAL WEATHER SERVICE CHICAGO IL
132 AM CDT TUE APR 24 2018


...................................

...THE VALPARAISO CLIMATE SUMMARY FOR APRIL 23 2018...

CLIMATE NORMAL PERIOD 1981 TO 2010
CLIMATE RECORD PERIOD 1998 TO 2018


WEATHER ITEM   OBSERVED TIME   RECORD YEAR NORMAL DEPARTURE LAST
                VALUE   (LST)  VALUE       VALUE  FROM      YEAR
                                                  NORMAL
..................................................................
TEMPERATURE (F)
 YESTERDAY
  MAXIMUM         72    208 PM  78    2008  63      9       70
  MINIMUM         40    426 AM  29    2015  41     -1       38
  AVERAGE         56                        52      4       54

PRECIPITATION (IN)
  YESTERDAY        0.02          0.59 1999   0.11  -0.09     0.00
  MONTH TO DATE    1.27                      2.55  -1.28     3.34
  SINCE MAR 1      2.28                      5.03  -2.75     6.39
  SINCE JAN 1      8.30                      8.20   0.10     9.83

DEGREE DAYS
 HEATING
  YESTERDAY        9                        13     -4       11
  MONTH TO DATE  543                       397    146      267
  SINCE MAR 1   1399                      1242    157     1049
  SINCE JUL 1   5701                      5974   -273     4763

 COOLING
  YESTERDAY        0                         0      0        0
  MONTH TO DATE    0                         0      0        6
  SINCE MAR 1      0                         0      0        6
  SINCE JAN 1      0                         0      0        6
..................................................................


WIND (MPH)
  RESULTANT WIND SPEED   8   RESULTANT WIND DIRECTION   E (80)
  HIGHEST WIND SPEED    17   HIGHEST WIND DIRECTION    SE (120)
  HIGHEST GUST SPEED    24   HIGHEST GUST DIRECTION    SE (120)
  AVERAGE WIND SPEED     9.0



WEATHER CONDITIONS
 THE FOLLOWING WEATHER WAS RECORDED YESTERDAY.
  LIGHT RAIN
  FOG


..........................................................


THE VALPARAISO CLIMATE NORMALS FOR TODAY
                         NORMAL    RECORD    YEAR
 MAXIMUM TEMPERATURE (F)   63        84      2009
                                             1960
                                             1915
 MINIMUM TEMPERATURE (F)   41        27      2015


SUNRISE AND SUNSET
APRIL 24 2018.........SUNRISE   555 AM CDT   SUNSET   738 PM CDT
APRIL 25 2018.........SUNRISE   553 AM CDT   SUNSET   739 PM CDT


-  INDICATES NEGATIVE NUMBERS.
R  INDICATES RECORD WAS SET OR TIED.
MM INDICATES DATA IS MISSING.
T  INDICATES TRACE AMOUNT.




$$
