000
CDUS43 KLBF 222242
CLIVTN


CLIMATE REPORT
NATIONAL WEATHER SERVICE NORTH PLATTE
540 PM CDT TUE MAY 22 2018


...................................

...THE VALENTINE NE CLIMATE SUMMARY FOR MAY 22 2018...
VALID TODAY AS OF 0500 PM LOCAL TIME.

CLIMATE NORMAL PERIOD 1981 TO 2010
CLIMATE RECORD PERIOD 1885 TO 2018


WEATHER ITEM   OBSERVED TIME   RECORD YEAR NORMAL DEPARTURE LAST
                VALUE   (LST)  VALUE       VALUE  FROM      YEAR
                                                  NORMAL
..................................................................
TEMPERATURE (F)
 TODAY
  MAXIMUM         85    333 PM  95    2010  73     12       66
  MINIMUM         54    458 AM  26    1963  47      7       42
  AVERAGE         70                        60     10       54

PRECIPITATION (IN)
  TODAY            0.00          3.87 2016   0.11  -0.11     0.04
  MONTH TO DATE    3.39                      2.14   1.25     4.98
  SINCE MAR 1      6.75                      5.43   1.32     7.10
  SINCE JAN 1      8.02                      6.17   1.85     9.17

SNOWFALL (IN)
  TODAY            0.0           0.0    MM   0.0    0.0      0.0
  MONTH TO DATE    0.0                       0.1   -0.1      0.0
  SINCE MAR 1     25.8                      11.2   14.6      2.7
  SINCE JUL 1     45.5                      33.3   12.2     44.5
  SNOW DEPTH       0

DEGREE DAYS
 HEATING
  TODAY            0                         7     -7       11
  MONTH TO DATE  115                       213    -98      187
  SINCE MAR 1   1717                      1660     57     1407
  SINCE JUL 1   6810                      6896    -86     6166

 COOLING
  TODAY            5                         1      4        0
  MONTH TO DATE   27                        19      8       21
  SINCE MAR 1     30                        23      7       23
  SINCE JAN 1     30                        23      7       23
..................................................................


WIND (MPH)
  HIGHEST WIND SPEED    17   HIGHEST WIND DIRECTION    SE (120)
  HIGHEST GUST SPEED    26   HIGHEST GUST DIRECTION    SE (130)
  AVERAGE WIND SPEED     7.2


SKY COVER
  POSSIBLE SUNSHINE  MM
  AVERAGE SKY COVER 0.1


WEATHER CONDITIONS
 THE FOLLOWING WEATHER WAS RECORDED TODAY.
  FOG


RELATIVE HUMIDITY (PERCENT)
 HIGHEST   100           600 AM
 LOWEST     48           300 PM
 AVERAGE    74

..........................................................


THE VALENTINE NE CLIMATE NORMALS FOR TOMORROW
                         NORMAL    RECORD    YEAR
 MAXIMUM TEMPERATURE (F)   73        99      1989
 MINIMUM TEMPERATURE (F)   47        28      2002


SUNRISE AND SUNSET
MAY 22 2018...........SUNRISE   613 AM CDT   SUNSET   905 PM CDT
MAY 23 2018...........SUNRISE   612 AM CDT   SUNSET   906 PM CDT


-  INDICATES NEGATIVE NUMBERS.
R  INDICATES RECORD WAS SET OR TIED.
MM INDICATES DATA IS MISSING.
T  INDICATES TRACE AMOUNT.




$$
