000
CDUS46 KPQR 230226
CLIVUO


CLIMATE REPORT
NATIONAL WEATHER SERVICE PORTLAND OREGON
725 PM PDT TUE MAY 22 2018


...................................

...THE VANCOUVER WA CLIMATE SUMMARY FOR MAY 22 2018...
VALID TODAY AS OF 0700 PM LOCAL TIME.

CLIMATE NORMAL PERIOD 1981 TO 2010
CLIMATE RECORD PERIOD 1891 TO 2018


WEATHER ITEM   OBSERVED TIME   RECORD YEAR NORMAL DEPARTURE LAST
                VALUE   (LST)  VALUE       VALUE  FROM      YEAR
                                                  NORMAL
..................................................................
TEMPERATURE (F)
 TODAY
  MAXIMUM         85    448 PM  95    2001  69     16       92
  MINIMUM         49    446 AM  35    1986  50     -1       53
  AVERAGE         67                        60      7       73

PRECIPITATION (IN)
  TODAY            0.00                      0.07  -0.07     0.00
  MONTH TO DATE    0.11                      1.87  -1.76     1.78
  SINCE OCT 1     27.91                     33.73  -5.82    47.63
  SINCE JAN 1     13.72                     17.98  -4.26    27.77

DEGREE DAYS
 HEATING
  TODAY            0                                         0
  MONTH TO DATE   79                                       176
  SINCE MAR 1   1021                                      1108
  SINCE JUL 1   4054                                      4408

 COOLING
  TODAY            2                                         8
  MONTH TO DATE   15                                        22
  SINCE MAR 1     18                                        22
  SINCE JAN 1     18                                        22
..................................................................


WIND (MPH)
  HIGHEST WIND SPEED    14   HIGHEST WIND DIRECTION    NW (310)
  HIGHEST GUST SPEED    22   HIGHEST GUST DIRECTION     N (360)
  AVERAGE WIND SPEED     4.8


SKY COVER
  POSSIBLE SUNSHINE  MM
  AVERAGE SKY COVER 0.0


WEATHER CONDITIONS
 THE FOLLOWING WEATHER WAS RECORDED TODAY.
  NO SIGNIFICANT WEATHER WAS OBSERVED.


RELATIVE HUMIDITY (PERCENT)
 HIGHEST    96           100 AM
 LOWEST     34           500 PM
 AVERAGE    65

..........................................................


THE VANCOUVER WA CLIMATE NORMALS FOR TOMORROW
                         NORMAL    RECORD    YEAR
 MAXIMUM TEMPERATURE (F)   70        92      1947
 MINIMUM TEMPERATURE (F)   50        36      1978


SUNRISE AND SUNSET
MAY 22 2018...........SUNRISE   532 AM PDT   SUNSET   843 PM PDT
MAY 23 2018...........SUNRISE   531 AM PDT   SUNSET   844 PM PDT


-  INDICATES NEGATIVE NUMBERS.
R  INDICATES RECORD WAS SET OR TIED.
MM INDICATES DATA IS MISSING.
T  INDICATES TRACE AMOUNT.




$$
