000
CDUS45 KLKN 190948
CLIWMC


CLIMATE REPORT
NATIONAL WEATHER SERVICE ELKO NV
248 AM PDT THU APR 19 2018


...................................

...THE WINNEMUCCA AIRPORT NV CLIMATE SUMMARY FOR APRIL 18 2018...

CLIMATE NORMAL PERIOD 1981 TO 2010
CLIMATE RECORD PERIOD 1877 TO 2018


WEATHER ITEM   OBSERVED TIME   RECORD YEAR NORMAL DEPARTURE LAST
                VALUE   (LST)  VALUE       VALUE  FROM      YEAR
                                                  NORMAL
..................................................................
TEMPERATURE (F)
 YESTERDAY
  MAXIMUM         58   1135 AM  84    1994  63     -5       56
  MINIMUM         32    143 AM  13    2013  31      1       43
                                      1970
                                      1959
  AVERAGE         45                        47     -2       50

PRECIPITATION (IN)
  YESTERDAY        0.01          0.90 1913   0.03  -0.02     0.04
  MONTH TO DATE    1.34                      0.52   0.82     0.66
  SINCE OCT 1      5.65                      5.36   0.29     9.07
  SINCE JAN 1      4.31                      2.88   1.43     4.53

SNOWFALL (IN)
  YESTERDAY        0.0           4.3  2007   0.0    0.0      0.0
  MONTH TO DATE    T                         1.1   -1.1       T
  SINCE MAR 1     15.2                       4.3   10.9      2.2
  SINCE JUL 1     26.4                      20.3    6.1     18.3
  SNOW DEPTH       0

DEGREE DAYS
 HEATING
  YESTERDAY       20                        18      2       15
  MONTH TO DATE  310                       357    -47      340
  SINCE MAR 1   1088                      1096     -8      966
  SINCE JUL 1   5327                      5685   -358     5405

 COOLING
  YESTERDAY        0                         0      0        0
  MONTH TO DATE    0                         0      0        0
  SINCE MAR 1      0                         0      0        0
  SINCE JAN 1      0                         0      0        0
..................................................................


WIND (MPH)
  HIGHEST WIND SPEED    24   HIGHEST WIND DIRECTION     W (270)
  HIGHEST GUST SPEED    31   HIGHEST GUST DIRECTION     W (270)
  AVERAGE WIND SPEED    11.2



WEATHER CONDITIONS
 THE FOLLOWING WEATHER WAS RECORDED YESTERDAY.
  NO SIGNIFICANT WEATHER WAS OBSERVED.


RELATIVE HUMIDITY (PERCENT)
 HIGHEST    85          1000 PM
 LOWEST     22           200 PM
 AVERAGE    54

..........................................................


THE WINNEMUCCA AIRPORT NV CLIMATE NORMALS FOR TODAY
                         NORMAL    RECORD    YEAR
 MAXIMUM TEMPERATURE (F)   63        85      1934
 MINIMUM TEMPERATURE (F)   31        16      1979
                                             1966


SUNRISE AND SUNSET
APRIL 19 2018.........SUNRISE   606 AM PDT   SUNSET   735 PM PDT
APRIL 20 2018.........SUNRISE   605 AM PDT   SUNSET   736 PM PDT


-  INDICATES NEGATIVE NUMBERS.
R  INDICATES RECORD WAS SET OR TIED.
MM INDICATES DATA IS MISSING.
T  INDICATES TRACE AMOUNT.




$$
