000
CDUS46 KPDT 251118
CLIYKM

CLIMATE REPORT
NATIONAL WEATHER SERVICE PENDLETON OR
153 AM PDT WED APR 25 2018


...................................

...THE YAKIMA WA CLIMATE SUMMARY FOR APRIL 24 2018...

CLIMATE NORMAL PERIOD 1981 TO 2010
CLIMATE RECORD PERIOD 1946 TO 2018


WEATHER ITEM   OBSERVED TIME   RECORD YEAR NORMAL DEPARTURE LAST
                VALUE   (LST)  VALUE       VALUE  FROM      YEAR
                                                  NORMAL
..................................................................
TEMPERATURE (F)
 YESTERDAY
  MAXIMUM         76    411 PM  92    1977  66     10       60
  MINIMUM         34    425 AM  24    2002  36     -2       45
                                      2000
                                      1986
  AVERAGE         55                        51      4       53

PRECIPITATION (IN)
  YESTERDAY        0.00          1.10 1974   0.02  -0.02      T
  MONTH TO DATE    0.75                      0.43   0.32     1.29
  SINCE OCT 1      4.51                      6.09  -1.58    10.75
  SINCE JAN 1      2.22                      2.97  -0.75     6.83

SNOWFALL (IN)
  YESTERDAY        0.0           0.0  2002   0.0    0.0      0.0
                                      2001
                                      2000
  MONTH TO DATE    0.0                       0.0    0.0      0.0
  SINCE JAN 1      0.8                       8.6   -7.8     29.1
  SINCE JUL 1      2.4                      21.6  -19.2     36.5
  SNOW DEPTH       0

DEGREE DAYS
 HEATING
  YESTERDAY       10                        14     -4       12
  MONTH TO DATE  348                       397    -49      358
  SINCE MAR 1    976                      1074    -98      948
  SINCE JUL 1   4742                      5601   -859     5377

 COOLING
  YESTERDAY        0                         0      0        0
  MONTH TO DATE    0                         0      0        0
  SINCE MAR 1      0                         0      0        0
  SINCE JAN 1      0                         0      0        0
..................................................................


WIND (MPH)
  HIGHEST WIND SPEED    12   HIGHEST WIND DIRECTION    NE (50)
  HIGHEST GUST SPEED    16   HIGHEST GUST DIRECTION    NE (50)
  AVERAGE WIND SPEED     5.9


SKY COVER
  POSSIBLE SUNSHINE  MM
  AVERAGE SKY COVER 0.0


WEATHER CONDITIONS
 THE FOLLOWING WEATHER WAS RECORDED YESTERDAY.
  NO SIGNIFICANT WEATHER WAS OBSERVED.


RELATIVE HUMIDITY (PERCENT)
 HIGHEST    75           400 AM
 LOWEST     17           200 PM
 AVERAGE    46

..........................................................


THE YAKIMA WA CLIMATE NORMALS FOR TODAY
                         NORMAL    RECORD    YEAR
 MAXIMUM TEMPERATURE (F)   66        86      1952
 MINIMUM TEMPERATURE (F)   36        25      1955


SUNRISE AND SUNSET
APRIL 25 2018.........SUNRISE   557 AM PDT   SUNSET   804 PM PDT
APRIL 26 2018.........SUNRISE   556 AM PDT   SUNSET   805 PM PDT


-  INDICATES NEGATIVE NUMBERS.
R  INDICATES RECORD WAS SET OR TIED.
MM INDICATES DATA IS MISSING.
T  INDICATES TRACE AMOUNT.




$$
