000
CDUS41 KCLE 270545
CLIYNG


CLIMATE REPORT
NATIONAL WEATHER SERVICE CLEVELAND OH
145 AM EDT FRI APR 27 2018


...................................

...THE YOUNGSTOWN OH CLIMATE SUMMARY FOR APRIL 26 2018...

CLIMATE NORMAL PERIOD 1981 TO 2010
CLIMATE RECORD PERIOD 1897 TO 2018


WEATHER ITEM   OBSERVED TIME   RECORD YEAR NORMAL DEPARTURE LAST
                VALUE   (LST)  VALUE       VALUE  FROM      YEAR
                                                  NORMAL
..................................................................
TEMPERATURE (F)
 YESTERDAY
  MAXIMUM         61    544 PM  86    2009  63     -2       78
                                      1990
                                      1948
  MINIMUM         35    609 AM  25    1972  41     -6       49
  AVERAGE         48                        52     -4       64

PRECIPITATION (IN)
  YESTERDAY        0.00                      0.10  -0.10     0.00
  MONTH TO DATE    4.27                      2.93   1.34     2.20
  SINCE MAR 1      8.72                      5.87   2.85     7.24
  SINCE JAN 1     16.93                     10.57   6.36    15.12

SNOWFALL (IN)
  YESTERDAY        0.0                       0.0    0.0      0.0
  MONTH TO DATE    7.6                       2.9    4.7      2.0
  SINCE MAR 1     23.2                      13.8    9.4     22.1
  SINCE JUL 1     81.3                      62.6   18.7     69.5
  SNOW DEPTH       0

DEGREE DAYS
 HEATING
  YESTERDAY       17                        13      4        1
  MONTH TO DATE  561                       452    109      290
  SINCE MAR 1   1537                      1328    209     1160
  SINCE JUL 1   5852                      5976   -124     4944

 COOLING
  YESTERDAY        0                         0      0        0
  MONTH TO DATE    2                         0      2       14
  SINCE MAR 1      2                         1      1       14
  SINCE JAN 1      4                         1      3       14
..................................................................


WIND (MPH)
  HIGHEST WIND SPEED    14   HIGHEST WIND DIRECTION    NW (320)
  HIGHEST GUST SPEED    19   HIGHEST GUST DIRECTION    NW (310)
  AVERAGE WIND SPEED     5.4


SKY COVER
  POSSIBLE SUNSHINE  MM
  AVERAGE SKY COVER 0.6


WEATHER CONDITIONS
 THE FOLLOWING WEATHER WAS RECORDED YESTERDAY.
  NO SIGNIFICANT WEATHER WAS OBSERVED.


RELATIVE HUMIDITY (PERCENT)
 HIGHEST    92           300 AM
 LOWEST     36           600 PM
 AVERAGE    64

..........................................................


THE YOUNGSTOWN OH CLIMATE NORMALS FOR TODAY
                         NORMAL    RECORD    YEAR
 MAXIMUM TEMPERATURE (F)   64        90      1942
 MINIMUM TEMPERATURE (F)   42        24      1993


SUNRISE AND SUNSET
APRIL 27 2018.........SUNRISE   626 AM EDT   SUNSET   816 PM EDT
APRIL 28 2018.........SUNRISE   624 AM EDT   SUNSET   817 PM EDT


-  INDICATES NEGATIVE NUMBERS.
R  INDICATES RECORD WAS SET OR TIED.
MM INDICATES DATA IS MISSING.
T  INDICATES TRACE AMOUNT.




$$
