209
CDUS41 KPBZ 201222
CLIZZV


CLIMATE REPORT
NATIONAL WEATHER SERVICE PITTSBURGH PA
821 AM EDT FRI APR 20 2018


...................................

...THE ZANESVILLE OH CLIMATE SUMMARY FOR APRIL 20 2018...
VALID AS OF 0800 AM LOCAL TIME.

CLIMATE NORMAL PERIOD 1981 TO 2010
CLIMATE RECORD PERIOD 1895 TO 2018


WEATHER ITEM   OBSERVED TIME   RECORD YEAR NORMAL DEPARTURE LAST
                VALUE   (LST)  VALUE       VALUE  FROM      YEAR
                                                  NORMAL
..................................................................
TEMPERATURE (F)
 TODAY
  MAXIMUM         39   1209 AM  88    1941
  MINIMUM         26    556 AM  21    1897  41    -15       58

PRECIPITATION (IN)
  TODAY            0.00          1.65 1901   0.12  -0.12     0.22
  MONTH TO DATE    4.23                      2.30   1.93     1.73
  SINCE JUN 1     37.68                     32.53   5.15    30.85
  SINCE JAN 1     14.82                     10.13   4.69    12.23

DEGREE DAYS
 HEATING
  TODAY           32

 COOLING
  TODAY            0
..................................................................







THE ZANESVILLE OH CLIMATE NORMALS FOR TOMORROW
                         NORMAL    RECORD    YEAR
 MAXIMUM TEMPERATURE (F)   65        88      1985
 MINIMUM TEMPERATURE (F)   42        22      1953


SUNRISE AND SUNSET
APRIL 20 2018.........SUNRISE   642 AM EDT   SUNSET   811 PM EDT
APRIL 21 2018.........SUNRISE   641 AM EDT   SUNSET   812 PM EDT


-  INDICATES NEGATIVE NUMBERS.
R  INDICATES RECORD WAS SET OR TIED.
MM INDICATES DATA IS MISSING.
T  INDICATES TRACE AMOUNT.




$$
