000
CXUS54 KEWX 012229
CLMATT

CLIMATE REPORT
NATIONAL WEATHER SERVICE AUSTIN/SAN ANTONIO, TX
529 PM CDT SUN APR 1 2018

...................................

...THE AUSTIN CAMP MABRY CLIMATE SUMMARY FOR THE MONTH OF MARCH 2018...

CLIMATE NORMAL PERIOD 1981 TO 2010
CLIMATE RECORD PERIOD 1897 TO 2018

WEATHER         OBSERVED          NORMAL  DEPART  LAST YEAR`S
                 VALUE   DATE(S)  VALUE   FROM    VALUE  DATE(S)
                                          NORMAL
................................................................
TEMPERATURE (F)
HIGHEST            90   03/10                         86  03/31
                                                          03/28
                                                          03/27
LOWEST             41   03/14                         40  03/14
                                                          03/03
AVG. MAXIMUM     78.0              72.2     5.8     78.6
AVG. MINIMUM     56.0              51.3     4.7     58.5
MEAN             67.0              61.7     5.3     68.6
DAYS MAX >= 90      1                                  0
DAYS MAX <= 32      0                                  0
DAYS MIN <= 32      0                                  0
DAYS MIN <= 0       0                                  0

PRECIPITATION (INCHES)
TOTALS           3.74              2.76    0.98     2.48
DAILY AVG.       0.12              0.09    0.03     0.08
DAYS >= .01         6                                  8
DAYS >= .10         3                                  4
DAYS >= .50         1                                  3
DAYS >= 1.00        1                                  0
GREATEST
 24 HR. TOTAL    3.44   03/27 TO 03/28

SNOWFALL (INCHES)
TOTALS            0.0               0.0     0.0      0.0
SINCE 7/1         0.4

DEGREE_DAYS
HEATING TOTAL      56               162    -106       53
 SINCE 7/1       1324              1499    -175      831
COOLING TOTAL     126                61      65      172
 SINCE 1/1        168                88      80      289
.................................................................

WIND (MPH)
AVERAGE WIND SPEED              5.8
HIGHEST WIND SPEED/DIRECTION    25/340    DATE  03/01
HIGHEST GUST SPEED/DIRECTION    40/340    DATE  03/01

SKY COVER
POSSIBLE SUNSHINE (PERCENT)   MM
AVERAGE SKY COVER           0.40
NUMBER OF DAYS FAIR           14
NUMBER OF DAYS PC             11
NUMBER OF DAYS CLOUDY          6

AVERAGE RH (PERCENT)     60

WEATHER CONDITIONS. NUMBER OF DAYS WITH
THUNDERSTORM              3    MIXED PRECIP             0
HEAVY RAIN                2    RAIN                     2
LIGHT RAIN               11    FREEZING RAIN            0
LT FREEZING RAIN          1    HAIL                     0
HEAVY SNOW                0    SNOW                     0
LIGHT SNOW                0    SLEET                    0
FOG                      12    FOG W/VIS <= 1/4 MILE    0
HAZE                      4

-  INDICATES NEGATIVE NUMBERS.
R  INDICATES RECORD WAS SET OR TIED.
MM INDICATES DATA IS MISSING.
T  INDICATES TRACE AMOUNT.

MONTHLY CLIMATE SUMMARY:
MARCH 2018 WAS THE 5TH WARMEST AND THE 21ST WETTEST MARCH
SINCE RECORD KEEPING BEGAN.

SEA LEVEL PRESSURE DATA:
HIGHEST SLP 30.39 ON THE 12TH.
LOWEST SLP 29.62 ON THE 10TH.

PRELIMINARY LOCAL CLIMATOLOGICAL DATA (WS FORM: F-6)

                                          STATION:   AUSTIN CAMP MABRY
                                          MONTH:     MARCH
                                          YEAR:      2018
                                          LATITUDE:   30 17 N
                                          LONGITUDE:  97 42 W

  TEMPERATURE IN F:       :PCPN:    SNOW:  WIND      :SUNSHINE: SKY     :PK WND
================================================================================
1   2   3   4   5  6A  6B    7    8   9   10  11  12  13   14  15   16   17  18
                                     12Z  AVG MX 2MIN
DY MAX MIN AVG DEP HDD CDD  WTR  SNW DPTH SPD SPD DIR MIN PSBL S-S WX    SPD DR
================================================================================

 1  72  54  63   5   2   0    T  0.0    0  7.7 25 340   M    M   2        40 340
 2  75  52  64   6   1   0 0.00  0.0    0  3.7  9 140   M    M   1        13 170
 3  72  53  63   5   2   0 0.15  0.0    0  4.6 14 120   M    M   7 18     20 120
 4  81  63  72  13   0   7 0.04  0.0    0  6.9 15 150   M    M   8 1      25 180
 5  85  61  73  14   0   8    T  0.0    0  6.0 16 360   M    M   6        24 350
 6  74  51  63   4   2   0 0.00  0.0    0  5.2 14 360   M    M   1        23 360
 7  69  47  58  -2   7   0 0.00  0.0    0  5.2 15  20   M    M   0        23  20
 8  71  49  60   0   5   0 0.00  0.0    0  5.5 15 160   M    M   0        22 150
 9  73  52  63   3   2   0    T  0.0    0  6.6 14 160   M    M   9        24 150
10  90  65  78  18   0  13 0.00  0.0    0  6.4 14 140   M    M   4        22 170
11  70  55  63   3   2   0 0.00  0.0    0  9.4 23  10   M    M   5        38 350
12  68  46  57  -4   8   0 0.00  0.0    0  6.9 16  10   M    M   0        26  10
13  71  42  57  -4   8   0 0.00  0.0    0  3.8 10  10   M    M   1        17  20
14  72  41  57  -4   8   0 0.00  0.0    0  3.1  9 140   M    M   0        14 150
15  75  50  63   1   2   0 0.00  0.0    0  6.5 14 200   M    M   5        24 190
16  89  63  76  14   0  11    T  0.0    0  3.7  8 300   M    M   5 1      16 190
17  85  67  76  14   0  11 0.01  0.0    0  6.1 14 150   M    M   7 1      23 150
18  84  68  76  14   0  11 0.02  0.0    0  2.9 12 150   M    M   6 13     16 150
19  82  60  71   9   0   6 0.00  0.0    0  7.4 15 300   M    M   2 1      25 300
20  75  49  62  -1   3   0 0.00  0.0    0  5.2 15 340   M    M   0        24  30
21  78  43  61  -2   4   0 0.00  0.0    0  4.7 14 130   M    M   0        20 150
22  81  52  67   4   0   2 0.00  0.0    0  6.9 17 150   M    M   2        29 150
23  81  59  70   6   0   5 0.00  0.0    0  7.4 15 150   M    M   9        28 150
24  84  68  76  12   0  11 0.00  0.0    0  5.8 14 190   M    M   7        23 160
25  77  68  73   9   0   8    T  0.0    0  5.3 14 150   M    M  10 1      22 170
26  88  69  79  15   0  14 0.00  0.0    0  9.1 17 140   M    M   6 1      32 150
27  82  63  73   9   0   8 0.24  0.0    0  8.0 16  10   M    M   9 13     27 150
28  72  58  65   0   0   0 3.28  0.0    0  4.6 15  10   M    M   9 13     28  10
29  86  56  71   6   0   6 0.00  0.0    0  3.7 12  10   M    M   2 1      20 330
30  74  55  65   0   0   0 0.00  0.0    0  4.9 12  20   M    M   0        20  20
31  83  57  70   5   0   5 0.00  0.0    0  6.8 16 160   M    M   4 1      25 210
================================================================================
SM 2419 1736        56 126  3.74     0.0 180.0          M      127
================================================================================
AV 78.0 56.0                               5.8 FASTST   M    M   4    MAX(MPH)
                                 MISC ---->  # 25 340               # 40  340
================================================================================
NOTES:
# LAST OF SEVERAL OCCURRENCES

COLUMN 17 PEAK WIND IN M.P.H.
SYMBOLS USED IN COLUMN 16
1 = FOG OR MIST
2 = FOG REDUCING VISIBILITY
3 = THUNDER
4 = ICE PELLETS
5 = HAIL
6 = FREEZING RAIN OR DRIZZLE
7 = DUSTSTORM OR SANDSTORM:
8 = SMOKE OR HAZE
9 = BLOWING SNOW
X = TORNADO

$$
