254
CXUS53 KGRB 011519
CLMAUW


CLIMATE REPORT
NATIONAL WEATHER SERVICE GREEN BAY
1013 AM CDT FRI JUN 1 2018

...................................

...THE WAUSAU WI CLIMATE SUMMARY FOR THE MONTH OF MAY 2018...

CLIMATE NORMAL PERIOD 1981 TO 2010
CLIMATE RECORD PERIOD 1896 TO 2018

WEATHER         OBSERVED          NORMAL  DEPART  LAST YEAR`S
                 VALUE   DATE(S)  VALUE   FROM    VALUE  DATE(S)
                                          NORMAL
................................................................
TEMPERATURE (F)
RECORD
 HIGH             104   05/31/1934
 LOW               20   05/09/1947
                        05/04/1907
HIGHEST            93   05/28        84       9       79  05/16
                        05/27
LOWEST             35   05/12        31       4       29  05/08
AVG. MAXIMUM     75.6              67.0     8.6     64.0
AVG. MINIMUM     51.0              44.2     6.8     43.4
MEAN             63.3              55.6     7.7     53.7
DAYS MAX >= 90      3               0.1     2.9        0
DAYS MAX <= 32      0               0.0     0.0        0
DAYS MIN <= 32      0               2.0    -2.0        2
DAYS MIN <= 0       0               0.0     0.0        0

PRECIPITATION (INCHES)
RECORD
 MAXIMUM        10.74   1942
 MINIMUM         0.46   1925
TOTALS           3.08              3.48   -0.40     3.88
DAILY AVG.       0.10              0.11   -0.01     0.13
DAYS >= .01        12              12.7    -0.7       16
DAYS >= .10         8               7.5     0.5       10
DAYS >= .50         2               2.3    -0.3
DAYS >= 1.00        0               0.6    -0.6        1
GREATEST
 STORM TOTAL       MM
 (MM/DD(HH))            MM

SNOWFALL (INCHES)
RECORDS
 TOTAL            5.5   1935
 24 HR TOTAL        T   05/14/2016 TO 05/14/2016
                        05/19/2015 TO 05/19/2015
                        05/19/2015 TO 05/14/2005
TOTALS            0.0               0.2    -0.2      0.0
SINCE 7/1        89.2              59.6    29.6     60.5
DAYS >= TRACE       0               0.2    -0.2
DAYS >= 1.0         0               0.1    -0.1        0
GREATEST
 SNOW DEPTH         0   MM                             0  MM
 24 HR TOTAL      0.0   05/31 TO 05/31

DEGREE_DAYS
HEATING TOTAL     131               308    -177      342
 SINCE 7/1       8293              8160     133     7213
COOLING TOTAL      85                17      68        1
 SINCE 1/1         85                19      66        1
.................................................................

WIND (MPH)
AVERAGE WIND SPEED              7.3
HIGHEST WIND SPEED/DIRECTION    26/200    DATE  05/01
HIGHEST GUST SPEED/DIRECTION    36/250    DATE  05/25

SKY COVER
POSSIBLE SUNSHINE (PERCENT)   MM
AVERAGE SKY COVER           0.30
NUMBER OF DAYS FAIR           17
NUMBER OF DAYS PC             11
NUMBER OF DAYS CLOUDY          2

AVERAGE RH (PERCENT)     62

THUNDERSTORM              1     MIXED PRECIP               0
HEAVY RAIN                2     RAIN                       8
LIGHT RAIN               16     FREEZING RAIN              0
LT FREEZING RAIN          0     HAIL                       0
HEAVY SNOW                0     SNOW                       0
LIGHT SNOW                0     SLEET                      0
FOG                      12     FOG W/VIS <= 1/4 MILE      0
HAZE                      2

-  INDICATES NEGATIVE NUMBERS.
R  INDICATES RECORD WAS SET OR TIED.
MM INDICATES DATA IS MISSING.
T  INDICATES TRACE AMOUNT.

$$
