000
CXUS54 KLUB 102022
CLMCDS


CLIMATE REPORT...CORRECTED
NATIONAL WEATHER SERVICE LUBBOCK, TX
316 PM CDT THU MAY 10 2018

...................................

...CORRECTED FOR MISSING WEATHER CONDITIONS...

...THE CHILDRESS CLIMATE SUMMARY FOR THE MONTH OF APRIL 2018...

CLIMATE NORMAL PERIOD 1981 TO 2010
CLIMATE RECORD PERIOD 1893 TO 2018

WEATHER         OBSERVED          NORMAL  DEPART  LAST YEAR`S
                 VALUE   DATE(S)  VALUE   FROM    VALUE  DATE(S)
                                          NORMAL
................................................................
TEMPERATURE (F)
RECORD
 HIGH             106   04/25/2012
 LOW               22   04/02/1936
HIGHEST           102   04/12                         96  04/08
LOWEST             26   04/07                         40  04/30
                                                          04/29
AVG. MAXIMUM     75.3              76.5    -1.2     74.6
AVG. MINIMUM     43.5              48.1    -4.6     50.8
MEAN             59.4              62.3    -2.9     62.7

PRECIPITATION (INCHES)
RECORD
 MAXIMUM           MM   MM
 MINIMUM           MM   MM
TOTALS           0.11              2.12   -2.01     2.53
DAILY AVG.       0.00              0.07   -0.07
DAYS >= .01         3                                 11
DAYS >= .10         0                                  6
DAYS >= .50         0                                  2
DAYS >= 1.00        0                                  0
GREATEST
 24 HR. TOTAL    0.07   04/25 TO 04/25

SNOWFALL (INCHES)
RECORDS
 TOTAL             MM   MM
 24 HR TOTAL       MM
TOTALS              T               0.2    -0.2
SINCE 7/1         1.0               7.0    -6.0
DAYS >= TRACE       1
DAYS >= 1.0         0
GREATEST
 SNOW DEPTH         0   MM
 24 HR TOTAL        T   04/07 TO 04/07

DEGREE_DAYS
HEATING TOTAL     227               153      74      136
 SINCE 7/1       2930              3088    -158
COOLING TOTAL      69                72      -3       77
 SINCE 1/1        109                91      18
.................................................................

WIND (MPH)
AVERAGE WIND SPEED              14.1
HIGHEST WIND SPEED/DIRECTION    44/280    DATE  04/13
HIGHEST GUST SPEED/DIRECTION    52/330    DATE  04/14

SKY COVER
POSSIBLE SUNSHINE (PERCENT)   MM
AVERAGE SKY COVER           0.20
NUMBER OF DAYS FAIR           23
NUMBER OF DAYS PC              5
NUMBER OF DAYS CLOUDY          2

AVERAGE RH (PERCENT)     48

WEATHER CONDITIONS. NUMBER OF DAYS WITH
THUNDERSTORM              4     MIXED PRECIP                0
HEAVY RAIN                0     RAIN                        0
LIGHT RAIN                3     FREEZING RAIN               0
LT FREEZING RAIN          0     HAIL                        0
HEAVY SNOW                0     SNOW                        0
LIGHT SNOW                0     SLEET                       0
FOG                       2     FOG W/VIS <= 1/4 MILE       0
HAZE                      6

-  INDICATES NEGATIVE NUMBERS.
R  INDICATES RECORD WAS SET OR TIED.
MM INDICATES DATA IS MISSING.
T  INDICATES TRACE AMOUNT.

$$
