000
CXUS54 KHGX 011323
CLMCLL

CLIMATE REPORT
NATIONAL WEATHER SERVICE HOUSTON/GALVESTON TX
806 AM CDT SUN APR 1 2018

...................................

...THE COLLEGE STATION CLIMATE SUMMARY FOR THE MONTH OF MARCH 2018...

CLIMATE NORMAL PERIOD 1981 TO 2010
CLIMATE RECORD PERIOD 1902 TO 2018

WEATHER         OBSERVED          NORMAL  DEPART  LAST YEAR`S
                 VALUE   DATE(S)  VALUE   FROM    VALUE  DATE(S)
                                          NORMAL
................................................................
TEMPERATURE (F)
RECORD
 HIGH              96   03/30/1946
 LOW               17   03/05/2002
                        03/05/1989
                        03/03/1943
HIGHEST            85   03/26                         87  03/28
                        03/16
LOWEST             42   03/21                         39  03/14
                        03/14
AVG. MAXIMUM     76.1              71.7     4.4     76.9
AVG. MINIMUM     54.8              51.0     3.8     57.5
MEAN             65.5              61.4     4.1     67.2
DAYS MAX >= 90      0               0.1    -0.1        0
DAYS MAX <= 32      0               0.0     0.0        0
DAYS MIN <= 32      0               0.9    -0.9        0
DAYS MIN <= 0       0               0.0     0.0        0

PRECIPITATION (INCHES)
RECORD
 MAXIMUM         8.66   2012
 MINIMUM         0.29   1971
TOTALS           6.16              3.17    2.99     1.76
DAILY AVG.       0.20              0.10    0.10     0.06
DAYS >= .01         8               8.3    -0.3        8
DAYS >= .10         4               4.9    -0.9        6
DAYS >= .50         2               2.2    -0.2        1
DAYS >= 1.00        1               1.1    -0.1        0
GREATEST
 24 HR. TOTAL    4.52   03/28 TO 03/28

SNOWFALL (INCHES)
RECORDS
 TOTAL            0.1   2008
TOTALS            0.0               0.0     0.0      0.0
SINCE 7/1         5.0                 T     5.0        T
SNOWDEPTH AVG.      0                                  0
DAYS >= 1.0         0               0.0     0.0        0
GREATEST
 SNOW DEPTH         0                                  0
 24 HR TOTAL      0.0   03/31 TO 03/31

DEGREE_DAYS
HEATING TOTAL      80               172     -92       66
 SINCE 7/1       1447              1559    -112      835
COOLING TOTAL     102                59      43      141
 SINCE 1/1        148                87      61      272
.................................................................

WIND (MPH)
AVERAGE WIND SPEED              10.1
HIGHEST WIND SPEED/DIRECTION    31/150    DATE  03/26
HIGHEST GUST SPEED/DIRECTION    39/200    DATE  03/18

SKY COVER
AVERAGE SKY COVER           0.40

AVERAGE RH (PERCENT)     66

WEATHER CONDITIONS. NUMBER OF DAYS WITH
THUNDERSTORM              6     MIXED PRECIP               0
HEAVY RAIN                2     RAIN                      14
LIGHT RAIN               12     FREEZING RAIN              0
LT FREEZING RAIN          0     HAIL                       0
HEAVY SNOW                0     SNOW                       0
LIGHT SNOW                0     SLEET                      0
FOG                      12     FOG W/VIS <= 1/4 MILE      1
HAZE                      2

-  INDICATES NEGATIVE NUMBERS.
R  INDICATES RECORD WAS SET OR TIED.
MM INDICATES DATA IS MISSING.
T  INDICATES TRACE AMOUNT.

$$
