930
CXUS53 KUNR 011626
CLMD07


CLIMATE REPORT
NATIONAL WEATHER SERVICE RAPID CITY SD
1020 AM MDT SUN APR 1 2018

...................................

...THE FAITH SD CLIMATE SUMMARY FOR THE MONTH OF MARCH 2018...

CLIMATE NORMAL PERIOD 1981 TO 2010
CLIMATE RECORD PERIOD 9999 TO 9999

WEATHER         OBSERVED          NORMAL  DEPART  LAST YEAR`S
                 VALUE   DATE(S)  VALUE   FROM    VALUE  DATE(S)
                                          NORMAL
................................................................
TEMPERATURE (F)
HIGHEST            53   03/27                         69  03/05
LOWEST              5   03/08                         -1  03/13
                        03/07
AVG. MAXIMUM     34.2              42.9    -8.7     46.6
AVG. MINIMUM     19.4              22.4    -3.0     24.2
MEAN             26.8              32.6    -5.8     35.4
DAYS MAX >= 90      0                                  0
DAYS MAX <= 32     15                                  6
DAYS MIN <= 32     30                                 22
DAYS MIN <= 0       0                                  1

PRECIPITATION (INCHES)
TOTALS           1.27              0.98    0.29     0.50
DAILY AVG.       0.04              0.03    0.01     0.02
DAYS >= .01        10                                  9
DAYS >= .10         6                                  2
DAYS >= .50         0                                  0
DAYS >= 1.00        0                                  0
GREATEST
 24 HR. TOTAL    0.32   03/16 TO 03/16              0.12

DEGREE_DAYS
HEATING TOTAL    1176              1003     173      910
 SINCE 7/1       7128              6691     437     6261
COOLING TOTAL       0                 0       0        0
 SINCE 1/1          0                 0       0        0
.................................................................

WIND (MPH)
AVERAGE WIND SPEED              13.8
HIGHEST WIND SPEED/DIRECTION    51/300    DATE  03/05
HIGHEST GUST SPEED/DIRECTION    61/300    DATE  03/05

AVERAGE RH (PERCENT)     86


-  INDICATES NEGATIVE NUMBERS.
R  INDICATES RECORD WAS SET OR TIED.
MM INDICATES DATA IS MISSING.
T  INDICATES TRACE AMOUNT.

$$
