000
CXUS53 KTOP 051423
CLMEMP


CLIMATE REPORT
NATIONAL WEATHER SERVICE TOPEKA KS
920 AM CDT SAT MAY 5 2018

...................................

...THE EMPORIA KS CLIMATE SUMMARY FOR THE MONTH OF APRIL 2018...

CLIMATE NORMAL PERIOD 1981 TO 2010
CLIMATE RECORD PERIOD 9999 TO 9999

WEATHER         OBSERVED          NORMAL  DEPART  LAST YEAR`S
                 VALUE   DATE(S)  VALUE   FROM    VALUE
                                          NORMAL
.............................................................
TEMPERATURE (F)
HIGHEST            85   04/12                         82
LOWEST             17R  04/04                         33
AVG. MAXIMUM     62.1              67.8    -5.7     67.9
AVG. MINIMUM     35.2              43.8    -8.6     46.6
MEAN             48.6              55.8    -7.2     57.3
DAYS MAX >= 90      0               0.4    -0.4        0
DAYS MAX <= 32      0               0.0     0.0        0
DAYS MIN <= 32     13               3.1     9.9        0
DAYS MIN <= 0       0               0.0     0.0        0

PRECIPITATION (INCHES)
TOTALS           1.57              3.38   -1.81     6.28
DAILY AVG.       0.05                               0.21
DAYS >= .01         8                                 18
DAYS >= .10         2                                 12
DAYS >= .50         2                                  6
DAYS >= 1.00        0                                  2
GREATEST
 24 HR. TOTAL    0.80   04/21 TO 04/21              1.33

DEGREE_DAYS
HEATING TOTAL     491               297     194      255
 SINCE 7/1       4810              4729      81     3822
COOLING TOTAL       8                21     -13       30
 SINCE 1/1          8                23     -15       42
..............................................................

WIND (MPH)
AVERAGE WIND SPEED              12.8
HIGHEST WIND SPEED/DIRECTION    38/190    DATE  04/13
HIGHEST GUST SPEED/DIRECTION    52/210    DATE  04/11

SKY COVER
POSSIBLE SUNSHINE (PERCENT)   MM
AVERAGE SKY COVER           0.40
NUMBER OF DAYS FAIR           16
NUMBER OF DAYS PC              7
NUMBER OF DAYS CLOUDY          7

AVERAGE RH (PERCENT)     59


-  INDICATES NEGATIVE NUMBERS.
R  INDICATES RECORD WAS SET OR TIED.
MM INDICATES DATA IS MISSING.
T  INDICATES TRACE AMOUNT.

$$
