000
CXUS52 KMFL 011449
CLMFLL


CLIMATE REPORT
NATIONAL WEATHER SERVICE MIAMI, FL
1039 AM EDT SUN APR 1 2018

...................................

...THE FORT LAUDERDALE CLIMATE SUMMARY FOR THE MONTH OF MARCH 2018...

CLIMATE NORMAL PERIOD 1981 TO 2010
CLIMATE RECORD PERIOD 1912 TO 2018

WEATHER         OBSERVED          NORMAL  DEPART  LAST YEAR`S
                 VALUE   DATE(S)  VALUE   FROM    VALUE
                                          NORMAL
.............................................................
TEMPERATURE (F)
RECORD
 HIGH              94   03/24/1948
 LOW               32   03/03/1980
                        03/02/1920
HIGHEST            90   03/20                         87
LOWEST             49   03/15                         51
AVG. MAXIMUM     78.9              79.8    -0.9     79.9
AVG. MINIMUM     61.6              66.0    -4.4     65.5
MEAN             70.2              72.9    -2.7     72.7
DAYS MAX >= 90      1                                  0
DAYS MAX <= 32      0                                  0
DAYS MIN <= 32      0                                  0
DAYS MIN <= 0       0                                  0

PRECIPITATION (INCHES)
RECORD
 MAXIMUM        12.31   1970
 MINIMUM         0.03   2006
TOTALS           1.25              3.36   -2.11     1.50
DAILY AVG.       0.04              0.11   -0.07     0.05
DAYS >= .01         3                                  8
DAYS >= .10         1                                  4
DAYS >= .50         1                                  1
DAYS >= 1.00        1                                  0
GREATEST
 24 HR. TOTAL    1.13   03/12 TO 03/12              0.55

DEGREE_DAYS
HEATING TOTAL      15                 9       6        6
 SINCE 7/1        141               111      30       35
COOLING TOTAL     186               254     -68      253
 SINCE 1/1        610               610       0      709
..............................................................

WIND (MPH)
AVERAGE WIND SPEED              9.8
HIGHEST WIND SPEED/DIRECTION    29/260    DATE  03/20
HIGHEST GUST SPEED/DIRECTION    40/250    DATE  03/20

SKY COVER
POSSIBLE SUNSHINE (PERCENT)   MM
AVERAGE SKY COVER           0.40
NUMBER OF DAYS FAIR           14
NUMBER OF DAYS PC             15
NUMBER OF DAYS CLOUDY          1

AVERAGE RH (PERCENT)     67

WEATHER CONDITIONS. NUMBER OF DAYS WITH
  0
  0
  0
  0
  0
  0
  0
HAZE                      1

-  INDICATES NEGATIVE NUMBERS.
R  INDICATES RECORD WAS SET OR TIED.
MM INDICATES DATA IS MISSING.
T  INDICATES TRACE AMOUNT.

$$
