000
CXUS53 KIND 011512
CLMGEZ


CLIMATE REPORT
NATIONAL WEATHER SERVICE INDIANAPOLIS IN
1107 AM EDT SUN APR 1 2018

...................................

...THE SHELBYVILLE IN CLIMATE SUMMARY FOR THE MONTH OF MARCH 2018...

CLIMATE NORMAL PERIOD 1981 TO 2010
CLIMATE RECORD PERIOD 9999 TO 9999

WEATHER         OBSERVED          NORMAL  DEPART  LAST YEAR`S
                 VALUE   DATE(S)  VALUE   FROM    VALUE  DATE(S)
                                          NORMAL
................................................................
TEMPERATURE (F)
HIGHEST            62   03/19                         78  03/25
                                                          03/24
LOWEST             23   03/18                         19  03/15
                        03/14
                        03/09
AVG. MAXIMUM     48.2              51.7    -3.5     53.7
AVG. MINIMUM     30.7              31.9    -1.2     35.7
MEAN             39.4              41.8    -2.4     44.7
DAYS MAX >= 90      0               0.0     0.0        0
DAYS MAX <= 32      1               1.3    -0.3        1
DAYS MIN <= 32     22              16.6     5.4       15
DAYS MIN <= 0       0               0.0     0.0        0

PRECIPITATION (INCHES)
TOTALS           3.73              3.43    0.30     3.68
DAILY AVG.       0.12              0.11    0.01     0.12
DAYS >= .01        13                MM      MM       15
DAYS >= .10         5                MM      MM        8
DAYS >= .50         3                MM      MM        3
DAYS >= 1.00        1                MM      MM        0
GREATEST
 24 HR. TOTAL    1.45   03/29 TO 03/29

DEGREE_DAYS
HEATING TOTAL     785               720      65      624
 SINCE 7/1       4693              4883    -190     3807
COOLING TOTAL       0                 1      -1        4
 SINCE 1/1          5                 1       4        4
.................................................................

WIND (MPH)
AVERAGE WIND SPEED              10.6
HIGHEST WIND SPEED/DIRECTION    32/210    DATE  03/31
HIGHEST GUST SPEED/DIRECTION    41/230    DATE  03/06

SKY COVER
POSSIBLE SUNSHINE (PERCENT)   MM
AVERAGE SKY COVER           0.50
NUMBER OF DAYS FAIR           12
NUMBER OF DAYS PC             10
NUMBER OF DAYS CLOUDY          9

AVERAGE RH (PERCENT)     63

WEATHER CONDITIONS. NUMBER OF DAYS WITH
THUNDERSTORM              0     MIXED PRECIP               0
HEAVY RAIN                3     RAIN                       3
LIGHT RAIN               12     FREEZING RAIN              0
LT FREEZING RAIN          1     HAIL                       0
HEAVY SNOW                1     SNOW                       2
LIGHT SNOW                7     SLEET                      0
FOG                      12     FOG W/VIS <= 1/4 MILE      2
HAZE                      2

-  INDICATES NEGATIVE NUMBERS.
R  INDICATES RECORD WAS SET OR TIED.
MM INDICATES DATA IS MISSING.
T  INDICATES TRACE AMOUNT.

$$
