000
CXUS53 KTOP 051423
CLMLWC


CLIMATE REPORT
NATIONAL WEATHER SERVICE TOPEKA KS
920 AM CDT SAT MAY 5 2018

...................................

...THE LAWRENCE KS CLIMATE SUMMARY FOR THE MONTH OF APRIL 2018...

CLIMATE NORMAL PERIOD 1981 TO 2010
CLIMATE RECORD PERIOD 9999 TO 9999

WEATHER         OBSERVED          NORMAL  DEPART  LAST YEAR`S
                 VALUE   DATE(S)  VALUE   FROM    VALUE
                                          NORMAL
.............................................................
TEMPERATURE (F)
HIGHEST            84   04/30                         82
                        04/13
                        04/12
LOWEST             16R  04/07                         28
AVG. MAXIMUM     61.4              67.1    -5.7     68.1
AVG. MINIMUM     33.7              42.7    -9.0     46.0
MEAN             47.6              54.9    -7.3     57.0
DAYS MAX >= 90      0               0.2    -0.2        0
DAYS MAX <= 32      0               0.0     0.0        0
DAYS MIN <= 32     15               4.5    10.5        1
DAYS MIN <= 0       0               0.0     0.0        0

PRECIPITATION (INCHES)
TOTALS           1.03              3.77   -2.74     6.89
DAILY AVG.       0.03                               0.23
DAYS >= .01         8                                 17
DAYS >= .10         2                                 12
DAYS >= .50         1                                  4
DAYS >= 1.00        0                                  2
GREATEST
 24 HR. TOTAL    0.52   04/25 TO 04/25              1.52

DEGREE_DAYS
HEATING TOTAL     525               323     202      257
 SINCE 7/1       5090              4979     111     4057
COOLING TOTAL       7                20     -13       25
 SINCE 1/1          7                23     -16       32
..............................................................

WIND (MPH)
AVERAGE WIND SPEED              11.1
HIGHEST WIND SPEED/DIRECTION    37/200    DATE  04/13
HIGHEST GUST SPEED/DIRECTION    50/210    DATE  04/13

SKY COVER
POSSIBLE SUNSHINE (PERCENT)   MM
AVERAGE SKY COVER           0.40
NUMBER OF DAYS FAIR           15
NUMBER OF DAYS PC              8
NUMBER OF DAYS CLOUDY          7

AVERAGE RH (PERCENT)     62


-  INDICATES NEGATIVE NUMBERS.
R  INDICATES RECORD WAS SET OR TIED.
MM INDICATES DATA IS MISSING.
T  INDICATES TRACE AMOUNT.

$$
