735
CXUS51 KPBZ 181724
CLMMGW

CLIMATE REPORT
NATIONAL WEATHER SERVICE PITTSBURGH PA
919 AM EDT TUE MAY 1 2018

...................................

...THE MORGANTOWN WV CLIMATE SUMMARY FOR THE MONTH OF APRIL 2018...

CLIMATE NORMAL PERIOD 1981 TO 2010
CLIMATE RECORD PERIOD 1872 TO 2018

WEATHER         OBSERVED          NORMAL  DEPART  LAST YEAR`S
                 VALUE   DATE(S)  VALUE   FROM    VALUE  DATE(S)
                                          NORMAL
................................................................
TEMPERATURE (F)
RECORD
 HIGH              93   04/30/1899
 LOW               20   04/10/2016
HIGHEST            86   04/14        64      22        88  04/30
LOWEST             24   04/08        39     -15        27  04/08
AVG. MAXIMUM     58.6              63.9    -5.3     70.9
AVG. MINIMUM     37.4              41.6    -4.2     47.9
MEAN             48.0              52.7    -4.7     59.4
DAYS MAX >= 90      0               0.0     0.0        0
DAYS MAX <= 32      0               0.1    -0.1        0
DAYS MIN <= 32     13               5.4     7.6        3
DAYS MIN <= 0       0               0.0     0.0        0

PRECIPITATION (INCHES)
RECORD
 MAXIMUM         2.65   04/12/1948

TOTALS           5.68              3.52    2.16
DAILY AVG.       0.19              0.12    0.07
DAYS >= .01        14              13.4     0.6
DAYS >= .10        11               8.5     2.5
DAYS >= .50         4               2.0     2.0
DAYS >= 1.00        1               0.6     0.4
GREATEST
 24 HR. TOTAL    1.83   04/15 TO 04/15

DEGREE_DAYS
HEATING TOTAL     520               382     138
 SINCE 7/1       5004              4983      21
COOLING TOTAL      19                14       5
 SINCE 1/1         24                16       8
.................................................................

WIND (MPH)
AVERAGE WIND SPEED              5.7
HIGHEST WIND SPEED/DIRECTION    24/130    DATE  04/15
HIGHEST GUST SPEED/DIRECTION    39/210    DATE  04/04

AVERAGE RH (PERCENT)     62

WEATHER CONDITIONS. NUMBER OF DAYS WITH
THUNDERSTORM              2     MIXED PRECIP               0
HEAVY RAIN                3     RAIN                       9
LIGHT RAIN               11     FREEZING RAIN              0
LT FREEZING RAIN          0     HAIL                       0
HEAVY SNOW                0     SNOW                       1
LIGHT SNOW               10     SLEET                      0
FOG                      15     FOG W/VIS <= 1/4 MILE      0
HAZE                      5

-  INDICATES NEGATIVE NUMBERS.
R  INDICATES RECORD WAS SET OR TIED.
MM INDICATES DATA IS MISSING.
T  INDICATES TRACE AMOUNT.

$$
