000
CXUS53 KMQT 022257
CLMMQT

ARBCLMMQT 000
TTAA00 KMQT 022256


CLIMATE REPORT
NATIONAL WEATHER SERVICE MARQUETTE MI
654 PM EDT WED MAY 2 2018

...................................

...THE MARQUETTE MI CLIMATE SUMMARY FOR THE MONTH OF APRIL 2018...

CLIMATE NORMAL PERIOD 1981 TO 2010
CLIMATE RECORD PERIOD 1961 TO 2018

WEATHER         OBSERVED          NORMAL  DEPART  LAST YEAR`S
                 VALUE   DATE(S)  VALUE   FROM    VALUE  DATE(S)
                                          NORMAL
................................................................
TEMPERATURE (F)
RECORD
 HIGH              92   04/22/1980
 LOW               -9   04/06/2003
HIGHEST            73   04/30        46      27       71  04/25
LOWEST             -2   04/08        27     -29       14  04/12
AVG. MAXIMUM     39.7              47.8    -8.1     49.8
AVG. MINIMUM     18.6              28.0    -9.4     29.8
MEAN             29.2              37.9    -8.7     39.8
DAYS MAX >= 90      0               0.0     0.0        0
DAYS MAX <= 32     11               2.6     8.4        2
DAYS MIN <= 32     29              21.1     7.9       24
DAYS MIN <= 0       1               0.1     0.9        0

PRECIPITATION (INCHES)
RECORD
 MAXIMUM         6.56   1985
 MINIMUM         0.90   1998
TOTALS           3.28              3.01    0.27     5.40
DAILY AVG.       0.11              0.10    0.01     0.18
DAYS >= .01        11              12.2    -1.2       14
DAYS >= .10         4               6.9    -2.9        9
DAYS >= .50         1               1.7    -0.7        6
DAYS >= 1.00        1               0.6     0.4        1
GREATEST
 24 HR. TOTAL    2.04   04/15 TO 04/15

SNOWFALL (INCHES)
RECORDS
 TOTAL           55.2   2007
                        0
                        0
TOTALS           35.2              14.5    20.7     12.1
SINCE 7/1       175.3             201.8   -26.5    153.1
SNOWDEPTH AVG.     20                11       9        1
DAYS >= 1.0         5               3.3     1.7        2
GREATEST
 SNOW DEPTH        36   04/17                          7  04/12
                                                          04/11
 24 HR TOTAL     15.8   04/15 TO 04/15

DEGREE_DAYS
HEATING TOTAL    1066               815     251      748
 SINCE 7/1       9081              8702     379     7684
COOLING TOTAL       0                 1      -1        0
 SINCE 1/1          0                 1      -1        0
.................................................................

WIND (MPH)
AVERAGE WIND SPEED              MM
HIGHEST WIND SPEED/DIRECTION    MM        DATE   MM
HIGHEST GUST SPEED/DIRECTION    37/360    DATE  04/15

SKY COVER
POSSIBLE SUNSHINE (PERCENT)   MM
AVERAGE SKY COVER             MM
NUMBER OF DAYS FAIR            0
NUMBER OF DAYS PC              0
NUMBER OF DAYS CLOUDY          0

AVERAGE RH (PERCENT)     MM

WEATHER CONDITIONS. NUMBER OF DAYS WITH
THUNDERSTORM              0     MIXED PRECIP               0
HEAVY RAIN                0     RAIN                       0
LIGHT RAIN                2     FREEZING RAIN              0
LT FREEZING RAIN          2     HAIL                       0
HEAVY SNOW                1     SNOW                       3
LIGHT SNOW               14     SLEET                      0
FOG                       1     FOG W/VIS <= 1/4 MILE      0
HAZE                      0

-  INDICATES NEGATIVE NUMBERS.
R  INDICATES RECORD WAS SET OR TIED.
MM INDICATES DATA IS MISSING.
T  INDICATES TRACE AMOUNT.

$$
