467
CXUS53 KOAX 031855
CLMOAX

CLIMATE REPORT
NATIONAL WEATHER SERVICE OMAHA NEBRASKA
1245 PM CDT SUN APR 1 2018

...................................

...THE VALLEY  NWS, NEBRASKA CLIMATE SUMMARY FOR THE MONTH OF MARCH 2018...

CLIMATE NORMAL PERIOD 1981 TO 2010
CLIMATE RECORD PERIOD 1997 TO 2018

WEATHER         OBSERVED          NORMAL  DEPART  LAST YEAR`S
                 VALUE   DATE(S)  VALUE   FROM    VALUE
                                          NORMAL
.............................................................
TEMPERATURE (F)
HIGHEST            66   03/14
LOWEST             18   03/08
AVG. MAXIMUM     48.8              48.6     0.2
AVG. MINIMUM     31.2              28.0     3.2
MEAN             40.0              38.3     1.7
DAYS MAX >= 90      0
DAYS MAX <= 32      2
DAYS MIN <= 32     18
DAYS MIN <= 0       0

PRECIPITATION (INCHES)
TOTALS           2.97
DAYS >= .01        12
DAYS >= .10         9
DAYS >= .50         2
DAYS >= 1.00        0
GREATEST
 24 HR. TOTAL    0.90   03/16

SNOWFALL (INCHES)
TOTALS            2.7                                0.5
 LIQUID EQUIV    0.27
SINCE 7/1        22.6
SNOWDEPTH AVG.      0
DAYS >= TRACE       8
DAYS >= 1.0         1
GREATEST
 SNOW DEPTH         1
 24 HR TOTAL      2.2   03/06

DEGREE DAYS
HEATING TOTAL     767
 SINCE 7/1       5444
COOLING TOTAL       0
 SINCE 1/1          0
..............................................................

WIND (MPH)
HIGHEST GUST SPEED     53


WEATHER CONDITIONS. NUMBER OF DAYS WITH
THUNDERSTORM              2     MIXED PRECIP               0
HEAVY RAIN                2     RAIN                       4
LIGHT RAIN               12     FREEZING RAIN              0
LT FREEZING RAIN          0     HAIL                       0
HEAVY SNOW                1     SNOW                       1
LIGHT SNOW                6     SLEET                      3
FOG                       8     FOG W/VIS <= 1/4 MILE      0
HAZE                      0

-  INDICATES NEGATIVE NUMBERS.
R  INDICATES RECORD WAS SET OR TIED.
MM INDICATES DATA IS MISSING.
T  INDICATES TRACE AMOUNT.
>= INDICATES GREATER THAN OR EQUAL TO.
>= INDICATES LESS THAN OR EQUAL TO.


&&


$$
