000
CXHW52 PHFO 011619
CLMOGG


CLIMATE REPORT
NATIONAL WEATHER SERVICE HONOLULU HI
619 AM HST SUN APR 1 2018

...................................

...THE KAHULUI HI CLIMATE SUMMARY FOR THE MONTH OF MARCH 2018...

CLIMATE NORMAL PERIOD 1981 TO 2010
CLIMATE RECORD PERIOD 1946 TO 2018

WEATHER         OBSERVED          NORMAL  DEPART  LAST YEAR`S
                 VALUE   DATE(S)  VALUE   FROM    VALUE  DATE(S)
                                          NORMAL
................................................................
TEMPERATURE (F)
RECORD
 HIGH              91   03/01/1951
 LOW               51   03/16/2005
HIGHEST            87   03/30        82       5       88  03/14
LOWEST             60   03/10        65      -5       60  03/25
AVG. MAXIMUM     80.6              81.4    -0.8     83.4
AVG. MINIMUM     64.8              64.4     0.4     65.9
MEAN             72.7              72.9    -0.2     74.9
DAYS MAX >= 90      0               0.0     0.0        0
DAYS MAX <= 32      0               0.0     0.0        0
DAYS MIN <= 32      0               0.0     0.0        0
DAYS MIN <= 0       0               0.0     0.0        0

PRECIPITATION (INCHES)
RECORD
 MAXIMUM        10.90   1967
 MINIMUM            T   2010
TOTALS           2.20              2.45   -0.25     4.14
DAILY AVG.       0.07              0.08   -0.01     0.13
DAYS >= .01         7              10.3    -3.3        8
DAYS >= .10         3               4.4    -1.4        6
DAYS >= .50         2               1.6     0.4        3
DAYS >= 1.00        1               0.6     0.4        2
GREATEST
 24 HR. TOTAL    1.24   03/26 TO 03/26              1.51

SNOWFALL (INCHES)
RECORDS
 TOTAL             MM   5
TOTALS            0.0               0.0     0.0      0.0
SINCE 7/1         0.0               0.0     0.0      0.0
SNOWDEPTH AVG.     MM                MM      MM        0
DAYS >= 1.0         0               0.0     0.0        0
GREATEST
 SNOW DEPTH        MM                                  0  MM
 24 HR TOTAL      0.0   03/31 TO 03/31               0.0

DEGREE_DAYS
HEATING TOTAL       0                 0       0        0
 SINCE 7/1          0                 0       0        0
COOLING TOTAL     232               245     -13      245
 SINCE 1/1        677               654      23      716
.................................................................

WIND (MPH)
AVERAGE WIND SPEED              10.0
HIGHEST WIND SPEED/DIRECTION    28/040    DATE  03/05
HIGHEST GUST SPEED/DIRECTION    36/070    DATE  03/21

SKY COVER
POSSIBLE SUNSHINE (PERCENT)   MM
AVERAGE SKY COVER             MM
NUMBER OF DAYS FAIR            0
NUMBER OF DAYS PC              0
NUMBER OF DAYS CLOUDY          0

AVERAGE RH (PERCENT)     MM

WEATHER CONDITIONS. NUMBER OF DAYS WITH
THUNDERSTORM              0     MIXED PRECIP               0
HEAVY RAIN                0     RAIN                       0
LIGHT RAIN                0     FREEZING RAIN              0
LT FREEZING RAIN          0     HAIL                       0
HEAVY SNOW                0     SNOW                       0
LIGHT SNOW                0     SLEET                      0
FOG                       9     FOG W/VIS <= 1/4 MILE      0
HAZE                      4

-  INDICATES NEGATIVE NUMBERS.
R  INDICATES RECORD WAS SET OR TIED.
MM INDICATES DATA IS MISSING.
T  INDICATES TRACE AMOUNT.

$$
