000
CXHW52 PHFO 011625
CLMOGG
CLIMATE REPORT
NATIONAL WEATHER SERVICE HONOLULU HI
625 AM HST FRI MAR 01 2024
...................................
...THE KAHULUI HI CLIMATE SUMMARY FOR THE MONTH OF FEBRUARY 2024...
CLIMATE NORMAL PERIOD 1991 TO 2020
CLIMATE RECORD PERIOD 1954 TO 2024
WEATHER OBSERVED NORMAL DEPART LAST YEAR`S
VALUE DATE(S) VALUE FROM VALUE DATE(S)
NORMAL
................................................................
TEMPERATURE (F)
RECORD
HIGH 90 02/13/2016
LOW 50 02/22/2009
02/02/1987
02/05/1973
HIGHEST 84 02/09 81 3 85 02/21
02/10
LOWEST 56 02/12 63 -7 61 02/19
AVG. MAXIMUM 79.9 82.2 -2.3 80.1
AVG. MINIMUM 62.4 63.8 -1.4 66.0
MEAN 71.2 73.0 -1.8 73.1
DAYS MAX >= 93 0 0
DAYS MAX >= 90 0 0
DAYS MAX <= 80 15 16
DAYS MIN >= 72 0 0
DAYS MIN <= 60 0 0
DAYS MIN <= 55 0 0
PRECIPITATION (INCHES)
RECORD
MAXIMUM 8.31 1972
MINIMUM 0.06 2000
TOTALS 0.70 2.00 -1.30 1.01
DAILY AVG. 0.02 NAN NAN 0.04
DAYS >= .01 7 9.1 -2.1 15
DAYS >= .10 1 3.8 -2.8 4
DAYS >= .50 0 0.9 -0.9 0
DAYS >= 1.00 0 0.4 -0.4 0
GREATEST
24 HR. TOTAL 0.38 02/02 TO 02/02 0.39
DEGREE DAYS
HEATING TOTAL 0 0 0 0
SINCE 7/1 0 0 0 MM
COOLING TOTAL 184 224 -40 233
SINCE 1/1 458 469 -11 MM
................................................................
WIND (MPH)
AVERAGE WIND SPEED 12.3
HIGHEST WIND SPEED/DIRECTION 33/060 DATE 02/05
HIGHEST GUST SPEED/DIRECTION 53/080 DATE 02/05
SKY COVER
POSSIBLE SUNSHINE (PERCENT) MM
AVERAGE SKY COVER 0.43
NUMBER OF DAYS FAIR 11
NUMBER OF DAYS PC 15
NUMBER OF DAYS CLOUDY 3
AVERAGE RH (PERCENT) 70
WEATHER CONDITIONS. NUMBER OF DAYS WITH
THUNDERSTORM MM MIXED PRECIP MM
HEAVY RAIN MM RAIN 3
LIGHT RAIN 10 FREEZING RAIN MM
LT FREEZING RAIN MM HAIL MM
HEAVY SNOW MM SNOW MM
LIGHT SNOW MM SLEET MM
FOG 6 FOG W/VIS <= 1/4 MILE MM
HAZE 3
- INDICATES NEGATIVE NUMBERS.
R INDICATES RECORD WAS SET OR TIED.
MM INDICATES DATA IS MISSING.
T INDICATES TRACE AMOUNT.
$$