747
CXUS55 KRIW 082223 CCA
CLMP60

CLIMATE REPORT
NATIONAL WEATHER SERVICE RIVERTON WY
444 PM MDT WED MAY 2 2018

...PRELIMINARY MONTHLY CLIMATE SUMMARY FOR THE LAKE YELLOWSTONE FOR
THE MONTH OF APRIL 2018...

...OFFICIAL CLIMATE DATA FOR THE MONTH OF APRIL 2018 WILL BE
AVAILABLE APPROXIMATELY IN 60 DAYS FROM THE NATIONAL CENTERS FOR
ENVIRONMENTAL INFORMATION (HTTP://WWW.NCDC.NOAA.GOV/CDO-
WEB/DATASETS). UNOFFICIAL ASOS DAILY SUMMARIES ARE AVAILABLE ON THE
INTERNET AT HTTP://WWW.WEATHER.GOV/CLIMATE/INDEX.PHP?WFO=RIW

...APRIL WAS COLDER AND MUCH WETTER THAN NORMAL FOR
LAKE YELLOWSTONE...

THE AVERAGE TEMPERATURE FOR LAKE YELLOWSTONE IN APRIL WAS 29.2
DEGREES...WHICH WAS 2.1 DEGREES BELOW NORMAL. THIS MAKES IT THE 10TH
COLDEST APRIL ON RECORD SINCE 1998. THE WARMEST READING OF THE MONTH
WAS 62 DEGREES ON THE 28TH...AND THE COLDEST READING WAS 17 BELOW ON
THE 3RD...BREAKING THE PREVIOUS RECORD OF 14 BELOW FROM 2008. ALSO A
RECORD HIGH OF 62 WAS TIED ON THE 28TH FROM 2007.

TOTAL PRECIPITATION FOR THE MONTH WAS 3.95 INCHES...WHICH WAS 190
PERCENT OF NORMAL.  THIS MADE IT THE 2ND WETTEST APRIL ON RECORD
SINCE 1998. THE WETTEST 24 HOUR PERIOD OF THE MONTH WAS THE
2ND WHEN 0.92 INCHES FELL. THIS ALSO BREAKS THE PREVIOUS DAILY
RECORD OF 0.54 SET IN 2007.  THREE OTHER RECORDS WERE ALSO BROKEN
DATE    NEW RECORD       OLD RECORD   DATE
 5TH    0.34 BREAKS      0.28         2013
11TH    0.23 BREAKS      0.12         2006
12TH    0.75 BREAKS      0.32         2014
THE HIGHEST WIND GUST WAS 42 MPH ON THE 7TH.

...THE LAKE YELLOWSTONE WY CLIMATE SUMMARY FOR THE MONTH OF
APRIL 2018...

CLIMATE NORMAL PERIOD 1981 TO 2010
CLIMATE RECORD PERIOD 1998 TO 2018

WEATHER         OBSERVED          NORMAL  DEPART
                 VALUE   DATE(S)  VALUE   FROM
                                          NORMAL
................................................
TEMPERATURE (F)
RECORD
 HIGH              65   04/29/2007
 LOW              -17   04/02/2008
HIGHEST            62   04/28
LOWEST            -17R  04/03
AVG. MAXIMUM     41.8
AVG. MINIMUM     16.7
MEAN             29.2              31.3    -2.1
DAYS MAX >= 90      0
DAYS MAX <= 32      4
DAYS MIN <= 32     30
DAYS MIN <= 0       2

PRECIPITATION (INCHES)
RECORD
 MAXIMUM         4.59   2011
 MINIMUM         0.76   2008
TOTALS           3.95              2.08    1.87
DAILY AVG.       0.13
DAYS >= .01        18
DAYS >= .10        10
DAYS >= .50         2
DAYS >= 1.00        0
GREATEST
 24 HR. TOTAL    0.92   04/02 TO 04/02

DEGREE_DAYS
HEATING TOTAL    1068              1012      56
 SINCE 7/1      10442             10251     191
COOLING TOTAL       0                 0       0
 SINCE 1/1          0                 0       0
.................................................

WIND (MPH)
AVERAGE WIND SPEED              3.1
HIGHEST WIND SPEED/DIRECTION    23/310    DATE  04/07
HIGHEST GUST SPEED/DIRECTION    42/320    DATE  04/07

SKY COVER
POSSIBLE SUNSHINE (PERCENT)   MM
AVERAGE SKY COVER           0.00
NUMBER OF DAYS FAIR           30
NUMBER OF DAYS PC              0
NUMBER OF DAYS CLOUDY          0

AVERAGE RH (PERCENT)     69

WEATHER CONDITIONS. NUMBER OF DAYS WITH
THUNDERSTORM              0     MIXED PRECIP               0
HEAVY RAIN                0     RAIN                       0
LIGHT RAIN               11     FREEZING RAIN              0
LT FREEZING RAIN          0     HAIL                       0
HEAVY SNOW                0     SNOW                       1
LIGHT SNOW               14     SLEET                      0
FOG                       0     FOG W/VIS <= 1/4 MILE      0
HAZE                      0

-  INDICATES NEGATIVE NUMBERS.
R  INDICATES RECORD WAS SET OR TIED.
MM INDICATES DATA IS MISSING.
T  INDICATES TRACE AMOUNT.

LOOKING AHEAD TO MAY 2018...THE AVERAGE HIGH TEMPERATURE ON THE
FIRST OF THE MONTH IS 47 DEGREES...AND THE AVERAGE LOW TEMPERATURE
IS 24. THE AVERAGE HIGH TEMPERATURE BY THE END OF THE MONTH IS 56
DEGREES...AND THE AVERAGE LOW TEMPERATURE IS 32. THE AVERAGE MONTHLY
PRECIPITATION IS 2.27 INCHES.

$$
