000
CXUS53 KARX 010817
CLMRST


CLIMATE REPORT
NATIONAL WEATHER SERVICE LA CROSSE WI
317 AM CDT SUN APR 1 2018

...................................

...THE ROCHESTER MN CLIMATE SUMMARY FOR THE MONTH OF MARCH 2018...

CLIMATE NORMAL PERIOD 1981 TO 2010
CLIMATE RECORD PERIOD 1886 TO 2018

WEATHER         OBSERVED          NORMAL  DEPART  LAST YEAR`S
                 VALUE   DATE(S)  VALUE   FROM    VALUE  DATE(S)
                                          NORMAL
................................................................
TEMPERATURE (F)
RECORD
 HIGH              82   03/24/1910
 LOW              -29   03/11/1948
HIGHEST            49   03/28        MM      MM       63  03/06
LOWEST              5   03/08        MM      MM        1  03/14
AVG. MAXIMUM     38.7              40.5    -1.8     38.3
AVG. MINIMUM     22.4              24.3    -1.9     24.1
MEAN             30.5              32.4    -1.9     31.2
DAYS MAX >= 90      0               0.0     0.0        0
DAYS MAX <= 32      5               6.2    -1.2        8
DAYS MIN <= 32     30              23.4     6.6       20
DAYS MIN <= 0       0               1.3    -1.3        0

PRECIPITATION (INCHES)
RECORD
 MAXIMUM         4.02   1888
 MINIMUM            T   1910
TOTALS           0.91              1.88   -0.97     2.87
DAILY AVG.       0.03              0.06   -0.03     0.09
DAYS >= .01         6              10.2    -4.2       10
DAYS >= .10         2               4.9    -2.9        5
DAYS >= .50         0               1.1    -1.1        2
DAYS >= 1.00        0               0.2    -0.2        0
GREATEST
 24 HR. TOTAL    0.47   03/05 TO 03/05           03/06 TO 03/06
                                                          03/12 TO 03/12EATHER         OBSERVED          NORMAL  DEPART  LAST YEAR`S
                                                          03/12 TO 03/12EATHER         OBSERVED          NORMAL  DEPART  LAST YEAR`S

SNOWFALL (INCHES)
RECORDS
 TOTAL           35.1   1951
 24 HR TOTAL       MM
TOTALS            7.0               8.7    -1.7      8.4
SINCE 7/1        43.2              48.6    -5.4     52.7
SNOWDEPTH AVG.      1                 4      -3        1
DAYS >= TRACE       4               6.0    -2.0        6
DAYS >= 1.0         1               2.5    -1.5        2
GREATEST
 SNOW DEPTH         6   03/08                          7
                        03/07
                        03/06
 24 HR TOTAL      6.3   03/05 TO 03/05               6.4

DEGREE_DAYS
HEATING TOTAL    1061              1011      50     1037
 SINCE 7/1       7030              6872     158     6081
COOLING TOTAL       0                 0       0        0
 SINCE 1/1          0                 0       0        0
.................................................................

WIND (MPH)
AVERAGE WIND SPEED              11.9
HIGHEST WIND SPEED/DIRECTION    43/110    DATE  03/05
HIGHEST GUST SPEED/DIRECTION    60/110    DATE  03/05

SKY COVER
POSSIBLE SUNSHINE (PERCENT)   MM
AVERAGE SKY COVER           0.40
NUMBER OF DAYS FAIR           16
NUMBER OF DAYS PC              9
NUMBER OF DAYS CLOUDY          6

AVERAGE RH (PERCENT)     72

WEATHER CONDITIONS. NUMBER OF DAYS WITH
  0
  1
  0
  0
  1
  0
  1
HAZE                      1

-  INDICATES NEGATIVE NUMBERS.
R  INDICATES RECORD WAS SET OR TIED.
MM INDICATES DATA IS MISSING.
T  INDICATES TRACE AMOUNT.

$$
