000
CXUS52 KTAE 011236
CLMTLH

CLIMATE REPORT
NATIONAL WEATHER SERVICE TALLAHASSEE FL
834 AM EDT SUN APR 1 2018

...................................

...THE TALLAHASSEE CLIMATE SUMMARY FOR THE MONTH OF MARCH 2018...

CLIMATE NORMAL PERIOD 1981 TO 2010
CLIMATE RECORD PERIOD 1896 TO 2018

WEATHER         OBSERVED          NORMAL  DEPART  LAST YEAR`S
                 VALUE   DATE(S)  VALUE   FROM    VALUE  DATE(S)
                                          NORMAL
................................................................
TEMPERATURE (F)
RECORD
 HIGH              91   03/21/2006
                        03/23/1935
                        03/22/1935
 LOW               20   03/02/1986
                        03/03/1980
HIGHEST            84   03/20                         89  03/22
                        03/01
LOWEST             27   03/15                         27  03/16
AVG. MAXIMUM     72.5              73.8    -1.3     76.3
AVG. MINIMUM     45.8              47.1    -1.3     50.0
MEAN             59.1              60.4    -1.3     63.1
DAYS MAX >= 90      0               0.0     0.0        0
DAYS MAX <= 32      0               0.0     0.0        0
DAYS MIN <= 32      3               2.4     0.6        1
DAYS MIN <= 0       0               0.0     0.0        0

PRECIPITATION (INCHES)
RECORD
 MAXIMUM        16.48   1948
 MINIMUM         0.18   1908
TOTALS           6.85              5.94    0.91     1.19
DAILY AVG.       0.22              0.19    0.03     0.04
DAYS >= .01         5               7.9    -2.9        6
DAYS >= .10         5               5.8    -0.8        3
DAYS >= .50         3               3.3    -0.3        1
DAYS >= 1.00        2               2.0     0.0        0
GREATEST
 24 HR. TOTAL    4.21   03/19 TO 03/19

SNOWFALL (INCHES)
RECORDS
 TOTAL              T   1996
TOTALS            0.0
SINCE 7/1         0.1               0.1     0.0      0.0
SNOWDEPTH AVG.      0
DAYS >= 1.0         0               0.0     0.0        0
GREATEST
 SNOW DEPTH         0
 24 HR TOTAL      0.0

DEGREE_DAYS
HEATING TOTAL     212               181      31      128
 SINCE 7/1       1291              1524    -233      776
COOLING TOTAL      39                40      -1       80
 SINCE 1/1        121                54      67      140
.................................................................

WIND (MPH)
AVERAGE WIND SPEED              7.3
HIGHEST WIND SPEED/DIRECTION    35/240    DATE  03/20
HIGHEST GUST SPEED/DIRECTION    44/280    DATE  03/20

SKY COVER
AVERAGE SKY COVER           0.40

AVERAGE RH (PERCENT)     65

WEATHER CONDITIONS. NUMBER OF DAYS WITH
  0
  4
  0
  0
  0
  0
  2
HAZE                      9

-  INDICATES NEGATIVE NUMBERS.
R  INDICATES RECORD WAS SET OR TIED.
MM INDICATES DATA IS MISSING.
T  INDICATES TRACE AMOUNT.

$$
