000
CXUS46 KLOX 012211
CLMWJF


CLIMATE REPORT
NATIONAL WEATHER SERVICE LOS ANGELES/OXNARD CA
311 PM PDT TUE MAY 1 2018

...................................

...THE LANCASTER FOX FIELD CA CLIMATE SUMMARY FOR THE MONTH OF APRIL 2018...

CLIMATE NORMAL PERIOD 1981 TO 2010
CLIMATE RECORD PERIOD 1948 TO 2018

WEATHER         OBSERVED          NORMAL  DEPART  LAST YEAR`S
                 VALUE   DATE(S)  VALUE   FROM    VALUE
                                          NORMAL
.............................................................
TEMPERATURE (F)
HIGHEST            88   04/24
                        04/23
                        04/22
LOWEST             30   04/18
AVG. MAXIMUM     77.1              73.2     3.9
AVG. MINIMUM     47.3              44.9     2.4
MEAN             62.2              59.1     3.1
DAYS MAX >= 90      0
DAYS MAX <= 32      0
DAYS MIN <= 32      1
DAYS MIN <= 0       0

PRECIPITATION (INCHES)
TOTALS           0.09R             0.35   -0.26
DAILY AVG.       0.00
DAYS >= .01         1
DAYS >= .10         0
DAYS >= .50         0
DAYS >= 1.00        0
GREATEST
 24 HR. TOTAL    0.09   04/16 TO 04/16
 STORM TOTAL       MM
 (MM/DD(HH))

DEGREE_DAYS
HEATING TOTAL     121               207     -86      130
 SINCE 7/1       2492              2868    -376     2410
COOLING TOTAL      48                28      20        6
 SINCE 1/1         48                30      18       10
..............................................................

WIND (MPH)
AVERAGE WIND SPEED              15.4
HIGHEST WIND SPEED/DIRECTION    45/260    DATE  04/28
HIGHEST GUST SPEED/DIRECTION    50/260    DATE  04/28

SKY COVER
POSSIBLE SUNSHINE (PERCENT)   MM
AVERAGE SKY COVER           0.00
NUMBER OF DAYS FAIR           30
NUMBER OF DAYS PC              0
NUMBER OF DAYS CLOUDY          0

AVERAGE RH (PERCENT)     40

WEATHER CONDITIONS. NUMBER OF DAYS WITH
  0
  1
  0
  0
  0
  0
  0
HAZE                      7

-  INDICATES NEGATIVE NUMBERS.
R  INDICATES RECORD WAS SET OR TIED.
MM INDICATES DATA IS MISSING.
T  INDICATES TRACE AMOUNT.

$$
