000
CXUS54 KHGX 072354
CF611R
PRELIMINARY LOCAL CLIMATOLOGICAL DATA (WS FORM: F-6)
STATION: BRENHAM
MONTH: JULY
YEAR: 2021
LATITUDE: 30 13 N
LONGITUDE: 96 22 W
TEMPERATURE IN F: :PCPN: SNOW: WIND :SUNSHINE: SKY :PK WND
================================================================================
1 2 3 4 5 6A 6B 7 8 9 10 11 12 13 14 15 16 17 18
12Z AVG MX 2MIN
DY MAX MIN AVG DEP HDD CDD WTR SNW DPTH SPD SPD DIR MIN PSBL S-S WX SPD DR
================================================================================
1 92 74 83 M 0 18 0.00 0.0 M 1.1 5 180 M M 2 1 M M
2 93 76 85 M 0 20 0.00 0.0 0 2.4 12 210 M M 2 1 M M
3 88 75 82 M 0 17 0.34 0.0 0 1.9 8 30 M M 5 13 M M
4 87 74 81 M 0 16 0.31 0.0 0 2.4 8 130 M M 6 12 M M
5 90 73 82 M 0 17 0.12 0.0 0 2.5 14 120 M M 5 1 21 120
6 89 75 82 M 0 17 0.04 0.0 0 3.7 10 130 M M 5 1 M M
7 88 73 81 M 0 16 0.00 0.0 0 2.9 9 160 M M 5 16 110
8 85 75 80 M 0 15 0.93 0.0 0 5.5 12 90 M M 8 23 100
9 82 73 78 M 0 13 0.05 0.0 0 7.2 22 140 M M 8 33 120
10 93 76 85 M 0 20 0.00 0.0 0 6.7 15 190 M M 6 1 20 170
11 92 74 83 M 0 18 0.00 0.0 0 5.5 14 180 M M 4 1 18 180
12 90 73 82 M 0 17 0.00 0.0 0 5.7 14 190 M M 4 28 230
13 92 72 82 M 0 17 0.03 0.0 0 2.3 17 130 M M 3 1 35 150
14 91 71 81 M 0 16 0.00 0.0 0 3.5 12 140 M M 2 3 16 140
15 90 76 83 M 0 18 0.07 0.0 0 5.8 9 200 M M 2 23 200
16 93 77 85 M 0 20 0.12 0.0 0 6.3 12 200 M M 6 1 17 200
17 94 75 85 M 0 20 0.00 0.0 0 4.9 10 160 M M 3 1 18 160
18 94 74 84 M 0 19 0.00 0.0 0 2.7 8 190 M M 2 1 M M
19 93 76 85 M 0 20 0.05 0.0 0 4.0 10 360 M M 3 16 0
20 89 76 83 M 0 18 0.00 0.0 0 4.9 10 360 M M 5 1 16 10
21 92 75 84 M 0 19 0.00 0.0 0 2.8 12 150 M M 2 17 150
22 93 74 84 M 0 19 0.08 0.0 0 4.3 12 210 M M 3 13 24 180
23 95 74 85 M 0 20 0.00 0.0 0 6.1 14 200 M M 3 1 21 180
24 96 78 87 M 0 22 0.00 0.0 0 6.4 10 230 M M 4 M M
25 95 75 85 M 0 20 0.00 0.0 0 4.1 8 160 M M 2 1 M M
26 95 75 85 M 0 20 0.00 0.0 0 3.5 9 240 M M 2 1 M M
27 96 75 86 M 0 21 0.00 0.0 0 2.8 8 130 M M 1 22 130
28 96 74 85 M 0 20 0.00 0.0 0 2.4 9 150 M M 1 M M
29 96 79 88 M 0 23 0.03 0.0 0 2.2 7 140 M M 3 M M
30 96 76 86 M 0 21 0.00 0.0 0 2.3 7 90 M M 2 1 16 90
31 97 75 86 M 0 21 0.00 0.0 0 4.2 8 190 M M 2 M M
================================================================================
SM 2852 2318 0 578 2.17 0.0 123.0 M 111
================================================================================
AV 92.0 74.8 4.0 FASTST M M 4 MAX(MPH)
MISC ----> 22 140 35 150
================================================================================
NOTES:
# LAST OF SEVERAL OCCURRENCES
COLUMN 17 PEAK WIND IN M.P.H.
PRELIMINARY LOCAL CLIMATOLOGICAL DATA (WS FORM: F-6) , PAGE 2
STATION: BRENHAM
MONTH: JULY
YEAR: 2021
LATITUDE: 30 13 N
LONGITUDE: 96 22 W
[TEMPERATURE DATA] [PRECIPITATION DATA] SYMBOLS USED IN COLUMN 16
AVERAGE MONTHLY: 83.4 TOTAL FOR MONTH: 2.17 1 = FOG OR MIST
DPTR FM NORMAL: 31.0 DPTR FM NORMAL: -0.46 2 = FOG REDUCING VISIBILITY
HIGHEST: 97 ON 31 GRTST 24HR 0.93 ON 8- 8 TO 1/4 MILE OR LESS
LOWEST: 71 ON 14 3 = THUNDER
SNOW, ICE PELLETS, HAIL 4 = ICE PELLETS
TOTAL MONTH: 0.0 INCH 5 = HAIL
GRTST 24HR 0.0 6 = FREEZING RAIN OR DRIZZLE
GRTST DEPTH: 0 7 = DUSTSTORM OR SANDSTORM:
VSBY 1/2 MILE OR LESS
8 = SMOKE OR HAZE
[NO. OF DAYS WITH] [WEATHER - DAYS WITH] 9 = BLOWING SNOW
X = TORNADO
MAX 32 OR BELOW: 0 0.01 INCH OR MORE: 12
MAX 90 OR ABOVE: 24 0.10 INCH OR MORE: 5
MIN 32 OR BELOW: 0 0.50 INCH OR MORE: 1
MIN 0 OR BELOW: 0 1.00 INCH OR MORE: 0
[HDD (BASE 65) ]
TOTAL THIS MO. 0 CLEAR (SCALE 0-3) 15
DPTR FM NORMAL M PTCLDY (SCALE 4-7) 16
TOTAL FM JUL 1 0 CLOUDY (SCALE 8-10) 0
DPTR FM NORMAL M
[CDD (BASE 65) ]
TOTAL THIS MO. 578
DPTR FM NORMAL M [PRESSURE DATA]
TOTAL FM JAN 1 1705 HIGHEST SLP M ON M
DPTR FM NORMAL M LOWEST SLP M ON M
[REMARKS]
#FINAL-07-21#