000
CXUS54 KHGX 011510
CF611R
PRELIMINARY LOCAL CLIMATOLOGICAL DATA (WS FORM: F-6)
STATION: BRENHAM
MONTH: DECEMBER
YEAR: 2023
LATITUDE: 30 13 N
LONGITUDE: 96 22 W
TEMPERATURE IN F: :PCPN: SNOW: WIND :SUNSHINE: SKY :PK WND
================================================================================
1 2 3 4 5 6A 6B 7 8 9 10 11 12 13 14 15 16 17 18
12Z AVG MX 2MIN
DY MAX MIN AVG DEP HDD CDD WTR SNW DPTH SPD SPD DIR MIN PSBL S-S WX SPD DR
================================================================================
1 67 56 62 M 3 0 0.01 0.0 0 3.8 13 350 M M 9 12 17 360
2 68 50 59 M 6 0 0.00 0.0 0 3.8 8 330 M M 4 M M
3 74 39 57 M 8 0 0.00 0.0 0 3.8 8 230 M M 0 1 16 200
4 70 43 57 M 8 0 0.00 0.0 0 4.4 16 330 M M 0 23 330
5 73 38 56 M 9 0 0.00 0.0 0 0.2 5 300 M M 0 8 M M
6 69 40 55 M 10 0 0.00 0.0 0 0.8 7 120 M M 0 M M
7 75 42 59 M 6 0 0.00 0.0 0 5.5 14 200 M M 5 22 170
8 82 65 74 M 0 9 0.00 0.0 0 11.0 22 200 M M 9 32 200
9 83 55 69 M 0 4 0.00 0.0 0 12.0 23 340 M M 9 30 340
10 59 33 46 M 19 0 0.00 0.0 0 10.3 21 340 M M 0 29 340
11 67 28 48 M 17 0 0.00 0.0 0 1.7 8 200 M M 0 M M
12 70 37 54 M 11 0 0.00 0.0 0 5.1 12 110 M M 1 16 100
13 64 51 58 M 7 0 0.00 0.0 0 6.1 10 80 M M 8 16 100
14 72 51 62 M 3 0 0.00 0.0 0 4.3 9 120 M M 5 16 120
15 69 56 63 M 2 0 0.10 0.0 0 3.8 13 340 M M 10 M M
16 63 44 54 M 11 0 0.08 0.0 0 9.8 17 340 M M 2 24 350
17 70 36 53 M 12 0 0.00 0.0 0 1.5 8 330 M M 0 M M
18 72 41 57 M 8 0 0.00 0.0 0 5.0 13 360 M M 0 17 340
19 69 35 52 M 13 0 0.00 0.0 0 4.6 10 120 M M 0 M M
20 73 52 63 M 2 0 0.00 0.0 0 6.7 14 140 M M 5 18 130
21 67 60 64 M 1 0 T 0.0 0 5.9 9 120 M M 9 1 M M
22 70 58 64 M 1 0 0.01 0.0 0 0.1 4 130 M M 10 12 M M
23 74 62 68 M 0 3 0.45 0.0 0 5.7 16 150 M M 10 12 21 150
24 69 57 63 M 2 0 0.37 0.0 0 4.7 16 140 M M 6 3 28 170
25 57 43 50 M 15 0 0.00 0.0 0 9.8 16 320 M M 0 24 330
26 58 35 47 M 18 0 0.00 0.0 0 2.7 9 190 M M 2 M M
27 64 35 50 M 15 0 0.00 0.0 0 4.7 14 310 M M 0 1 16 270
28 59 35 47 M 18 0 0.00 0.0 0 3.8 15 310 M M 1 20 310
29 58 35 47 M 18 0 0.00 0.0 0 5.2 12 280 M M 0 3 18 280
30 68 31 50 M 15 0 0.00 0.0 0 1.0 6 200 M M 0 M M
31 74 43 59 M 6 0 0.00 0.0 0 4.4 15 190 M M 1 20 220
================================================================================
SM 2127 1386 264 16 1.02 0.0 152.2 M 106
================================================================================
AV 68.6 44.7 4.9 FASTST M M 3 MAX(MPH)
MISC ----> 23 340 32 200
================================================================================
NOTES:
# LAST OF SEVERAL OCCURRENCES
COLUMN 17 PEAK WIND IN M.P.H.
PRELIMINARY LOCAL CLIMATOLOGICAL DATA (WS FORM: F-6) , PAGE 2
STATION: BRENHAM
MONTH: DECEMBER
YEAR: 2023
LATITUDE: 30 13 N
LONGITUDE: 96 22 W
[TEMPERATURE DATA] [PRECIPITATION DATA] SYMBOLS USED IN COLUMN 16
AVERAGE MONTHLY: 56.7 TOTAL FOR MONTH: 1.02 1 = FOG OR MIST
DPTR FM NORMAL: 4.3 DPTR FM NORMAL: -2.65 2 = FOG REDUCING VISIBILITY
HIGHEST: 83 ON 9 GRTST 24HR 0.45 ON 23-23 TO 1/4 MILE OR LESS
LOWEST: 28 ON 11 3 = THUNDER
SNOW, ICE PELLETS, HAIL 4 = ICE PELLETS
TOTAL MONTH: 0.0 INCH 5 = HAIL
GRTST 24HR 0.0 6 = FREEZING RAIN OR DRIZZLE
GRTST DEPTH: 0 7 = DUSTSTORM OR SANDSTORM:
VSBY 1/2 MILE OR LESS
8 = SMOKE OR HAZE
[NO. OF DAYS WITH] [WEATHER - DAYS WITH] 9 = BLOWING SNOW
X = TORNADO
MAX 32 OR BELOW: 0 0.01 INCH OR MORE: 6
MAX 90 OR ABOVE: 0 0.10 INCH OR MORE: 2
MIN 32 OR BELOW: 2 0.50 INCH OR MORE: 0
MIN 0 OR BELOW: 0 1.00 INCH OR MORE: 0
[HDD (BASE 65) ]
TOTAL THIS MO. 264 CLEAR (SCALE 0-3) 18
DPTR FM NORMAL M PTCLDY (SCALE 4-7) 6
TOTAL FM JUL 1 495 CLOUDY (SCALE 8-10) 7
DPTR FM NORMAL M
[CDD (BASE 65) ]
TOTAL THIS MO. 16
DPTR FM NORMAL M [PRESSURE DATA]
TOTAL FM JAN 1 3488 HIGHEST SLP M ON M
DPTR FM NORMAL M LOWEST SLP M ON M
[REMARKS]
#FINAL-12-23#