000
CXUS51 KBTV 110242
CF61V4
PRELIMINARY LOCAL CLIMATOLOGICAL DATA (WS FORM: F-6)
STATION: SAINT JOHNSBURY VT ASOS
MONTH: APRIL
YEAR: 2021
LATITUDE: 44 25 N
LONGITUDE: 72 1 W
TEMPERATURE IN F: :PCPN: SNOW: WIND :SUNSHINE: SKY :PK WND
================================================================================
1 2 3 4 5 6A 6B 7 8 9 10 11 12 13 14 15 16 17 18
12Z AVG MX 2MIN
DY MAX MIN AVG DEP HDD CDD WTR SNW DPTH SPD SPD DIR MIN PSBL S-S WX SPD DR
================================================================================
1 42 24 33 -3 32 0 0.17 M M M M M M M 0 M M
2 26 20 23 -13 42 0 0.01 M M M M M M M 0 M M
3 45 14 30 -7 35 0 0.00 M M M M M M M 0 M M
4 54 20 37 0 28 0 0.00 M M M M M M M 0 M M
5 52 38 45 7 20 0 0.00 M M M M M M M 0 M M
6 58 37 48 10 17 0 0.00 M M M M M M M 0 M M
7 65 44 55 17 10 0 0.00 M M M M M M M 0 M M
8 72 34 53 14 12 0 0.00 M M M M M M M 0 M M
9 74 38 56 17 9 0 0.00 M M M M M M M 0 M M
10 76 40 58 18 7 0 0.00 M M M M M M M 0 M M
11 72 40 56 16 9 0 0.00 M M M M M M M 0 M M
12 62 37 50 9 15 0 0.00 M M M M M M M 0 M M
13 66 33 50 9 15 0 0.00 M M M M M M M 0 M M
14 70 43 57 15 8 0 0.00 M M M M M M M 0 M M
15 56 37 47 5 18 0 0.43 M M M M M M M 0 M M
16 37 33 35 -8 30 0 0.61 M M M M M M M 0 M M
17 44 32 38 -5 27 0 0.00 M M M M M M M 0 M M
18 55 32 44 0 21 0 0.00 M M M M M M M 0 M M
19 59 29 44 0 21 0 0.05 M M M M M M M 0 M M
20 56 34 45 0 20 0 0.02 M M M M M M M 0 M M
21 38 28 33 -12 32 0 0.57 M M M M M M M 0 M M
22 35 24 30 -16 35 0 0.09 M M M M M M M 0 M M
23 55 34 45 -1 20 0 0.00 M M M M M M M 0 M M
24 69 30 50 4 15 0 0.00 M M M M M M M 0 M M
25 61 37 49 2 16 0 0.02 M M M M M M M 0 M M
26 44 28 36 -11 29 0 0.00 M M M M M M M 0 M M
27 62 24 43 -5 22 0 0.00 M M M M M M M 0 M M
28 65 39 52 4 13 0 0.40 M M M M M M M 0 M M
29 56 49 53 4 12 0 0.45 M M M M M M M 0 M M
30 53 38 46 -3 19 0 1.11 M M M M M M M 0 M M
================================================================================
SM 1679 990 609 0 3.93 M M M 0
================================================================================
AV 56.0 33.0 M FASTST M M 0 MAX(MPH)
MISC ----> M M M M
================================================================================
NOTES:
# LAST OF SEVERAL OCCURRENCES
COLUMN 17 PEAK WIND IN M.P.H.
PRELIMINARY LOCAL CLIMATOLOGICAL DATA (WS FORM: F-6) , PAGE 2
STATION: SAINT JOHNSBURY VT ASOS
MONTH: APRIL
YEAR: 2021
LATITUDE: 44 25 N
LONGITUDE: 72 1 W
[TEMPERATURE DATA] [PRECIPITATION DATA] SYMBOLS USED IN COLUMN 16
AVERAGE MONTHLY: 44.5 TOTAL FOR MONTH: 3.93 1 = FOG OR MIST
DPTR FM NORMAL: 2.0 DPTR FM NORMAL: 0.67 2 = FOG REDUCING VISIBILITY
HIGHEST: 76 ON 10 GRTST 24HR 1.11 ON 30-30 TO 1/4 MILE OR LESS
LOWEST: 14 ON 3 3 = THUNDER
SNOW, ICE PELLETS, HAIL 4 = ICE PELLETS
TOTAL MONTH: M 5 = HAIL
GRTST 24HR M ON M 6 = FREEZING RAIN OR DRIZZLE
GRTST DEPTH: M ON M 7 = DUSTSTORM OR SANDSTORM:
VSBY 1/2 MILE OR LESS
8 = SMOKE OR HAZE
[NO. OF DAYS WITH] [WEATHER - DAYS WITH] 9 = BLOWING SNOW
X = TORNADO
MAX 32 OR BELOW: 1 0.01 INCH OR MORE: 12
MAX 90 OR ABOVE: 0 0.10 INCH OR MORE: 7
MIN 32 OR BELOW: 12 0.50 INCH OR MORE: 3
MIN 0 OR BELOW: 0 1.00 INCH OR MORE: 1
[HDD (BASE 65) ]
TOTAL THIS MO. 609 CLEAR (SCALE 0-3) 30
DPTR FM NORMAL -68 PTCLDY (SCALE 4-7) 0
TOTAL FM JUL 1 6999 CLOUDY (SCALE 8-10) 0
DPTR FM NORMAL -567
[CDD (BASE 65) ]
TOTAL THIS MO. 0
DPTR FM NORMAL -1 [PRESSURE DATA]
TOTAL FM JAN 1 0 HIGHEST SLP M ON M
DPTR FM NORMAL -1 LOWEST SLP M ON M
[REMARKS]
#FINAL-04-21#