000
CXUS55 KBOU 010900
CF633V
PRELIMINARY LOCAL CLIMATOLOGICAL DATA (WS FORM: F-6)
STATION: WALDEN
MONTH: APRIL
YEAR: 2022
LATITUDE: 40 45 N
LONGITUDE: 106 16 W
TEMPERATURE IN F: :PCPN: SNOW: WIND :SUNSHINE: SKY :PK WND
================================================================================
1 2 3 4 5 6A 6B 7 8 9 10 11 12 13 14 15 16 17 18
12Z AVG MX 2MIN
DY MAX MIN AVG DEP HDD CDD WTR SNW DPTH SPD SPD DIR MIN PSBL S-S WX SPD DR
================================================================================
1 37 25 31 M 34 0 M M M 7.6 15 240 M M 2 21 230
2 50 32 41 M 24 0 M M M 12.2 20 220 M M 2 28 230
3 43 21 32 M 33 0 M M M 6.1 15 340 M M 3 17 220
4 50 18 34 M 31 0 M M M 13.1 22 240 M M 2 33 240
5 41 18 30 M 35 0 M M M 21.2 31 320 M M 9 51 300
6 32 16 24 M 41 0 M M M 17.9 28 290 M M 4 37 290
7 43 10 27 M 38 0 M M M 8.1 21 330 M M 0 29 330
8 50 18 34 M 31 0 M M M 6.1 10 160 M M 0 17 240
9 54 28 41 M 24 0 M M M 13.7 33 230 M M 5 48 230
10 30 18 24 M 41 0 M M M 14.0 26 240 M M 5 38 270
11 43 18 31 M 34 0 M M M 14.7 31 220 M M 5 41 220
12 36 12 24 M 41 0 M M M 12.4 22 270 M M 6 35 290
13 21 10 16 M 49 0 M M M 12.3 22 260 M M 8 29 260
14 36 12 24 M 41 0 M M M 14.5 25 250 M M 4 38 250
15 46 28 37 M 28 0 M M M 16.5 35 250 M M 3 44 250
16 54 23 39 M 26 0 M M M 8.9 20 240 M M 5 33 230
17 36 30 33 M 32 0 M M M 4.7 13 210 M M 10 17 210
18 55 18 37 M 28 0 M M M 3.9 12 270 M M 1 20 250
19 61 32 47 M 18 0 M M M M M M M M M M M
20 54 30 42 M 23 0 M M M 13.5 22 260 M M 1 35 270
21 68 28 48 M 17 0 M M M 10.8 26 230 M M 0 32 190
22 66 30 48 M 17 0 M M M 13.2 23 240 M M 3 31 240
23 37 28 33 M 32 0 M M M 12.2 22 240 M M 10 29 230
24 37 21 29 M 36 0 M M M 11.5 20 350 M M 7 23 350
25 41 18 30 M 35 0 M M M 4.8 13 10 M M 4 21 330
26 59 21 40 M 25 0 M M M 11.7 21 230 M M 2 30 200
27 63 30 47 M 18 0 M M M 9.1 22 220 M M 2 35 230
28 61 27 44 M 21 0 M M M 7.8 24 260 M M 1 36 210
29 43 30 37 M 28 0 M M M 14.1 24 300 M M 7 32 240
30 52 23 38 M 27 0 M M M 6.2 13 200 M M 3 18 360
================================================================================
SM 1399 673 908 0 M M 323.0 M 114
================================================================================
AV 46.6 22.4 11.1 FASTST M M 4 MAX(MPH)
MISC ----> 35 250 51 300
================================================================================
NOTES:
# LAST OF SEVERAL OCCURRENCES
COLUMN 17 PEAK WIND IN M.P.H.
PRELIMINARY LOCAL CLIMATOLOGICAL DATA (WS FORM: F-6) , PAGE 2
STATION: WALDEN
MONTH: APRIL
YEAR: 2022
LATITUDE: 40 45 N
LONGITUDE: 106 16 W
[TEMPERATURE DATA] [PRECIPITATION DATA] SYMBOLS USED IN COLUMN 16
AVERAGE MONTHLY: 34.5 TOTAL FOR MONTH: M 1 = FOG OR MIST
DPTR FM NORMAL: 0.0 DPTR FM NORMAL: M 2 = FOG REDUCING VISIBILITY
HIGHEST: 68 ON 21 GRTST 24HR M ON M TO 1/4 MILE OR LESS
LOWEST: 10 ON 7,13 3 = THUNDER
SNOW, ICE PELLETS, HAIL 4 = ICE PELLETS
TOTAL MONTH: M 5 = HAIL
GRTST 24HR M ON M 6 = FREEZING RAIN OR DRIZZLE
GRTST DEPTH: M ON M 7 = DUSTSTORM OR SANDSTORM:
VSBY 1/2 MILE OR LESS
8 = SMOKE OR HAZE
[NO. OF DAYS WITH] [WEATHER - DAYS WITH] 9 = BLOWING SNOW
X = TORNADO
MAX 32 OR BELOW: 3 0.01 INCH OR MORE: 0
MAX 90 OR ABOVE: 0 0.10 INCH OR MORE: 0
MIN 32 OR BELOW: 30 0.50 INCH OR MORE: 0
MIN 0 OR BELOW: 0 1.00 INCH OR MORE: 0
[HDD (BASE 65) ]
TOTAL THIS MO. 908 CLEAR (SCALE 0-3) 12
DPTR FM NORMAL M PTCLDY (SCALE 4-7) 14
TOTAL FM JUL 1 8822 CLOUDY (SCALE 8-10) 4
DPTR FM NORMAL M
[CDD (BASE 65) ]
TOTAL THIS MO. 0
DPTR FM NORMAL M [PRESSURE DATA]
TOTAL FM JAN 1 0 HIGHEST SLP M ON M
DPTR FM NORMAL M LOWEST SLP M ON M
[REMARKS]
#FINAL-04-22#