000
CXUS55 KBOU 012358
CF633V
PRELIMINARY LOCAL CLIMATOLOGICAL DATA (WS FORM: F-6)
STATION: WALDEN
MONTH: SEPTEMBER
YEAR: 2020
LATITUDE: 40 45 N
LONGITUDE: 106 16 W
TEMPERATURE IN F: :PCPN: SNOW: WIND :SUNSHINE: SKY :PK WND
================================================================================
1 2 3 4 5 6A 6B 7 8 9 10 11 12 13 14 15 16 17 18
12Z AVG MX 2MIN
DY MAX MIN AVG DEP HDD CDD WTR SNW DPTH SPD SPD DIR MIN PSBL S-S WX SPD DR
================================================================================
1 61 36 49 M 16 0 M M M 8.4 15 220 M M 3 18 200
2 75 34 55 M 10 0 M M M 7.6 15 270 M M 0 23 270
3 50 41 46 M 19 0 M M M 6.9 9 140 M M 0 M M
4 81 34 58 M 7 0 M M M 5.2 15 340 M M 0 18 340
5 86 34 60 M 5 0 M M M 6.5 16 260 M M 0 23 230
6 82 37 60 M 5 0 M M M 13.0 33 290 M M 0 41 290
7 46 39 43 M 22 0 M M M 7.8 9 130 M M 0 M M
8 32 25 29 M 36 0 M M M 24.6 32 80 M M 9 41 80
9 30 23 27 M 38 0 M M M 1.9 6 360 M M 0 M M
10 54 21 38 M 27 0 M M M 5.0 20 350 M M 6 22 340
11 M M M M M M M M M M M M M M M M M
12 68 34 51 M 14 0 M M M 6.0 12 310 M M 0 16 310
13 54 30 42 M 23 0 M M M 3.7 9 150 M M 0 M M
14 73 37 55 M 10 0 M M M 8.3 13 270 M M 0 18 230
15 75 30 53 M 12 0 M M M 5.5 15 350 M M 0 20 350
16 72 28 50 M 15 0 M M M 4.1 10 140 M M 0 M M
17 73 30 52 M 13 0 M M M 3.7 8 140 M M 0 M M
18 M M M M M M M M M M M M M M M M M
19 M M M M M M M M M M M M M M M M M
20 M M M M M M M M M M M M M M M M M
21 73 39 56 M 9 0 M M M 8.3 15 230 M M 2 24 240
22 70 32 51 M 14 0 M M M 4.9 24 260 M M 4 36 120
23 70 37 54 M 11 0 M M M 8.5 16 280 M M 2 25 250
24 75 30 53 M 12 0 M M M 7.7 18 260 M M 0 22 M
25 75 37 56 M 9 0 M M M 9.9 22 250 M M 1 28 250
26 68 50 59 M 6 0 M M M 16.3 37 260 M M 3 46 260
27 52 34 43 M 22 0 M M M 12.8 23 350 M M 7 31 270
28 52 14 33 M 32 0 M M M 5.8 12 360 M M 0 21 360
29 70 19 45 M 20 0 M M M 5.9 13 130 M M 0 16 260
30 70 25 48 M 17 0 M M M 6.0 17 340 M M 1 22 350
================================================================================
SM 1687 830 424 0 M M 204.3 M 38
================================================================================
AV 64.9 31.9 7.9 FASTST M M 1 MAX(MPH)
MISC ----> 37 260 46 260
================================================================================
NOTES:
# LAST OF SEVERAL OCCURRENCES
COLUMN 17 PEAK WIND IN M.P.H.
PRELIMINARY LOCAL CLIMATOLOGICAL DATA (WS FORM: F-6) , PAGE 2
STATION: WALDEN
MONTH: SEPTEMBER
YEAR: 2020
LATITUDE: 40 45 N
LONGITUDE: 106 16 W
[TEMPERATURE DATA] [PRECIPITATION DATA] SYMBOLS USED IN COLUMN 16
AVERAGE MONTHLY: 48.4 TOTAL FOR MONTH: M 1 = FOG OR MIST
DPTR FM NORMAL: 0.0 DPTR FM NORMAL: M 2 = FOG REDUCING VISIBILITY
HIGHEST: 86 ON 5 GRTST 24HR M ON M TO 1/4 MILE OR LESS
LOWEST: 14 ON 28 3 = THUNDER
SNOW, ICE PELLETS, HAIL 4 = ICE PELLETS
TOTAL MONTH: M 5 = HAIL
GRTST 24HR M ON M 6 = FREEZING RAIN OR DRIZZLE
GRTST DEPTH: M ON M 7 = DUSTSTORM OR SANDSTORM:
VSBY 1/2 MILE OR LESS
8 = SMOKE OR HAZE
[NO. OF DAYS WITH] [WEATHER - DAYS WITH] 9 = BLOWING SNOW
X = TORNADO
MAX 32 OR BELOW: 2 0.01 INCH OR MORE: 0
MAX 90 OR ABOVE: 0 0.10 INCH OR MORE: 0
MIN 32 OR BELOW: 12 0.50 INCH OR MORE: 0
MIN 0 OR BELOW: 0 1.00 INCH OR MORE: 0
[HDD (BASE 65) ]
TOTAL THIS MO. 424 CLEAR (SCALE 0-3) 22
DPTR FM NORMAL M PTCLDY (SCALE 4-7) 3
TOTAL FM JUL 1 727 CLOUDY (SCALE 8-10) 5
DPTR FM NORMAL M
[CDD (BASE 65) ]
TOTAL THIS MO. 0
DPTR FM NORMAL M [PRESSURE DATA]
TOTAL FM JAN 1 11 HIGHEST SLP M ON M
DPTR FM NORMAL M LOWEST SLP M ON M
[REMARKS]
#FINAL-09-20#