000
CXUS53 KABR 011100
CF68D3
PRELIMINARY LOCAL CLIMATOLOGICAL DATA (WS FORM: F-6)
STATION: SISSETON SD
MONTH: MAY
YEAR: 2022
LATITUDE: 45 40 N
LONGITUDE: 96 59 W
TEMPERATURE IN F: :PCPN: SNOW: WIND :SUNSHINE: SKY :PK WND
================================================================================
1 2 3 4 5 6A 6B 7 8 9 10 11 12 13 14 15 16 17 18
12Z AVG MX 2MIN
DY MAX MIN AVG DEP HDD CDD WTR SNW DPTH SPD SPD DIR MIN PSBL S-S WX SPD DR
================================================================================
1 46 38 42 -9 23 0 0.00 0.0 0 21.7 31 320 M M 0 40 320
2 42 37 40 -11 25 0 0.00 0.0 0 12.0 17 330 M M 0 22 340
3 56 38 47 -5 18 0 0.00 0.0 0 5.4 14 30 M M 0 20 50
4 60 37 49 -3 16 0 0.00 0.0 0 4.4 14 140 M M 0 19 160
5 62 43 53 0 12 0 0.00 0.0 0 4.5 16 120 M M 0 24 120
6 68 41 55 2 10 0 0.00 0.0 0 9.6 20 150 M M 0 28 160
7 76 49 63 9 2 0 0.37 0.0 0 20.5 38 150 M M 0 51 150
8 70 56 63 9 2 0 0.03 0.0 0 18.8 46 150 M M 0 58 150
9 72 54 63 9 2 0 1.44 0.0 0 17.1 47 250 M M 0 66 230
10 76 53 65 10 0 0 0.00 0.0 0 5.9 16 290 M M 0 22 290
11 73 51 62 7 3 0 0.00 0.0 0 8.2 21 100 M M 0 27 90
12 71 58 65 9 0 0 0.40 0.0 0 10.7 46 200 M M 0 61 210
13 74 52 63 7 2 0 0.00 0.0 0 19.9 37 250 M M 0 53 240
14 69 51 60 3 5 0 0.00 0.0 0 14.7 31 310 M M 0 43 330
15 75 52 64 7 1 0 0.00 0.0 0 13.8 25 290 M M 0 34 310
16 73 51 62 5 3 0 0.00 0.0 0 7.7 16 70 M M 0 20 360
17 68 51 60 2 5 0 0.10 0.0 0 8.5 18 140 M M 0 23 130
18 79 50 65 7 0 0 0.03 0.0 0 11.1 30 310 M M 0 43 320
19 68 51 60 1 5 0 0.07 0.0 0 9.8 28 320 M M 0 36 310
20 60 44 52 -7 13 0 0.01 0.0 0 15.6 28 330 M M 0 34 330
21 55 40 48 -11 17 0 0.02 0.0 0 8.5 17 340 M M 0 23 340
22 62 37 50 -10 15 0 0.00 0.0 0 9.4 21 250 M M 0 26 240
23 72 37 55 -5 10 0 T 0.0 0 9.8 29 210 M M 0 39 210
24 72 43 58 -2 7 0 0.00 0.0 0 8.6 21 140 M M 0 31 120
25 62 45 54 -7 11 0 0.00 0.0 0 7.4 20 70 M M 0 26 80
26 76 40 58 -3 7 0 0.00 0.0 0 4.2 9 340 M M 0 14 350
27 86 52 69 7 0 4 0.00 0.0 0 5.0 15 250 M M 0 19 230
28 87 57 72 10 0 7 0.02 0.0 0 5.6 20 340 M M 0 26 320
29 85 63 74 12 0 9 0.29 0.0 0 6.0 33 240 M M 0 3 52 230
30 76 57 67 4 0 2 0.99 0.0 0 11.8 37 200 M M 0 50 190
31 63 54 59 -4 6 0 0.00 0.0 0 16.7 29 290 M M 0 43 290
================================================================================
SM 2134 1482 220 22 3.77 0.0 332.9 M 0
================================================================================
AV 68.8 47.8 10.7 FASTST M M 0 MAX(MPH)
MISC ----> 47 250 66 230
================================================================================
NOTES:
# LAST OF SEVERAL OCCURRENCES
COLUMN 17 PEAK WIND IN M.P.H.
PRELIMINARY LOCAL CLIMATOLOGICAL DATA (WS FORM: F-6) , PAGE 2
STATION: SISSETON SD
MONTH: MAY
YEAR: 2022
LATITUDE: 45 40 N
LONGITUDE: 96 59 W
[TEMPERATURE DATA] [PRECIPITATION DATA] SYMBOLS USED IN COLUMN 16
AVERAGE MONTHLY: 58.3 TOTAL FOR MONTH: 3.77 1 = FOG OR MIST
DPTR FM NORMAL: 1.0 DPTR FM NORMAL: 0.98 2 = FOG REDUCING VISIBILITY
HIGHEST: 87 ON 28 GRTST 24HR 1.44 ON 9- 9 TO 1/4 MILE OR LESS
LOWEST: 37 ON 23,22 3 = THUNDER
SNOW, ICE PELLETS, HAIL 4 = ICE PELLETS
TOTAL MONTH: 0.0 INCH 5 = HAIL
GRTST 24HR 0.0 6 = FREEZING RAIN OR DRIZZLE
GRTST DEPTH: 0 7 = DUSTSTORM OR SANDSTORM:
VSBY 1/2 MILE OR LESS
8 = SMOKE OR HAZE
[NO. OF DAYS WITH] [WEATHER - DAYS WITH] 9 = BLOWING SNOW
X = TORNADO
MAX 32 OR BELOW: 0 0.01 INCH OR MORE: 12
MAX 90 OR ABOVE: 0 0.10 INCH OR MORE: 6
MIN 32 OR BELOW: 0 0.50 INCH OR MORE: 2
MIN 0 OR BELOW: 0 1.00 INCH OR MORE: 1
[HDD (BASE 65) ]
TOTAL THIS MO. 220 CLEAR (SCALE 0-3) 31
DPTR FM NORMAL -50 PTCLDY (SCALE 4-7) 0
TOTAL FM JUL 1 7901 CLOUDY (SCALE 8-10) 0
DPTR FM NORMAL -227
[CDD (BASE 65) ]
TOTAL THIS MO. 22
DPTR FM NORMAL -8 [PRESSURE DATA]
TOTAL FM JAN 1 22 HIGHEST SLP 30.34 ON 22
DPTR FM NORMAL -9 LOWEST SLP 29.16 ON 9
[REMARKS]
#FINAL-05-22#