000
CXUS54 KSJT 011438
CLMABI
CLIMATE REPORT
NATIONAL WEATHER SERVICE SAN ANGELO TX
938 AM CDT WED NOV 01 2023
...................................
...THE ABILENE CLIMATE SUMMARY FOR THE MONTH OF OCTOBER 2023...
CLIMATE NORMAL PERIOD: 1991 TO 2020
CLIMATE RECORD PERIOD: 1886 TO 2023
WEATHER OBSERVED NORMAL DEPART LAST YEAR`S
VALUE DATE(S) VALUE FROM VALUE DATE(S)
NORMAL
................................................................
TEMPERATURE (F)
RECORD
HIGH 103 10/01/1979
LOW 20 10/31/2019
HIGHEST 96 10/04 MM MM 89 10/15
10/21
10/22
LOWEST 31 10/31 MM MM 45 10/18
10/25
AVG. MAXIMUM 80.1 79.3 0.8 80.5
AVG. MINIMUM 56.4 54.7 1.7 55.2
MEAN 68.2 67.0 1.2 67.9
DAYS MAX >= 90 7 2.8 4.2 0
DAYS MAX <= 32 0 0.0 0.0 0
DAYS MIN <= 32 1 0.4 0.6 0
DAYS MIN <= 0 0 0.0 0.0 0
PRECIPITATION (INCHES)
RECORD
MAXIMUM 12.09 2018
MINIMUM 0.00 1952
TOTALS 2.97 2.83 0.14 3.86
DAILY AVG. 0.10 0.09 0.01 0.12
DAYS >= .01 6 6.2 -0.2 7
DAYS >= .10 5 3.9 1.1 7
DAYS >= .50 2 1.6 0.4 3
DAYS >= 1.00 1 0.8 0.2 1
GREATEST
24 HR. TOTAL 1.49 10/25 TO 10/25
SNOWFALL (INCHES)
RECORDS
TOTAL 0.8 2020
TOTALS 0.0 0.0 0.0 0.0
SINCE 7/1 0.0 0.0 0.0 MM
SNOWDEPTH AVG. 0 0
DAYS >= 1.0 0 0.0 0.0 0
GREATEST
SNOW DEPTH 0 0 MM
24 HR TOTAL MM
DEGREE DAYS
HEATING TOTAL 102 84 18 49
SINCE 7/1 102 92 10 MM
COOLING TOTAL 210 146 64 148
SINCE 1/1 3287 2671 616 MM
................................................................
WIND (MPH)
AVERAGE WIND SPEED 10.1
HIGHEST WIND SPEED/DIRECTION 39/340 DATE 10/04
HIGHEST GUST SPEED/DIRECTION 49/330 DATE 10/04
SKY COVER
AVERAGE SKY COVER 0.26
AVERAGE RH (PERCENT) 58
WEATHER CONDITIONS. NUMBER OF DAYS WITH
THUNDERSTORM 3 MIXED PRECIP 0
HEAVY RAIN 3 RAIN 4
LIGHT RAIN 6 FREEZING RAIN 0
LT FREEZING RAIN 0 HAIL 0
HEAVY SNOW 0 SNOW 0
LIGHT SNOW 0 SLEET 0
FOG 6 FOG W/VIS <= 1/4 MILE 1
HAZE 4
- INDICATES NEGATIVE NUMBERS.
R INDICATES RECORD WAS SET OR TIED.
MM INDICATES DATA IS MISSING.
T INDICATES TRACE AMOUNT.
$$