000
CXUS53 KABR 011212
CLMABR
CLIMATE REPORT
NATIONAL WEATHER SERVICE ABERDEEN SD
712 AM CDT THU JUN 01 2023
...................................
...THE ABERDEEN SD CLIMATE SUMMARY FOR THE MONTH OF MAY 2023...
CLIMATE NORMAL PERIOD 1991 TO 2020
CLIMATE RECORD PERIOD 1893 TO 2023
WEATHER OBSERVED NORMAL DEPART LAST YEAR`S
VALUE DATE(S) VALUE FROM VALUE DATE(S)
NORMAL
................................................................
TEMPERATURE (F)
RECORD
HIGH 110 05/30/1934
LOW 13 05/03/2005
HIGHEST 90 05/23 MM MM 86 05/28
05/30
LOWEST 30 05/03 MM MM 30 05/22
AVG. MAXIMUM 78.2 70.4 7.8 69.6
AVG. MINIMUM 49.0 44.3 4.7 44.8
MEAN 63.6 57.3 6.3 57.2
DAYS MAX >= 90 2 0.8 1.2 0
DAYS MAX <= 32 0 0.0 0.0 0
DAYS MIN <= 32 2 2.8 -0.8 3
DAYS MIN <= 0 0 0.0 0.0 0
PRECIPITATION (INCHES)
RECORD
MAXIMUM 12.39 1906
MINIMUM 0.25 1900
TOTALS 1.53 3.28 -1.75 7.00
DAYS >= .01 8 10.4 -2.4 14
DAYS >= .10 4 6.1 -2.1 7
DAYS >= .50 1 1.8 -0.8 4
DAYS >= 1.00 0 0.6 -0.6 2
SNOWFALL (INCHES)
RECORDS
TOTAL 2.0 1943
SNOW DEPTH 2 05/12/1943
TOTALS 0.0 0.0 0.0 T
SINCE 7/1 74.2 42.7 31.5 MM
SNOWDEPTH AVG. 0 0
DAYS >= TRACE 0 0.0 0.0 1
DAYS >= 1.0 0 0.0 0.0 0
GREATEST
SNOW DEPTH 0 0 MM
DEGREE DAYS
HEATING TOTAL 124 268 -144 251
SINCE 7/1 8761 8169 592 MM
COOLING TOTAL 90 31 59 19
SINCE 1/1 90 32 58 MM
FREEZE DATES
RECORD
EARLIEST MM
LATEST MM
EARLIEST 09/28
LATEST 05/22
................................................................
WIND (MPH)
AVERAGE WIND SPEED 10.6
RESULTANT WIND SPEED/DIRECTION 2/110
HIGHEST WIND SPEED/DIRECTION 32/350 DATE 05/01
HIGHEST GUST SPEED/DIRECTION 45/330 DATE 05/01
SKY COVER
POSSIBLE SUNSHINE (PERCENT) MM
AVERAGE SKY COVER 0.23
NUMBER OF DAYS FAIR 23
NUMBER OF DAYS PC 5
NUMBER OF DAYS CLOUDY 3
AVERAGE RH (PERCENT) 60
WEATHER CONDITIONS. NUMBER OF DAYS WITH
THUNDERSTORM 9 MIXED PRECIP 0
HEAVY RAIN 2 RAIN 5
LIGHT RAIN 8 FREEZING RAIN 0
LT FREEZING RAIN 0 HAIL 0
HEAVY SNOW 0 SNOW 0
LIGHT SNOW 0 SLEET 0
FOG 11 FOG W/VIS <= 1/4 MILE 2
HAZE 4
- INDICATES NEGATIVE NUMBERS.
R INDICATES RECORD WAS SET OR TIED.
MM INDICATES DATA IS MISSING.
T INDICATES TRACE AMOUNT.
$$