000
CXUS52 KTAE 010800
CF6ABY
PRELIMINARY LOCAL CLIMATOLOGICAL DATA (WS FORM: F-6)
STATION: ALBANY
MONTH: OCTOBER
YEAR: 2022
LATITUDE: 31 31 N
LONGITUDE: 84 11 W
TEMPERATURE IN F: :PCPN: SNOW: WIND :SUNSHINE: SKY :PK WND
================================================================================
1 2 3 4 5 6A 6B 7 8 9 10 11 12 13 14 15 16 17 18
12Z AVG MX 2MIN
DY MAX MIN AVG DEP HDD CDD WTR SNW DPTH SPD SPD DIR MIN PSBL S-S WX SPD DR
================================================================================
1 85 54 70 -4 0 5 0.00 0.0 0 6.5 16 270 M M 0 21 260
2 83 54 69 -5 0 4 0.00 0.0 0 6.9 17 320 M M 0 23 330
3 78 57 68 -6 0 3 0.00 0.0 0 7.4 17 60 M M 0 24 50
4 81 50 66 -7 0 1 0.00 0.0 0 3.5 15 50 M M 0 19 50
5 83 50 67 -6 0 2 0.00 0.0 0 2.5 14 330 M M 0 18 330
6 86 47 67 -5 0 2 0.00 0.0 0 1.3 12 310 M M 0 18 310
7 89 48 69 -3 0 4 0.00 0.0 0 1.3 10 10 M M 0 13 20
8 88 58 73 1 0 8 0.00 0.0 0 5.5 15 350 M M 0 22 320
9 83 49 66 -6 0 1 0.00 M M 4.9 15 290 M M 0 19 300
10 83 51 67 -4 0 2 0.00 0.0 M 4.9 12 40 M M 0 14 60
11 87 58 73 2 0 8 0.00 0.0 M 4.9 13 100 M M 2 1 16 100
12 85 67 76 6 0 11 1.16 0.0 M 6.8 18 340 M M 6 13 24 320
13 84 62 73 3 0 8 0.16 0.0 0 3.8 14 330 M M 3 12 19 330
14 80 53 67 -3 0 2 0.00 0.0 0 3.0 12 70 M M 0 16 70
15 84 49 67 -2 0 2 0.00 0.0 0 1.0 9 130 M M 0 14 160
16 85 52 69 0 0 4 0.00 0.0 0 1.5 9 280 M M 0 12 290
17 82 63 73 4 0 8 0.00 0.0 0 6.4 20 210 M M 5 12 23 210
18 65 43 54 -14 11 0 0.00 0.0 0 9.6 18 340 M M 0 23 330
19 65 36 51 -17 14 0 0.00 0.0 0 5.4 14 320 M M 0 20 350
20 67 33 50 -18 15 0 0.00 0.0 M 1.1 10 210 M M 0 14 290
21 72 36 54 -13 11 0 0.00 0.0 M 1.1 9 340 M M 0 19 10
22 77 39 58 -9 7 0 0.00 0.0 M 2.0 12 70 M M 0 17 40
23 79 41 60 -6 5 0 0.00 0.0 0 1.8 10 40 M M 0 13 170
24 83 48 66 0 0 1 0.00 0.0 M 2.4 10 200 M M 0 14 150
25 84 50 67 1 0 2 0.01 0.0 M 6.5 18 200 M M 3 22 190
26 77 56 67 2 0 2 0.02 0.0 M 7.7 22 330 M M 3 1 31 320
27 79 47 63 -2 2 0 0.00 0.0 M 5.9 13 50 M M 0 19 90
28 79 57 68 4 0 3 0.00 M M 9.5 17 80 M M 4 21 60
29 67 57 62 -2 3 0 0.00 0.0 0 9.3 15 80 M M 8 24 350
30 72 60 66 2 0 1 0.00 0.0 0 8.1 15 70 M M 8 1 18 80
31 78 60 69 5 0 4 0.00 0.0 0 5.7 12 320 M M 8 1 16 320
================================================================================
SM 2470 1585 68 88 1.35 0.0 148.2 M 50
================================================================================
AV 79.7 51.1 4.8 FASTST M M 2 MAX(MPH)
MISC ----> 22 330 31 320
================================================================================
NOTES:
# LAST OF SEVERAL OCCURRENCES
COLUMN 17 PEAK WIND IN M.P.H.
PRELIMINARY LOCAL CLIMATOLOGICAL DATA (WS FORM: F-6) , PAGE 2
STATION: ALBANY
MONTH: OCTOBER
YEAR: 2022
LATITUDE: 31 31 N
LONGITUDE: 84 11 W
[TEMPERATURE DATA] [PRECIPITATION DATA] SYMBOLS USED IN COLUMN 16
AVERAGE MONTHLY: 65.4 TOTAL FOR MONTH: 1.35 1 = FOG OR MIST
DPTR FM NORMAL: -3.5 DPTR FM NORMAL: -0.95 2 = FOG REDUCING VISIBILITY
HIGHEST: 89 ON 7 GRTST 24HR 1.32 ON 12-13 TO 1/4 MILE OR LESS
LOWEST: 33 ON 20 3 = THUNDER
SNOW, ICE PELLETS, HAIL 4 = ICE PELLETS
TOTAL MONTH: 0.0 INCH 5 = HAIL
GRTST 24HR 0.0 6 = FREEZING RAIN OR DRIZZLE
GRTST DEPTH: 0 7 = DUSTSTORM OR SANDSTORM:
VSBY 1/2 MILE OR LESS
8 = SMOKE OR HAZE
[NO. OF DAYS WITH] [WEATHER - DAYS WITH] 9 = BLOWING SNOW
X = TORNADO
MAX 32 OR BELOW: 0 0.01 INCH OR MORE: 4
MAX 90 OR ABOVE: 0 0.10 INCH OR MORE: 2
MIN 32 OR BELOW: 0 0.50 INCH OR MORE: 1
MIN 0 OR BELOW: 0 1.00 INCH OR MORE: 1
[HDD (BASE 65) ]
TOTAL THIS MO. 68 CLEAR (SCALE 0-3) 24
DPTR FM NORMAL 23 PTCLDY (SCALE 4-7) 7
TOTAL FM JUL 1 68 CLOUDY (SCALE 8-10) 0
DPTR FM NORMAL 24
[CDD (BASE 65) ]
TOTAL THIS MO. 88
DPTR FM NORMAL -78 [PRESSURE DATA]
TOTAL FM JAN 1 2859 HIGHEST SLP 30.28 ON 29
DPTR FM NORMAL 213 LOWEST SLP 29.79 ON 17
[REMARKS]
#FINAL-10-22#