000
CXUS52 KTAE 010800
CF6ABY
PRELIMINARY LOCAL CLIMATOLOGICAL DATA (WS FORM: F-6)
STATION: ALBANY
MONTH: AUGUST
YEAR: 2021
LATITUDE: 31 31 N
LONGITUDE: 84 11 W
TEMPERATURE IN F: :PCPN: SNOW: WIND :SUNSHINE: SKY :PK WND
================================================================================
1 2 3 4 5 6A 6B 7 8 9 10 11 12 13 14 15 16 17 18
12Z AVG MX 2MIN
DY MAX MIN AVG DEP HDD CDD WTR SNW DPTH SPD SPD DIR MIN PSBL S-S WX SPD DR
================================================================================
1 97 75 86 2 0 21 0.69 0.0 M 5.8 21 350 M M 2 3 32 360
2 98 75 87 3 0 22 0.45 0.0 0 4.6 21 220 M M 4 3 26 220
3 89 76 83 -1 0 18 0.01 0.0 0 4.0 9 70 M M 7 12 60
4 90 73 82 -1 0 17 0.00 0.0 0 6.1 13 70 M M 2 17 70
5 90 73 82 -1 0 17 0.00 0.0 0 9.5 18 80 M M 5 25 90
6 87 72 80 -3 0 15 0.04 0.0 0 3.6 9 60 M M 6 18 11 60
7 95 75 85 2 0 20 0.00 0.0 0 2.7 10 140 M M 3 12 280
8 97 74 86 3 0 21 0.00 0.0 0 2.4 10 190 M M 2 13 210
9 96 75 86 3 0 21 0.00 0.0 0 3.1 13 190 M M 1 16 190
10 99 76 88 5 0 23 T M M 2.4 16 340 M M 1 3 22 10
11 97 74 86 3 0 21 0.00 M M 3.2 13 20 M M 2 3 18 360
12 98 74 86 3 0 21 T 0.0 M 4.4 16 160 M M 2 3 20 160
13 99 73 86 3 0 21 0.02 0.0 0 2.5 12 80 M M 3 3 15 170
14 98 73 86 3 0 21 1.28 0.0 0 3.8 28 330 M M 2 13 38 310
15 89 74 82 -1 0 17 T 0.0 M 4.3 10 100 M M 2 14 100
16 85 77 81 -2 0 16 0.97 0.0 0 11.5 26 80 M M 7 18 33 80
17 92 78 85 2 0 20 0.01 0.0 0 9.6 22 160 M M 7 29 160
18 97 76 87 4 0 22 0.00 0.0 0 3.9 15 160 M M 1 8 18 170
19 97 76 87 4 0 22 T 0.0 0 3.0 10 280 M M 2 12 14 230
20 95 77 86 4 0 21 T 0.0 0 4.7 18 300 M M 1 25 290
21 94 75 85 3 0 20 0.00 0.0 0 5.0 12 280 M M 4 15 280
22 95 76 86 4 0 21 0.36 0.0 0 6.2 22 300 M M 4 138 31 360
23 97 76 87 5 0 22 1.29 0.0 0 3.3 22 110 M M 5 3 27 110
24 98 74 86 4 0 21 0.00 0.0 0 3.6 16 170 M M 1 1 19 160
25 94 75 85 3 0 20 0.28 0.0 0 3.9 29 160 M M 4 1238 39 160
26 95 74 85 3 0 20 0.00 0.0 0 5.2 18 50 M M 1 1 24 60
27 96 77 87 5 0 22 0.15 0.0 0 5.4 24 50 M M 5 138 32 50
28 93 77 85 3 0 20 0.24 0.0 0 7.4 21 70 M M 5 138 24 70
29 94 75 85 4 0 20 0.80 0.0 0 6.2 25 70 M M 5 1238 31 70
30 92 75 84 3 0 19 0.19 0.0 0 5.9 30 160 M M 5 138 39 170
31 83 76 80 -1 0 15 0.94 0.0 M 11.1 25 200 M M 6 13 33 210
================================================================================
SM 2916 2326 0 617 7.72 0.0 158.3 M 107
================================================================================
AV 94.1 75.0 5.1 FASTST M M 3 MAX(MPH)
MISC ----> 30 160 # 39 160
================================================================================
NOTES:
# LAST OF SEVERAL OCCURRENCES
COLUMN 17 PEAK WIND IN M.P.H.
PRELIMINARY LOCAL CLIMATOLOGICAL DATA (WS FORM: F-6) , PAGE 2
STATION: ALBANY
MONTH: AUGUST
YEAR: 2021
LATITUDE: 31 31 N
LONGITUDE: 84 11 W
[TEMPERATURE DATA] [PRECIPITATION DATA] SYMBOLS USED IN COLUMN 16
AVERAGE MONTHLY: 84.5 TOTAL FOR MONTH: 7.72 1 = FOG OR MIST
DPTR FM NORMAL: 1.8 DPTR FM NORMAL: 2.89 2 = FOG REDUCING VISIBILITY
HIGHEST: 99 ON 13,10 GRTST 24HR 1.65 ON 22-23 TO 1/4 MILE OR LESS
LOWEST: 72 ON 6 3 = THUNDER
SNOW, ICE PELLETS, HAIL 4 = ICE PELLETS
TOTAL MONTH: 0.0 INCH 5 = HAIL
GRTST 24HR 0.0 6 = FREEZING RAIN OR DRIZZLE
GRTST DEPTH: 0 7 = DUSTSTORM OR SANDSTORM:
VSBY 1/2 MILE OR LESS
8 = SMOKE OR HAZE
[NO. OF DAYS WITH] [WEATHER - DAYS WITH] 9 = BLOWING SNOW
X = TORNADO
MAX 32 OR BELOW: 0 0.01 INCH OR MORE: 16
MAX 90 OR ABOVE: 26 0.10 INCH OR MORE: 12
MIN 32 OR BELOW: 0 0.50 INCH OR MORE: 6
MIN 0 OR BELOW: 0 1.00 INCH OR MORE: 2
[HDD (BASE 65) ]
TOTAL THIS MO. 0 CLEAR (SCALE 0-3) 16
DPTR FM NORMAL 0 PTCLDY (SCALE 4-7) 15
TOTAL FM JUL 1 0 CLOUDY (SCALE 8-10) 0
DPTR FM NORMAL 0
[CDD (BASE 65) ]
TOTAL THIS MO. 617
DPTR FM NORMAL 70 [PRESSURE DATA]
TOTAL FM JAN 1 2328 HIGHEST SLP 30.21 ON 11
DPTR FM NORMAL 242 LOWEST SLP 29.74 ON 31
[REMARKS]
#FINAL-08-21#