000
CXUS56 KEKA 011330
CF6ACV
PRELIMINARY LOCAL CLIMATOLOGICAL DATA (WS FORM: F-6)
STATION: ARCATA CA
MONTH: DECEMBER
YEAR: 2022
LATITUDE: 40 58 N
LONGITUDE: 124 6 W
TEMPERATURE IN F: :PCPN: SNOW: WIND :SUNSHINE: SKY :PK WND
================================================================================
1 2 3 4 5 6A 6B 7 8 9 10 11 12 13 14 15 16 17 18
12Z AVG MX 2MIN
DY MAX MIN AVG DEP HDD CDD WTR SNW DPTH SPD SPD DIR MIN PSBL S-S WX SPD DR
================================================================================
1 49 35 42 -7 23 0 0.33 M M 4.4 15 330 M M 6 1 20 300
2 51 32 42 -7 23 0 0.00 M M 6.7 15 160 M M 0 20 160
3 59 30 45 -3 20 0 0.37 M M 7.0 21 130 M M 4 1 30 140
4 53 45 49 1 16 0 1.69 M M 9.6 18 120 M M 9 13 29 130
5 53 41 47 -1 18 0 0.22 M M 6.0 17 110 M M 7 18 25 110
6 53 35 44 -4 21 0 0.00 M M 4.6 10 330 M M 0 1 13 300
7 55 31 43 -5 22 0 0.00 M M 5.7 16 120 M M 3 1 25 120
8 52 39 46 -2 19 0 0.53 M M 9.3 23 160 M M 8 1 32 130
9 51 41 46 -2 19 0 0.31 M M 14.2 29 140 M M 8 47 140
10 56 42 49 1 16 0 1.40 M M 10.4 33 120 M M 10 18 55 130
11 49 32 41 -7 24 0 0.19 M M 4.2 8 80 M M 4 18 13 20
12 50 30 40 -8 25 0 0.00 M M 5.5 16 310 M M 1 18 21 310
13 49 30 40 -8 25 0 0.00 M M 4.0 8 260 M M 0 1 11 90
14 50 31 41 -7 24 0 0.00 M M 3.4 8 90 M M 0 1 11 80
15 52 30 41 -7 24 0 0.00 M M 3.4 7 80 M M 0 18 10 80
16 51 30 41 -7 24 0 0.00 M M 4.2 8 70 M M 0 18 11 70
17 50 30 40 -8 25 0 0.00 M M 3.5 9 170 M M 0 2 11 310
18 50 29 40 -8 25 0 0.00 M M 4.7 13 320 M M 0 1 17 320
19 53 31 42 -6 23 0 0.00 M M 4.0 9 80 M M 0 1 11 90
20 53 42 48 0 17 0 0.03 M M 3.9 13 110 M M 10 18 18 100
21 57 48 53 5 12 0 T M M 1.1 6 240 M M 10 128 8 90
22 58 48 53 5 12 0 0.14 M M 3.3 9 160 M M 7 128 15 130
23 60 46 53 5 12 0 0.01 M M 1.7 9 230 M M 7 128 13 220
24 64 45 55 7 10 0 0.22 M M 3.4 15 130 M M 8 128 20 110
25 64 48 56 8 9 0 0.03 M M 4.4 14 160 M M 9 128 20 160
26 62 54 58 10 7 0 2.26 M M 9.5 29 150 M M 10 12 44 140
27 60 46 53 5 12 0 0.44 M M 12.2 32 190 M M 10 138 54 170
28 53 41 47 -1 18 0 0.02 M M 3.5 14 160 M M 5 18 22 170
29 57 46 52 4 13 0 0.54 M M 9.6 16 150 M M 10 1 26 130
30 58 54 56 8 9 0 1.62 M M 10.6 25 180 M M 10 12 46 170
31 55 43 49 1 16 0 0.14 M M 6.7 18 340 M M 7 12 26 330
================================================================================
SM 1687 1205 563 0 10.49 M 184.7 M 163
================================================================================
AV 54.4 38.9 6.0 FASTST M M 5 MAX(MPH)
MISC ----> 33 120 55 130
================================================================================
NOTES:
# LAST OF SEVERAL OCCURRENCES
COLUMN 17 PEAK WIND IN M.P.H.
PRELIMINARY LOCAL CLIMATOLOGICAL DATA (WS FORM: F-6) , PAGE 2
STATION: ARCATA CA
MONTH: DECEMBER
YEAR: 2022
LATITUDE: 40 58 N
LONGITUDE: 124 6 W
[TEMPERATURE DATA] [PRECIPITATION DATA] SYMBOLS USED IN COLUMN 16
AVERAGE MONTHLY: 46.6 TOTAL FOR MONTH: 10.49 1 = FOG OR MIST
DPTR FM NORMAL: -1.4 DPTR FM NORMAL: 1.54 2 = FOG REDUCING VISIBILITY
HIGHEST: 64 ON 25,24 GRTST 24HR 2.48 ON 26-27 TO 1/4 MILE OR LESS
LOWEST: 29 ON 18 3 = THUNDER
SNOW, ICE PELLETS, HAIL 4 = ICE PELLETS
TOTAL MONTH: M 5 = HAIL
GRTST 24HR M ON M 6 = FREEZING RAIN OR DRIZZLE
GRTST DEPTH: M ON M 7 = DUSTSTORM OR SANDSTORM:
VSBY 1/2 MILE OR LESS
8 = SMOKE OR HAZE
[NO. OF DAYS WITH] [WEATHER - DAYS WITH] 9 = BLOWING SNOW
X = TORNADO
MAX 32 OR BELOW: 0 0.01 INCH OR MORE: 19
MAX 90 OR ABOVE: 0 0.10 INCH OR MORE: 15
MIN 32 OR BELOW: 12 0.50 INCH OR MORE: 6
MIN 0 OR BELOW: 0 1.00 INCH OR MORE: 4
[HDD (BASE 65) ]
TOTAL THIS MO. 563 CLEAR (SCALE 0-3) 10
DPTR FM NORMAL 35 PTCLDY (SCALE 4-7) 10
TOTAL FM JUL 1 2080 CLOUDY (SCALE 8-10) 11
DPTR FM NORMAL 81
[CDD (BASE 65) ]
TOTAL THIS MO. 0
DPTR FM NORMAL 0 [PRESSURE DATA]
TOTAL FM JAN 1 0 HIGHEST SLP 30.37 ON 24
DPTR FM NORMAL -4 LOWEST SLP 29.51 ON 26
[REMARKS]
#FINAL-12-22#