000
CXUS51 KPHI 010915
CF6ACY
PRELIMINARY LOCAL CLIMATOLOGICAL DATA (WS FORM: F-6)
STATION: ATLANTIC CITY NJ
MONTH: DECEMBER
YEAR: 2021
LATITUDE: 39 27 N
LONGITUDE: 74 34 W
TEMPERATURE IN F: :PCPN: SNOW: WIND :SUNSHINE: SKY :PK WND
================================================================================
1 2 3 4 5 6A 6B 7 8 9 10 11 12 13 14 15 16 17 18
12Z AVG MX 2MIN
DY MAX MIN AVG DEP HDD CDD WTR SNW DPTH SPD SPD DIR MIN PSBL S-S WX SPD DR
================================================================================
1 53 28 41 -1 24 0 T 0.0 0 4.1 14 280 M M 2 19 250
2 63 46 55 13 10 0 T 0.0 0 9.9 18 230 M M 6 30 230
3 57 43 50 8 15 0 0.00 0.0 0 10.9 23 330 M M 3 31 330
4 52 31 42 0 23 0 0.00 0.0 0 3.4 10 50 M M 6 1 14 140
5 53 27 40 -1 25 0 0.00 0.0 0 6.6 16 110 M M 2 1 20 110
6 64 46 55 14 10 0 0.04 0.0 0 13.4 38 310 M M 8 1 47 320
7 46 29 38 -3 27 0 0.00 0.0 0 7.6 35 300 M M 1 51 290
8 42 26 34 -6 31 0 0.00 0.0 0 5.3 20 300 M M 5 26 290
9 42 23 33 -7 32 0 0.00 0.0 0 6.9 21 310 M M 1 28 290
10 52 27 40 0 25 0 0.04 0.0 0 2.7 13 230 M M 7 1 20 210
11 63 46 55 15 10 0 0.21 0.0 0 10.8 33 300 M M 9 12 44 300
12 54 37 46 6 19 0 T 0.0 0 12.8 30 300 M M 1 40 300
13 55 29 42 3 23 0 0.00 0.0 0 6.0 15 270 M M 0 21 250
14 57 30 44 5 21 0 0.00 0.0 0 4.6 16 350 M M 0 22 360
15 57 27 42 3 23 0 0.00 0.0 0 5.8 18 130 M M 5 25 120
16 65 51 58 19 7 0 0.00 0.0 0 11.1 25 230 M M 2 34 250
17 63 45 54 16 11 0 0.00 0.0 0 9.0 16 310 M M 2 27 230
18 53 43 48 10 17 0 0.02 0.0 0 6.1 14 80 M M 10 1 18 80
19 56 26 41 3 24 0 0.01 0.0 0 13.3 25 330 M M 5 1 36 340
20 41 19 30 -8 35 0 0.00 0.0 0 4.1 12 350 M M 0 15 350
21 42 21 32 -6 33 0 0.00 0.0 0 3.2 9 70 M M 4 12 340
22 49 30 40 3 25 0 0.05 0.0 0 15.3 32 320 M M 4 1 44 330
23 40 24 32 -5 33 0 0.00 0.0 0 7.7 21 310 M M 0 29 310
24 55 27 41 4 24 0 0.00 0.0 0 5.4 13 290 M M 5 17 180
25 63 46 55 18 10 0 0.08 0.0 0 7.3 15 250 M M 6 24 230
26 56 33 45 9 20 0 0.00 0.0 0 10.0 17 330 M M 0 24 320
27 41 24 33 -3 32 0 0.02 T 0 3.2 13 60 M M 6 1 16 60
28 50 39 45 9 20 0 T 0.0 0 4.8 14 310 M M 5 1 19 310
29 51 44 48 12 17 0 0.03 0.0 0 4.1 10 90 M M 9 18 15 80
30 51 45 48 12 17 0 0.16 0.0 0 2.9 9 320 M M 10 12 11 110
31 54 47 51 15 14 0 0.00 0.0 0 4.5 12 200 M M 10 12 22 230
================================================================================
SM 1640 1059 657 0 0.66 T 222.8 M 134
================================================================================
AV 52.9 34.2 7.2 FASTST M M 4 MAX(MPH)
MISC ----> 38 310 51 290
================================================================================
NOTES:
# LAST OF SEVERAL OCCURRENCES
COLUMN 17 PEAK WIND IN M.P.H.
PRELIMINARY LOCAL CLIMATOLOGICAL DATA (WS FORM: F-6) , PAGE 2
STATION: ATLANTIC CITY NJ
MONTH: DECEMBER
YEAR: 2021
LATITUDE: 39 27 N
LONGITUDE: 74 34 W
[TEMPERATURE DATA] [PRECIPITATION DATA] SYMBOLS USED IN COLUMN 16
AVERAGE MONTHLY: 43.5 TOTAL FOR MONTH: 0.66 1 = FOG OR MIST
DPTR FM NORMAL: 4.8 DPTR FM NORMAL: -3.81 2 = FOG REDUCING VISIBILITY
HIGHEST: 65 ON 16 GRTST 24HR 0.21 ON 11-11 TO 1/4 MILE OR LESS
LOWEST: 19 ON 20 3 = THUNDER
SNOW, ICE PELLETS, HAIL 4 = ICE PELLETS
TOTAL MONTH: T 5 = HAIL
GRTST 24HR T ON 27-27 6 = FREEZING RAIN OR DRIZZLE
GRTST DEPTH: 0 7 = DUSTSTORM OR SANDSTORM:
VSBY 1/2 MILE OR LESS
8 = SMOKE OR HAZE
[NO. OF DAYS WITH] [WEATHER - DAYS WITH] 9 = BLOWING SNOW
X = TORNADO
MAX 32 OR BELOW: 0 0.01 INCH OR MORE: 10
MAX 90 OR ABOVE: 0 0.10 INCH OR MORE: 2
MIN 32 OR BELOW: 17 0.50 INCH OR MORE: 0
MIN 0 OR BELOW: 0 1.00 INCH OR MORE: 0
[HDD (BASE 65) ]
TOTAL THIS MO. 657 CLEAR (SCALE 0-3) 12
DPTR FM NORMAL -157 PTCLDY (SCALE 4-7) 14
TOTAL FM JUL 1 1373 CLOUDY (SCALE 8-10) 5
DPTR FM NORMAL -302
[CDD (BASE 65) ]
TOTAL THIS MO. 0
DPTR FM NORMAL 0 [PRESSURE DATA]
TOTAL FM JAN 1 1313 HIGHEST SLP 30.62 ON 15
DPTR FM NORMAL 177 LOWEST SLP 29.49 ON 25
[REMARKS]
#FINAL-12-21#