000
CXAK56 PAFC 011559
CF6ADQ
PRELIMINARY LOCAL CLIMATOLOGICAL DATA (WS FORM: F-6)
STATION: KODIAK
MONTH: JULY
YEAR: 2022
LATITUDE: 57 45 N
LONGITUDE: 152 31 W
TEMPERATURE IN F: :PCPN: SNOW: WIND :SUNSHINE: SKY :PK WND
================================================================================
1 2 3 4 5 6A 6B 7 8 9 10 11 12 13 14 15 16 17 18
12Z AVG MX 2MIN
DY MAX MIN AVG DEP HDD CDD WTR SNW DPTH SPD SPD DIR MIN PSBL S-S WX SPD DR
================================================================================
1 56 53 55 1 10 0 0.19 M M 13.4 21 70 M M 10 12 22 70
2 55 53 54 -1 11 0 1.37 M M 16.4 22 60 M M 10 1 26 80
3 58 54 56 1 9 0 0.29 M M 6.4 17 40 M M 10 18 21 20
4 61 54 58 3 7 0 0.03 M M 2.3 7 270 M M 10 1 11 110
5 67 53 60 5 5 0 0.00 M M 6.2 14 40 M M 5 17 10
6 59 51 55 0 10 0 0.19 M M 4.6 14 160 M M 9 128 16 160
7 55 53 54 -1 11 0 0.72 M M 12.0 17 90 M M 10 1 20 90
8 57 53 55 -1 10 0 0.75 M M 15.0 22 40 M M 10 1 28 30
9 58 53 56 0 9 0 0.06 M M 14.6 24 40 M M 10 1 30 30
10 72 53 63 7 2 0 0.00 M M 9.6 18 290 M M 7 24 280
11 77 63 70 14 0 5 0.00 M M 7.6 18 300 M M 5 23 290
12 58 54 56 0 9 0 0.04 M M 5.7 13 40 M M 9 128 14 40
13 64 54 59 3 6 0 0.10 M M 6.7 17 40 M M 10 1 21 40
14 66 55 61 5 4 0 T M M 2.7 10 320 M M 9 13 310
15 65 52 59 3 6 0 0.02 M M 4.5 9 100 M M 4 10 300
16 66 54 60 4 5 0 0.19 M M 6.0 17 140 M M 10 1 23 140
17 68 52 60 4 5 0 T M M 6.7 17 280 M M 8 23 200
18 64 53 59 3 6 0 0.00 M M 8.0 22 290 M M 4 28 290
19 62 48 55 -2 10 0 T M M 5.7 10 300 M M 5 14 270
20 61 47 54 -3 11 0 0.00 M M 7.0 15 200 M M 3 20 200
21 58 51 55 -2 10 0 0.22 M M 5.8 13 300 M M 10 15 300
22 60 45 53 -4 12 0 0.00 M M 7.2 14 300 M M 6 19 300
23 53 43 48 -9 17 0 0.93 M M 12.8 28 30 M M 8 18 36 30
24 60 53 57 0 8 0 0.16 M M 10.3 25 30 M M 9 1 35 40
25 68 47 58 1 7 0 0.00 M M 11.5 24 170 M M 3 29 180
26 66 42 54 -3 11 0 0.00 M M 5.7 14 290 M M 0 8 20 240
27 66 40 53 -4 12 0 0.00 M M 8.3 16 290 M M 0 21 300
28 67 45 56 -1 9 0 0.00 M M 6.2 10 300 M M 0 15 320
29 59 45 52 -5 13 0 0.40 M M 7.2 15 100 M M 6 1 19 110
30 64 55 60 3 5 0 0.07 M M 6.6 14 290 M M 10 18 19 310
31 67 50 59 2 6 0 0.00 M M 3.2 8 310 M M 8 10 310
================================================================================
SM 1937 1578 256 5 5.73 M 245.9 M 218
================================================================================
AV 62.5 50.9 7.9 FASTST M M 7 MAX(MPH)
MISC ----> 28 30 36 30
================================================================================
NOTES:
# LAST OF SEVERAL OCCURRENCES
COLUMN 17 PEAK WIND IN M.P.H.
PRELIMINARY LOCAL CLIMATOLOGICAL DATA (WS FORM: F-6) , PAGE 2
STATION: KODIAK
MONTH: JULY
YEAR: 2022
LATITUDE: 57 45 N
LONGITUDE: 152 31 W
[TEMPERATURE DATA] [PRECIPITATION DATA] SYMBOLS USED IN COLUMN 16
AVERAGE MONTHLY: 56.7 TOTAL FOR MONTH: 5.73 1 = FOG OR MIST
DPTR FM NORMAL: 0.5 DPTR FM NORMAL: 1.22 2 = FOG REDUCING VISIBILITY
HIGHEST: 77 ON 11 GRTST 24HR 1.41 ON 1- 2 TO 1/4 MILE OR LESS
LOWEST: 40 ON 27 3 = THUNDER
SNOW, ICE PELLETS, HAIL 4 = ICE PELLETS
TOTAL MONTH: M 5 = HAIL
GRTST 24HR M ON M 6 = FREEZING RAIN OR DRIZZLE
GRTST DEPTH: M ON M 7 = DUSTSTORM OR SANDSTORM:
VSBY 1/2 MILE OR LESS
8 = SMOKE OR HAZE
[NO. OF DAYS WITH] [WEATHER - DAYS WITH] 9 = BLOWING SNOW
X = TORNADO
MAX 32 OR BELOW: 0 0.01 INCH OR MORE: 17
MAX 90 OR ABOVE: 0 0.10 INCH OR MORE: 12
MIN 32 OR BELOW: 0 0.50 INCH OR MORE: 4
MIN 0 OR BELOW: 0 1.00 INCH OR MORE: 1
[HDD (BASE 65) ]
TOTAL THIS MO. 256 CLEAR (SCALE 0-3) 4
DPTR FM NORMAL -21 PTCLDY (SCALE 4-7) 10
TOTAL FM JUL 1 256 CLOUDY (SCALE 8-10) 17
DPTR FM NORMAL -20
[CDD (BASE 65) ]
TOTAL THIS MO. 5
DPTR FM NORMAL 2 [PRESSURE DATA]
TOTAL FM JAN 1 5 HIGHEST SLP 30.30 ON 26
DPTR FM NORMAL 1 LOWEST SLP 29.47 ON 17
[REMARKS]
#FINAL-07-22#