168
CXUS54 KLCH 031646
CF6AEX
PRELIMINARY LOCAL CLIMATOLOGICAL DATA (WS FORM: F-6)
STATION: ALEXANDRIA
MONTH: JANUARY
YEAR: 2021
LATITUDE: 31 19 N
LONGITUDE: 92 33 W
TEMPERATURE IN F: :PCPN: SNOW: WIND :SUNSHINE: SKY :PK WND
================================================================================
1 2 3 4 5 6A 6B 7 8 9 10 11 12 13 14 15 16 17 18
12Z AVG MX 2MIN
DY MAX MIN AVG DEP HDD CDD WTR SNW DPTH SPD SPD DIR MIN PSBL S-S WX SPD DR
================================================================================
1 55 38 47 -2 18 0 0.00 0.0 M 10.3 24 200 M M 3 37 190
2 49 36 43 -6 22 0 0.00 0.0 M 5.0 15 270 M M 5 1 21 290
3 60 30 45 -4 20 0 0.00 0.0 M 5.6 13 160 M M 0 1 18 180
4 70 40 55 6 10 0 0.00 0.0 M 5.8 17 260 M M 0 22 250
5 65 35 50 1 15 0 0.00 0.0 M 2.5 8 100 M M 0 1 12 30
6 62 38 50 1 15 0 0.35 0.0 M 10.5 20 140 M M 5 1 27 120
7 55 43 49 0 16 0 0.03 0.0 M 14.7 25 300 M M 10 1 35 310
8 46 40 43 -6 22 0 0.00 0.0 M 8.3 17 330 M M 10 24 330
9 49 31 40 -9 25 0 0.00 0.0 M 5.4 14 30 M M 2 17 350
10 39 31 35 -14 30 0 0.84 0.3 M 7.0 16 40 M M 6 1 24 40
11 37 27 32 -17 33 0 0.28 0.0 M 7.0 15 350 M M 8 18 20 350
12 50 24 37 -12 28 0 T 0.0 M 1.9 10 300 M M 3 126 14 340
13 57 36 47 -2 18 0 0.00 0.0 M 4.5 14 240 M M 3 17 240
14 68 34 51 2 14 0 0.00 0.0 M 9.5 21 320 M M 0 1 29 320
15 55 34 45 -4 20 0 0.00 0.0 M 11.9 25 280 M M 0 36 280
16 54 32 43 -6 22 0 0.00 0.0 M 5.8 17 310 M M 0 23 330
17 62 32 47 -2 18 0 0.00 0.0 M 5.5 21 330 M M 1 30 330
18 63 29 46 -3 19 0 0.00 0.0 M 5.8 15 120 M M 2 1 21 150
19 73 45 59 10 6 0 0.00 0.0 M 7.4 14 40 M M 7 20 210
20 60 51 56 7 9 0 0.00 0.0 M 5.5 13 110 M M 10 17 40
21 66 59 63 14 2 0 1.25 0.0 M 5.2 12 220 M M 10 12 17 200
22 61 52 57 8 8 0 1.25 0.0 M 4.9 12 40 M M 10 1 17 50
23 57 49 53 4 12 0 0.01 0.0 M 5.3 10 80 M M 10 1 14 80
24 67 54 61 12 4 0 0.02 0.0 M 8.3 14 180 M M 10 12 20 170
25 72 60 66 17 0 1 0.18 0.0 M 9.6 33 150 M M 9 1 49 160
26 68 50 59 10 6 0 0.00 0.0 M 4.9 13 60 M M 8 17 60
27 62 44 53 4 12 0 0.00 0.0 M 10.9 23 320 M M 4 31 320
28 53 36 45 -4 20 0 0.00 0.0 M 7.3 14 70 M M 1 21 10
29 58 30 44 -5 21 0 0.00 0.0 M 5.3 13 130 M M 0 16 140
30 66 42 54 5 11 0 T M M 11.1 25 170 M M 7 35 200
31 65 43 54 5 11 0 T M M 13.7 25 320 M M 4 8 35 310
================================================================================
SM 1824 1225 487 1 4.21 0.3 226.4 M 148
================================================================================
AV 58.8 39.5 7.3 FASTST M M 5 MAX(MPH)
MISC ----> 33 150 49 160
================================================================================
NOTES:
# LAST OF SEVERAL OCCURRENCES
COLUMN 17 PEAK WIND IN M.P.H.
PRELIMINARY LOCAL CLIMATOLOGICAL DATA (WS FORM: F-6) , PAGE 2
STATION: ALEXANDRIA
MONTH: JANUARY
YEAR: 2021
LATITUDE: 31 19 N
LONGITUDE: 92 33 W
[TEMPERATURE DATA] [PRECIPITATION DATA] SYMBOLS USED IN COLUMN 16
AVERAGE MONTHLY: 49.2 TOTAL FOR MONTH: 4.21 1 = FOG OR MIST
DPTR FM NORMAL: 0.2 DPTR FM NORMAL: -1.01 2 = FOG REDUCING VISIBILITY
HIGHEST: 73 ON 19 GRTST 24HR 1.45 ON 10-11 TO 1/4 MILE OR LESS
LOWEST: 24 ON 12 3 = THUNDER
SNOW, ICE PELLETS, HAIL 4 = ICE PELLETS
TOTAL MONTH: 0.3 INCH 5 = HAIL
GRTST 24HR 0.3 ON 10-10 6 = FREEZING RAIN OR DRIZZLE
GRTST DEPTH: M ON M 7 = DUSTSTORM OR SANDSTORM:
VSBY 1/2 MILE OR LESS
8 = SMOKE OR HAZE
[NO. OF DAYS WITH] [WEATHER - DAYS WITH] 9 = BLOWING SNOW
X = TORNADO
MAX 32 OR BELOW: 0 0.01 INCH OR MORE: 9
MAX 90 OR ABOVE: 0 0.10 INCH OR MORE: 6
MIN 32 OR BELOW: 9 0.50 INCH OR MORE: 3
MIN 0 OR BELOW: 0 1.00 INCH OR MORE: 2
[HDD (BASE 65) ]
TOTAL THIS MO. 487 CLEAR (SCALE 0-3) 12
DPTR FM NORMAL -15 PTCLDY (SCALE 4-7) 10
TOTAL FM JUL 1 1187 CLOUDY (SCALE 8-10) 9
DPTR FM NORMAL -98
[CDD (BASE 65) ]
TOTAL THIS MO. 1
DPTR FM NORMAL -5 [PRESSURE DATA]
TOTAL FM JAN 1 1 HIGHEST SLP 30.61 ON 28
DPTR FM NORMAL -5 LOWEST SLP 29.67 ON 25
[REMARKS]
#FINAL-01-21#