000
CXUS54 KLCH 021544
CLMAEX
CLIMATE REPORT
NATIONAL WEATHER SERVICE LAKE CHARLES, LA
944 AM CST SAT MAR 02 2024
...................................
...THE ALEXANDRIA CLIMATE SUMMARY FOR THE MONTH OF FEBRUARY 2024...
CLIMATE NORMAL PERIOD: 1991 TO 2020
CLIMATE RECORD PERIOD: 1892 TO 2024
WEATHER OBSERVED NORMAL DEPART LAST YEAR`S
VALUE DATE(S) VALUE FROM VALUE DATE(S)
NORMAL
................................................................
TEMPERATURE (F)
RECORD
HIGH 88 02/28/1932
LOW 3 02/13/1899
HIGHEST 82 02/27 MM MM 83 02/23
02/25
LOWEST 28 02/19 MM MM 29 02/18
AVG. MAXIMUM 67.9 63.6 4.3 69.4
AVG. MINIMUM 45.7 42.2 3.5 48.6
MEAN 56.8 52.9 3.9 59.0
DAYS MAX >= 90 0 0.0 0.0 0
DAYS MAX <= 32 0 0.0 0.0 0
DAYS MIN <= 32 2 5.2 -3.2 2
DAYS MIN <= 0 0 0.0 0.0 0
PRECIPITATION (INCHES)
RECORD
MAXIMUM 14.11 1896
MINIMUM 0.46 2000
TOTALS 5.94 4.22 1.72 5.24
DAILY AVG. 0.20 NAN NAN 0.19
DAYS >= .01 7 11.0 -4.0 7
DAYS >= .10 4 6.1 -2.1 6
DAYS >= .50 3 3.0 0.0 3
DAYS >= 1.00 3 1.1 1.9 2
GREATEST
24 HR. TOTAL 2.89 02/10 TO 02/11
SNOWFALL (INCHES)
RECORDS
TOTAL MM 2021
TOTALS 0.0 MM MM 0.0
SINCE 7/1 0.2 MM MM MM
SNOWDEPTH AVG. 0 MM
DAYS >= 1.0 0 MM MM 0
GREATEST
SNOW DEPTH 0 MM MM
24 HR TOTAL MM
DEGREE DAYS
HEATING TOTAL 243 352 -109 228
SINCE 7/1 1509 1640 -131 MM
COOLING TOTAL 13 14 -1 66
SINCE 1/1 13 20 -7 MM
................................................................
WIND (MPH)
AVERAGE WIND SPEED 7.4
HIGHEST WIND SPEED/DIRECTION 28/210 DATE 02/27
HIGHEST GUST SPEED/DIRECTION 38/290 DATE 02/11
38/210 02/27
SKY COVER
POSSIBLE SUNSHINE (PERCENT) MM
AVERAGE SKY COVER 0.40
NUMBER OF DAYS FAIR 16
NUMBER OF DAYS PC 4
NUMBER OF DAYS CLOUDY 9
AVERAGE RH (PERCENT) 71
WEATHER CONDITIONS. NUMBER OF DAYS WITH
THUNDERSTORM 4 MIXED PRECIP 0
HEAVY RAIN 3 RAIN 6
LIGHT RAIN 8 FREEZING RAIN 0
LT FREEZING RAIN 0 HAIL 1
HEAVY SNOW 0 SNOW 0
LIGHT SNOW 0 SLEET 0
FOG 14 FOG W/VIS <= 1/4 MILE 1
HAZE 7
- INDICATES NEGATIVE NUMBERS.
R INDICATES RECORD WAS SET OR TIED.
MM INDICATES DATA IS MISSING.
T INDICATES TRACE AMOUNT.
$$