000
CXUS52 KFFC 011110
CF6AHN
PRELIMINARY LOCAL CLIMATOLOGICAL DATA (WS FORM: F-6)
STATION: ATHENS
MONTH: APRIL
YEAR: 2020
LATITUDE: 33 57 N
LONGITUDE: 83 19 W
TEMPERATURE IN F: :PCPN: SNOW: WIND :SUNSHINE: SKY :PK WND
================================================================================
1 2 3 4 5 6A 6B 7 8 9 10 11 12 13 14 15 16 17 18
12Z AVG MX 2MIN
DY MAX MIN AVG DEP HDD CDD WTR SNW DPTH SPD SPD DIR MIN PSBL S-S WX SPD DR
================================================================================
1 64 43 54 -4 11 0 0.00 0.0 0 7.2 14 310 M M 0 22 340
2 72 38 55 -3 10 0 0.00 0.0 0 3.2 10 320 M M 0 14 300
3 81 42 62 3 3 0 0.00 0.0 0 2.6 9 240 M M 0 13 230
4 78 54 66 7 0 1 0.00 0.0 0 4.1 13 90 M M 3 17 120
5 82 53 68 9 0 3 0.00 0.0 0 2.7 9 90 M M 2 12 190
6 85 53 69 10 0 4 0.00 0.0 0 2.8 10 240 M M 0 1 17 240
7 83 60 72 12 0 7 T 0.0 0 4.5 13 260 M M 2 21 230
8 83 62 73 13 0 8 0.00 0.0 0 6.0 17 310 M M 5 23 280
9 83 61 72 12 0 7 0.08 0.0 0 8.6 23 290 M M 1 32 300
10 68 45 57 -3 8 0 0.00 0.0 0 9.7 20 310 M M 0 31 330
11 73 36 55 -5 10 0 0.00 0.0 0 2.2 16 90 M M 0 19 90
12 74 46 60 -1 5 0 0.24 M 0 6.7 16 170 M M 7 123 30 170
13 78 57 68 7 0 3 0.85 0.0 0 8.6 18 280 M M 4 13 36 190
14 78 50 64 3 1 0 0.00 0.0 0 5.1 14 290 M M 0 20 260
15 69 48 59 -2 6 0 T M 0 6.6 12 310 M M 1 18 320
16 72 37 55 -7 10 0 0.00 0.0 0 4.6 14 20 M M 0 18 30
17 75 40 58 -4 7 0 0.00 0.0 0 3.7 10 220 M M 0 18 230
18 76 53 65 3 0 0 0.06 0.0 0 6.9 20 300 M M 1 1 28 300
19 55 43 49 -13 16 0 1.22 M 0 3.2 9 130 M M 6 13 13 60
20 77 52 65 2 0 0 0.38 0.0 0 5.4 14 300 M M 6 1 21 300
21 77 48 63 0 2 0 0.00 0.0 0 7.4 21 290 M M 1 29 300
22 76 48 62 -1 3 0 T M 0 2.7 9 90 M M 2 13 100
23 66 54 60 -4 5 0 0.67 0.0 0 5.8 17 180 M M 9 13 28 190
24 76 57 67 3 0 2 T 0.0 0 6.6 15 280 M M 7 25 310
25 80 52 66 2 0 1 0.00 0.0 0 5.5 15 280 M M 2 24 300
26 71 52 62 -2 3 0 0.00 0.0 0 11.2 22 300 M M 3 34 330
27 77 47 62 -3 3 0 0.00 0.0 0 5.9 14 320 M M 1 19 300
28 81 47 64 -1 1 0 0.00 0.0 0 3.0 8 190 M M 0 14 170
29 77 53 65 0 0 0 0.85 0.0 0 6.1 22 330 M M 5 1 33 350
30 65 48 57 -8 8 0 0.17 M 0 5.3 16 290 M M 7 1 26 290
================================================================================
SM 2252 1479 112 36 4.52 0.0 163.9 M 75
================================================================================
AV 75.1 49.3 5.5 FASTST M M 3 MAX(MPH)
MISC ----> # 23 290 # 36 190
================================================================================
NOTES:
# LAST OF SEVERAL OCCURRENCES
COLUMN 17 PEAK WIND IN M.P.H.
PRELIMINARY LOCAL CLIMATOLOGICAL DATA (WS FORM: F-6) , PAGE 2
STATION: ATHENS
MONTH: APRIL
YEAR: 2020
LATITUDE: 33 57 N
LONGITUDE: 83 19 W
[TEMPERATURE DATA] [PRECIPITATION DATA] SYMBOLS USED IN COLUMN 16
AVERAGE MONTHLY: 62.2 TOTAL FOR MONTH: 4.52 1 = FOG OR MIST
DPTR FM NORMAL: 0.5 DPTR FM NORMAL: 1.37 2 = FOG REDUCING VISIBILITY
HIGHEST: 85 ON 6 GRTST 24HR 1.22 ON 19-19 TO 1/4 MILE OR LESS
LOWEST: 36 ON 11 3 = THUNDER
SNOW, ICE PELLETS, HAIL 4 = ICE PELLETS
TOTAL MONTH: 0.0 INCH 5 = HAIL
GRTST 24HR 0.0 6 = FREEZING RAIN OR DRIZZLE
GRTST DEPTH: 0 7 = DUSTSTORM OR SANDSTORM:
VSBY 1/2 MILE OR LESS
8 = SMOKE OR HAZE
[NO. OF DAYS WITH] [WEATHER - DAYS WITH] 9 = BLOWING SNOW
X = TORNADO
MAX 32 OR BELOW: 0 0.01 INCH OR MORE: 9
MAX 90 OR ABOVE: 0 0.10 INCH OR MORE: 7
MIN 32 OR BELOW: 0 0.50 INCH OR MORE: 4
MIN 0 OR BELOW: 0 1.00 INCH OR MORE: 1
[HDD (BASE 65) ]
TOTAL THIS MO. 112 CLEAR (SCALE 0-3) 20
DPTR FM NORMAL -36 PTCLDY (SCALE 4-7) 9
TOTAL FM JUL 1 2109 CLOUDY (SCALE 8-10) 1
DPTR FM NORMAL -634
[CDD (BASE 65) ]
TOTAL THIS MO. 36
DPTR FM NORMAL -11 [PRESSURE DATA]
TOTAL FM JAN 1 101 HIGHEST SLP 30.29 ON 16
DPTR FM NORMAL 43 LOWEST SLP 29.50 ON 20
[REMARKS]
#FINAL-04-20#