000
CXUS55 KCYS 011602
CLMAIA
CLIMATE REPORT
NATIONAL WEATHER SERVICE CHEYENNE WY
1002 AM MDT SAT JUL 01 2023
...................................
...THE ALLIANCE NEBRASKA AIRPORT CLIMATE SUMMARY FOR THE MONTH OF JUNE 2023...
CLIMATE NORMAL PERIOD 1991 TO 2020
CLIMATE RECORD PERIOD 1896 TO 2023
WEATHER OBSERVED NORMAL DEPART LAST YEAR`S
VALUE DATE(S) VALUE FROM VALUE DATE(S)
NORMAL
................................................................
TEMPERATURE (F)
RECORD
HIGH 108 06/26/2012
LOW 27 06/02/1969
HIGHEST 93 06/19 MM MM 101
LOWEST 40 06/14 MM MM 36
AVG. MAXIMUM 79.1 80.7 -1.6 84.9
AVG. MINIMUM 51.0 49.3 1.7 49.4
MEAN 65.1 65.0 0.1 67.1
DAYS MAX >= 90 1 6.5 -5.5 11
DAYS MAX <= 32 0 0.0 0.0 0
DAYS MIN <= 32 0 0.1 -0.1 0
DAYS MIN <= 0 0 0.0 0.0 0
PRECIPITATION (INCHES)
RECORD
MAXIMUM 7.68 2009
TOTALS 4.69 2.90 1.79 2.28
DAYS >= .01 13 10.9 2.1 7
DAYS >= .10 5 6.2 -1.2 4
DAYS >= .50 4 1.5 2.5 1
DAYS >= 1.00 3 0.5 2.5 1
GREATEST
24 HR. TOTAL 1.79 06/22 TO 06/23 1.41 06/30 TO 06/30
DEGREE DAYS
HEATING TOTAL 51 90 -39 58
SINCE 7/1 7336 7397 -61 MM
COOLING TOTAL 60 90 -30 128
SINCE 1/1 62 99 -37 MM
................................................................
WIND (MPH)
AVERAGE WIND SPEED 9.3
HIGHEST WIND SPEED/DIRECTION 45/320 DATE 06/29
HIGHEST GUST SPEED/DIRECTION 62/330 DATE 06/29
SKY COVER
POSSIBLE SUNSHINE (PERCENT) MM
AVERAGE SKY COVER 0.31
NUMBER OF DAYS FAIR 19
NUMBER OF DAYS PC 9
NUMBER OF DAYS CLOUDY 2
AVERAGE RH (PERCENT) 69
WEATHER CONDITIONS. NUMBER OF DAYS WITH
THUNDERSTORM 10 MIXED PRECIP 0
HEAVY RAIN 5 RAIN 6
LIGHT RAIN 15 FREEZING RAIN 0
LT FREEZING RAIN 0 HAIL 0
HEAVY SNOW 0 SNOW 0
LIGHT SNOW 0 SLEET 0
FOG 22 FOG W/VIS <= 1/4 MILE 6
HAZE 3
- INDICATES NEGATIVE NUMBERS.
R INDICATES RECORD WAS SET OR TIED.
MM INDICATES DATA IS MISSING.
T INDICATES TRACE AMOUNT.
$$