728
CXAK56 PAJK 051142
CF6AJN
PRELIMINARY LOCAL CLIMATOLOGICAL DATA (WS FORM: F-6)
STATION: JUNEAU
MONTH: JANUARY
YEAR: 2021
LATITUDE: 58 22 N
LONGITUDE: 134 35 W
TEMPERATURE IN F: :PCPN: SNOW: WIND :SUNSHINE: SKY :PK WND
================================================================================
1 2 3 4 5 6A 6B 7 8 9 10 11 12 13 14 15 16 17 18
12Z AVG MX 2MIN
DY MAX MIN AVG DEP HDD CDD WTR SNW DPTH SPD SPD DIR MIN PSBL S-S WX SPD DR
================================================================================
1 36 30 33 4 32 0 T T 0 2.9 17 110 M M 10 1 23 120
2 33 28 31 3 34 0 0.12 2.0 0 1.1 8 270 M M 9 1 9 270
3 37 29 33 5 32 0 0.34 3.3 2 5.2 15 100 M M 9 1 17 110
4 40 28 34 6 31 0 0.08 T 4 7.8 28 120 M M 8 12 35 120
5 42 36 39 11 26 0 0.25 0.0 2 21.3 40 110 M M 10 1 48 110
6 41 37 39 11 26 0 0.22 0.0 0 19.5 30 110 M M 10 1 38 110
7 44 39 42 14 23 0 0.11 0.0 0 16.4 29 100 M M 9 1 36 100
8 46 36 41 13 24 0 0.24 0.0 0 6.3 21 140 M M 10 1 26 110
9 43 36 40 12 25 0 0.03 0.0 0 14.2 24 130 M M 9 32 120
10 43 39 41 13 24 0 0.68 0.0 0 21.7 35 110 M M 10 1 39 100
11 42 37 40 12 25 0 0.15 0.0 0 16.3 30 110 M M 10 1 35 120
12 41 35 38 10 27 0 0.61 0.0 0 10.5 49 110 M M 10 1 61 110
13 39 36 38 10 27 0 0.02 0.0 0 8.2 18 100 M M 9 22 100
14 42 36 39 11 26 0 0.24 0.0 0 15.9 26 120 M M 10 1 34 130
15 43 40 42 14 23 0 0.31 0.0 0 17.8 37 110 M M 10 1 45 110
16 46 40 43 15 22 0 0.28 0.0 0 15.9 23 130 M M 10 1 31 130
17 44 39 42 14 23 0 0.21 0.0 0 10.8 23 120 M M 9 1 29 110
18 43 37 40 12 25 0 1.95 0.0 0 22.2 38 110 M M 10 1 48 120
19 39 36 38 10 27 0 0.08 T 0 6.5 16 90 M M 10 20 110
20 38 32 35 7 30 0 0.01 T 0 3.8 12 90 M M 10 1 14 90
21 36 27 32 4 33 0 0.00 0.0 0 1.2 8 240 M M 7 2 9 250
22 33 27 30 2 35 0 0.01 0.2 T 0.3 5 100 M M 9 1 6 70
23 34 32 33 5 32 0 0.17 2.5 T 9.2 20 100 M M 10 1 22 100
24 34 33 34 6 31 0 0.09 0.3 3 4.8 18 110 M M 10 1 20 100
25 33 25 29 1 36 0 0.00 0.0 2 1.4 7 90 M M 8 1 7 110
26 29 18 24 -5 41 0 0.00 0.0 2 4.6 18 80 M M 4 23 70
27 23 10 17 -12 48 0 0.00 0.0 1 9.2 25 80 M M 1 34 80
28 23 9 16 -13 49 0 T T 1 1.7 8 60 M M 7 10 50
29 29 21 25 -4 40 0 T T 1 1.5 8 280 M M 10 1 9 280
30 32 19 26 -3 39 0 0.01 0.3 1 0.8 7 260 M M 8 1 7 200
31 30 14 22 -7 43 0 0.00 0.0 2 0.5 6 130 M M 2 12 7 150
================================================================================
SM 1158 941 959 0 6.21 8.6 279.5 M 268
================================================================================
AV 37.4 30.4 9.0 FASTST M M 9 MAX(MPH)
MISC ----> 49 110 61 110
================================================================================
NOTES:
# LAST OF SEVERAL OCCURRENCES
COLUMN 17 PEAK WIND IN M.P.H.
PRELIMINARY LOCAL CLIMATOLOGICAL DATA (WS FORM: F-6) , PAGE 2
STATION: JUNEAU
MONTH: JANUARY
YEAR: 2021
LATITUDE: 58 22 N
LONGITUDE: 134 35 W
[TEMPERATURE DATA] [PRECIPITATION DATA] SYMBOLS USED IN COLUMN 16
AVERAGE MONTHLY: 33.9 TOTAL FOR MONTH: 6.21 1 = FOG OR MIST
DPTR FM NORMAL: 5.6 DPTR FM NORMAL: 0.86 2 = FOG REDUCING VISIBILITY
HIGHEST: 46 ON 16, 8 GRTST 24HR 2.65 ON 16-17 TO 1/4 MILE OR LESS
LOWEST: 9 ON 28 3 = THUNDER
SNOW, ICE PELLETS, HAIL 4 = ICE PELLETS
TOTAL MONTH: 8.6 INCHES 5 = HAIL
GRTST 24HR 3.3 ON 3- 3 6 = FREEZING RAIN OR DRIZZLE
GRTST DEPTH: 4 ON 4 7 = DUSTSTORM OR SANDSTORM:
VSBY 1/2 MILE OR LESS
8 = SMOKE OR HAZE
[NO. OF DAYS WITH] [WEATHER - DAYS WITH] 9 = BLOWING SNOW
X = TORNADO
MAX 32 OR BELOW: 6 0.01 INCH OR MORE: 23
MAX 90 OR ABOVE: 0 0.10 INCH OR MORE: 15
MIN 32 OR BELOW: 15 0.50 INCH OR MORE: 3
MIN 0 OR BELOW: 0 1.00 INCH OR MORE: 1
[HDD (BASE 65) ]
TOTAL THIS MO. 959 CLEAR (SCALE 0-3) 2
DPTR FM NORMAL -180 PTCLDY (SCALE 4-7) 5
TOTAL FM JUL 1 4500 CLOUDY (SCALE 8-10) 24
DPTR FM NORMAL -363
[CDD (BASE 65) ]
TOTAL THIS MO. 0
DPTR FM NORMAL 0 [PRESSURE DATA]
TOTAL FM JAN 1 0 HIGHEST SLP 30.47 ON 18
DPTR FM NORMAL 0 LOWEST SLP 28.77 ON 2
[REMARKS]
#FINAL-01-21#