000
CXUS54 KCRP 011210
CF6ALI
PRELIMINARY LOCAL CLIMATOLOGICAL DATA (WS FORM: F-6)
STATION: ALICE
MONTH: APRIL
YEAR: 2022
LATITUDE: 27 44 N
LONGITUDE: 98 1 W
TEMPERATURE IN F: :PCPN: SNOW: WIND :SUNSHINE: SKY :PK WND
================================================================================
1 2 3 4 5 6A 6B 7 8 9 10 11 12 13 14 15 16 17 18
12Z AVG MX 2MIN
DY MAX MIN AVG DEP HDD CDD WTR SNW DPTH SPD SPD DIR MIN PSBL S-S WX SPD DR
================================================================================
1 87 53 70 -1 0 5 0.00 0.0 0 12.2 24 130 M M 2 37 110
2 94 65 80 9 0 15 0.00 0.0 0 9.0 21 130 M M 5 27 130
3 90 61 76 5 0 11 0.00 0.0 0 10.2 22 130 M M 6 12 30 130
4 86 71 79 8 0 14 0.00 0.0 0 13.4 23 130 M M 9 29 130
5 95 68 82 10 0 17 0.00 0.0 0 6.3 29 340 M M 5 128 41 340
6 93 63 78 6 0 13 0.00 0.0 0 13.0 28 340 M M 3 18 38 350
7 84 50 67 -5 0 2 0.00 0.0 0 11.3 23 10 M M 0 35 20
8 85 45 65 -7 0 0 0.00 0.0 0 6.5 21 150 M M 0 26 160
9 91 47 69 -3 0 4 0.00 0.0 0 13.8 30 140 M M 0 40 160
10 93 67 80 8 0 15 0.00 0.0 0 19.1 32 160 M M 1 43 160
11 86 72 79 6 0 14 0.00 0.0 0 15.3 21 150 M M 10 29 210
12 96 73 85 12 0 20 T 0.0 0 16.7 28 160 M M 4 18 42 150
13 100 73 87 14 0 22 0.00 0.0 0 11.8 23 360 M M 5 32 10
14 87 70 79 6 0 14 0.00 0.0 0 14.6 23 80 M M 7 33 80
15 89 71 80 7 0 15 T 0.0 0 9.3 21 130 M M 8 18 27 130
16 96 74 85 11 0 20 0.00 0.0 0 10.8 21 130 M M 6 28 140
17 94 73 84 10 0 19 0.00 0.0 0 9.6 18 130 M M 6 1 26 120
18 91 68 80 6 0 15 0.00 0.0 0 10.5 21 110 M M 6 1 27 110
19 77 68 73 -1 0 8 0.02 0.0 0 14.7 25 130 M M 9 1 33 130
20 89 72 81 7 0 16 0.00 0.0 0 13.9 23 130 M M 10 33 130
21 89 75 82 8 0 17 0.00 0.0 0 16.4 24 130 M M 9 34 130
22 91 74 83 8 0 18 0.00 0.0 M 19.2 29 130 M M 8 47 140
23 90 74 82 7 0 17 0.00 0.0 M 20.1 29 150 M M 9 38 150
24 91 74 83 8 0 18 0.00 0.0 0 19.0 30 140 M M 8 40 120
25 92 68 80 5 0 15 0.71 0.0 0 12.8 24 50 M M 8 13 33 50
26 72 64 68 -7 0 3 0.09 0.0 0 9.1 20 30 M M 10 1 28 30
27 87 66 77 1 0 12 0.00 0.0 0 9.3 20 140 M M 7 1 32 90
28 89 69 79 3 0 14 0.00 0.0 0 13.4 24 140 M M 7 1 34 140
29 91 73 82 6 0 17 0.00 0.0 M 15.4 25 140 M M 8 35 120
30 91 72 82 6 0 17 0.00 0.0 M 10.0 21 130 M M 8 29 110
================================================================================
SM 2686 2013 0 407 0.82 0.0 386.7 M 184
================================================================================
AV 89.5 67.1 12.9 FASTST M M 6 MAX(MPH)
MISC ----> 32 160 47 140
================================================================================
NOTES:
# LAST OF SEVERAL OCCURRENCES
COLUMN 17 PEAK WIND IN M.P.H.
PRELIMINARY LOCAL CLIMATOLOGICAL DATA (WS FORM: F-6) , PAGE 2
STATION: ALICE
MONTH: APRIL
YEAR: 2022
LATITUDE: 27 44 N
LONGITUDE: 98 1 W
[TEMPERATURE DATA] [PRECIPITATION DATA] SYMBOLS USED IN COLUMN 16
AVERAGE MONTHLY: 78.3 TOTAL FOR MONTH: 0.82 1 = FOG OR MIST
DPTR FM NORMAL: 4.8 DPTR FM NORMAL: -0.64 2 = FOG REDUCING VISIBILITY
HIGHEST: 100 ON 13 GRTST 24HR 0.77 ON 25-26 TO 1/4 MILE OR LESS
LOWEST: 45 ON 8 3 = THUNDER
SNOW, ICE PELLETS, HAIL 4 = ICE PELLETS
TOTAL MONTH: 0.0 INCH 5 = HAIL
GRTST 24HR 0.0 6 = FREEZING RAIN OR DRIZZLE
GRTST DEPTH: 0 7 = DUSTSTORM OR SANDSTORM:
VSBY 1/2 MILE OR LESS
8 = SMOKE OR HAZE
[NO. OF DAYS WITH] [WEATHER - DAYS WITH] 9 = BLOWING SNOW
X = TORNADO
MAX 32 OR BELOW: 0 0.01 INCH OR MORE: 3
MAX 90 OR ABOVE: 17 0.10 INCH OR MORE: 1
MIN 32 OR BELOW: 0 0.50 INCH OR MORE: 1
MIN 0 OR BELOW: 0 1.00 INCH OR MORE: 0
[HDD (BASE 65) ]
TOTAL THIS MO. 0 CLEAR (SCALE 0-3) 5
DPTR FM NORMAL -13 PTCLDY (SCALE 4-7) 17
TOTAL FM JUL 1 855 CLOUDY (SCALE 8-10) 8
DPTR FM NORMAL -26
[CDD (BASE 65) ]
TOTAL THIS MO. 407
DPTR FM NORMAL 139 [PRESSURE DATA]
TOTAL FM JAN 1 614 HIGHEST SLP 30.29 ON 8
DPTR FM NORMAL 100 LOWEST SLP 29.51 ON 5
[REMARKS]
#FINAL-04-22#