000
CXUS54 KAMA 010710
CF6AMA
PRELIMINARY LOCAL CLIMATOLOGICAL DATA (WS FORM: F-6)
STATION: AMARILLO
MONTH: APRIL
YEAR: 2022
LATITUDE: 35 13 N
LONGITUDE: 101 42 W
TEMPERATURE IN F: :PCPN: SNOW: WIND :SUNSHINE: SKY :PK WND
================================================================================
1 2 3 4 5 6A 6B 7 8 9 10 11 12 13 14 15 16 17 18
12Z AVG MX 2MIN
DY MAX MIN AVG DEP HDD CDD WTR SNW DPTH SPD SPD DIR MIN PSBL S-S WX SPD DR
================================================================================
1 77 38 58 4 7 0 T 0.0 0 16.7 37 330 M M 2 53 300
2 76 34 55 1 10 0 0.00 0.0 0 11.6 26 210 M M 0 41 180
3 79 48 64 9 1 0 0.00 0.0 0 17.7 28 40 M M 0 36 50
4 66 43 55 0 10 0 0.00 0.0 0 11.0 25 70 M M 3 31 70
5 90 43 67 12 0 2 0.00 0.0 0 19.0 40 30 M M 0 78 52 30
6 62 38 50 -5 15 0 0.00 0.0 0 17.4 35 20 M M 0 7 47 30
7 61 35 48 -8 17 0 0.00 0.0 0 14.3 30 350 M M 1 43 340
8 67 32 50 -6 15 0 0.00 0.0 0 12.2 24 300 M M 0 33 330
9 86 40 63 7 2 0 0.00 0.0 0 19.0 31 230 M M 0 42 240
10 80 53 67 11 0 2 0.00 0.0 0 11.7 25 200 M M 0 36 220
11 78 40 59 3 6 0 0.00 0.0 0 16.6 32 160 M M 1 43 160
12 87 53 70 13 0 5 0.00 0.0 0 22.7 38 230 M M 1 52 230
13 64 39 52 -5 13 0 0.00 0.0 0 13.0 29 290 M M 2 46 280
14 74 32 53 -4 12 0 0.00 0.0 0 15.0 26 240 M M 0 36 240
15 86 47 67 10 0 2 0.00 0.0 0 15.8 35 270 M M 0 8 52 260
16 58 36 47 -10 18 0 0.00 0.0 0 16.1 28 10 M M 2 34 10
17 76 31 54 -4 11 0 0.00 0.0 0 11.0 23 360 M M 0 33 10
18 65 36 51 -7 14 0 0.00 0.0 0 14.8 23 130 M M 0 33 140
19 71 45 58 0 7 0 0.00 0.0 0 23.1 39 190 M M 3 52 190
20 87 58 73 15 0 8 0.00 0.0 0 16.1 29 290 M M 0 40 260
21 93 48 71 12 0 6 0.00 0.0 0 15.4 33 210 M M 0 43 190
22 87 67 77 18 0 12 0.01 T 0 30.0 47 170 M M 7 38 64 170
23 77 56 67 8 0 2 0.00 0.0 0 26.5 46 200 M M 2 8 61 200
24 68 43 56 -3 9 0 0.00 0.0 0 16.3 28 40 M M 0 8 36 30
25 62 38 50 -10 15 0 0.00 0.0 0 11.0 22 40 M M 3 30 40
26 73 36 55 -5 10 0 0.00 0.0 0 16.6 29 200 M M 0 37 190
27 84 51 68 8 0 3 0.00 0.0 0 21.0 33 180 M M 0 44 190
28 92 60 76 16 0 11 0.00 0.0 0 13.4 33 200 M M 2 45 230
29 89 56 73 12 0 8 0.00 0.0 0 19.6 37 10 M M 1 8 49 10
30 75 47 61 0 4 0 0.00 0.0 0 9.7 23 350 M M 0 32 330
================================================================================
SM 2290 1323 196 61 0.01 T 494.3 M 30
================================================================================
AV 76.3 44.1 16.5 FASTST M M 1 MAX(MPH)
MISC ----> 47 170 64 170
================================================================================
NOTES:
# LAST OF SEVERAL OCCURRENCES
COLUMN 17 PEAK WIND IN M.P.H.
PRELIMINARY LOCAL CLIMATOLOGICAL DATA (WS FORM: F-6) , PAGE 2
STATION: AMARILLO
MONTH: APRIL
YEAR: 2022
LATITUDE: 35 13 N
LONGITUDE: 101 42 W
[TEMPERATURE DATA] [PRECIPITATION DATA] SYMBOLS USED IN COLUMN 16
AVERAGE MONTHLY: 60.2 TOTAL FOR MONTH: 0.01 1 = FOG OR MIST
DPTR FM NORMAL: 2.7 DPTR FM NORMAL: -1.44 2 = FOG REDUCING VISIBILITY
HIGHEST: 93 ON 21 GRTST 24HR 0.01 ON 22-22 TO 1/4 MILE OR LESS
LOWEST: 31 ON 17 3 = THUNDER
SNOW, ICE PELLETS, HAIL 4 = ICE PELLETS
TOTAL MONTH: T 5 = HAIL
GRTST 24HR T ON 22-22 6 = FREEZING RAIN OR DRIZZLE
GRTST DEPTH: 0 7 = DUSTSTORM OR SANDSTORM:
VSBY 1/2 MILE OR LESS
8 = SMOKE OR HAZE
[NO. OF DAYS WITH] [WEATHER - DAYS WITH] 9 = BLOWING SNOW
X = TORNADO
MAX 32 OR BELOW: 0 0.01 INCH OR MORE: 1
MAX 90 OR ABOVE: 3 0.10 INCH OR MORE: 0
MIN 32 OR BELOW: 3 0.50 INCH OR MORE: 0
MIN 0 OR BELOW: 0 1.00 INCH OR MORE: 0
[HDD (BASE 65) ]
TOTAL THIS MO. 196 CLEAR (SCALE 0-3) 28
DPTR FM NORMAL -55 PTCLDY (SCALE 4-7) 2
TOTAL FM JUL 1 3395 CLOUDY (SCALE 8-10) 0
DPTR FM NORMAL -395
[CDD (BASE 65) ]
TOTAL THIS MO. 61
DPTR FM NORMAL 37 [PRESSURE DATA]
TOTAL FM JAN 1 63 HIGHEST SLP M ON M
DPTR FM NORMAL 34 LOWEST SLP 29.29 ON 5
[REMARKS]
#FINAL-04-22#