150
CXUS54 KAMA 010810
CF6AMA
PRELIMINARY LOCAL CLIMATOLOGICAL DATA (WS FORM: F-6)
STATION: AMARILLO
MONTH: FEBRUARY
YEAR: 2021
LATITUDE: 35 13 N
LONGITUDE: 101 42 W
TEMPERATURE IN F: :PCPN: SNOW: WIND :SUNSHINE: SKY :PK WND
================================================================================
1 2 3 4 5 6A 6B 7 8 9 10 11 12 13 14 15 16 17 18
12Z AVG MX 2MIN
DY MAX MIN AVG DEP HDD CDD WTR SNW DPTH SPD SPD DIR MIN PSBL S-S WX SPD DR
================================================================================
1 63 24 44 6 21 0 0.00 0.0 0 14.5 25 210 M M 0 32 200
2 66 33 50 12 15 0 0.00 0.0 0 9.4 21 190 M M 0 26 190
3 79 35 57 19 8 0 0.00 0.0 0 14.3 28 260 M M 0 34 250
4 62 31 47 9 18 0 0.00 0.0 0 15.8 33 350 M M 2 43 360
5 55 25 40 2 25 0 0.00 0.0 0 9.2 17 120 M M 0 23 130
6 54 25 40 1 25 0 0.00 0.0 0 13.6 30 340 M M 0 38 340
7 59 28 44 5 21 0 0.00 0.0 0 17.6 31 170 M M 4 12 38 170
8 48 22 35 -4 30 0 0.00 0.0 0 10.9 22 30 M M 7 12 25 30
9 36 16 26 -13 39 0 T T 0 9.6 17 100 M M 8 1 22 120
10 24 15 20 -19 45 0 0.02 T T 9.5 15 50 M M 10 12 17 50
11 33 10 22 -17 43 0 T T T 9.2 18 80 M M 6 18 21 80
12 20 10 15 -25 50 0 0.01 T T 11.1 20 20 M M 10 18 23 20
13 14 8 11 -29 54 0 0.01 0.9 T 10.8 18 80 M M 10 18 22 80
14 8 -1 4 -36 61 0 0.13 4.1 3 17.8 28 20 M M 10 128 31 20
15 7 -11 -2 -42 67 0 T T 3 8.7 16 340 M M 4 18 20 340
16 10 -1 5 -35 60 0 0.25 7.4 2 17.1 25 150 M M 9 128 31 160
17 19 2 11 -30 54 0 T T 6 4.3 10 120 M M 6 18 12 120
18 21 5 13 -28 52 0 T T 5 7.4 15 360 M M 9 18 18 350
19 40 8 24 -17 41 0 T T 5 10.8 16 210 M M 0 128 18 110
20 56 16 36 -5 29 0 0.00 0.0 3 11.5 30 170 M M 2 12 37 180
21 52 27 40 -2 25 0 0.00 0.0 T 14.5 30 340 M M 0 38 340
22 63 23 43 1 22 0 0.00 0.0 T 7.7 15 200 M M 0 17 200
23 77 30 54 12 11 0 0.00 0.0 0 17.6 39 220 M M 0 49 220
24 54 32 43 1 22 0 0.00 0.0 0 14.7 30 350 M M 0 38 360
25 46 20 33 -10 32 0 0.00 0.0 0 8.5 20 100 M M 4 24 100
26 63 23 43 0 22 0 0.00 0.0 0 11.5 28 210 M M 0 33 220
27 76 26 51 8 14 0 0.00 0.0 0 14.5 29 10 M M 0 36 200
28 52 26 39 -5 26 0 0.00 0.0 0 16.1 28 10 M M 0 37 360
================================================================================
SM 1257 507 932 0 0.42 12.4 338.2 M 101
================================================================================
AV 44.9 18.1 12.1 FASTST M M 4 MAX(MPH)
MISC ----> 39 220 49 220
================================================================================
NOTES:
# LAST OF SEVERAL OCCURRENCES
COLUMN 17 PEAK WIND IN M.P.H.
PRELIMINARY LOCAL CLIMATOLOGICAL DATA (WS FORM: F-6) , PAGE 2
STATION: AMARILLO
MONTH: FEBRUARY
YEAR: 2021
LATITUDE: 35 13 N
LONGITUDE: 101 42 W
[TEMPERATURE DATA] [PRECIPITATION DATA] SYMBOLS USED IN COLUMN 16
AVERAGE MONTHLY: 31.5 TOTAL FOR MONTH: 0.42 1 = FOG OR MIST
DPTR FM NORMAL: -8.8 DPTR FM NORMAL: -0.14 2 = FOG REDUCING VISIBILITY
HIGHEST: 79 ON 3 GRTST 24HR 0.25 ON 16-16 TO 1/4 MILE OR LESS
LOWEST: -11 ON 15 3 = THUNDER
SNOW, ICE PELLETS, HAIL 4 = ICE PELLETS
TOTAL MONTH: 12.4 INCHES 5 = HAIL
GRTST 24HR 7.4 ON 16-16 6 = FREEZING RAIN OR DRIZZLE
GRTST DEPTH: 6 ON 17 7 = DUSTSTORM OR SANDSTORM:
VSBY 1/2 MILE OR LESS
8 = SMOKE OR HAZE
[NO. OF DAYS WITH] [WEATHER - DAYS WITH] 9 = BLOWING SNOW
X = TORNADO
MAX 32 OR BELOW: 8 0.01 INCH OR MORE: 5
MAX 90 OR ABOVE: 0 0.10 INCH OR MORE: 2
MIN 32 OR BELOW: 26 0.50 INCH OR MORE: 0
MIN 0 OR BELOW: 3 1.00 INCH OR MORE: 0
[HDD (BASE 65) ]
TOTAL THIS MO. 932 CLEAR (SCALE 0-3) 15
DPTR FM NORMAL 240 PTCLDY (SCALE 4-7) 7
TOTAL FM JUL 1 3309 CLOUDY (SCALE 8-10) 6
DPTR FM NORMAL 32
[CDD (BASE 65) ]
TOTAL THIS MO. 0
DPTR FM NORMAL 0 [PRESSURE DATA]
TOTAL FM JAN 1 0 HIGHEST SLP M ON M
DPTR FM NORMAL 0 LOWEST SLP 29.47 ON 4
[REMARKS]
#FINAL-02-21#