000
CXUS53 KIWX 010810
CF6AOH
PRELIMINARY LOCAL CLIMATOLOGICAL DATA (WS FORM: F-6)
STATION: LIMA
MONTH: AUGUST
YEAR: 2021
LATITUDE: 40 42 N
LONGITUDE: 84 1 W
TEMPERATURE IN F: :PCPN: SNOW: WIND :SUNSHINE: SKY :PK WND
================================================================================
1 2 3 4 5 6A 6B 7 8 9 10 11 12 13 14 15 16 17 18
12Z AVG MX 2MIN
DY MAX MIN AVG DEP HDD CDD WTR SNW DPTH SPD SPD DIR MIN PSBL S-S WX SPD DR
================================================================================
1 78 58 68 -5 0 3 0.09 M M 7.8 18 310 M M 2 1 30 310
2 77 52 65 -8 0 0 0.00 M M 3.7 10 40 M M 2 15 50
3 81 52 67 -6 0 2 0.00 M M 2.3 10 70 M M 0 14 80
4 82 54 68 -5 0 3 0.00 M M 2.1 10 70 M M 1 16 50
5 84 54 69 -4 0 4 0.00 M M 3.2 8 110 M M 0 11 80
6 84 65 75 3 0 10 0.00 M M 8.0 20 240 M M 2 1 25 240
7 83 66 75 3 0 10 0.83 M M 7.7 28 260 M M 2 13 40 230
8 86 67 77 5 0 12 0.00 M M 6.8 14 180 M M 2 18 21 170
9 85 70 78 6 0 13 0.82 0.0 0 8.5 25 160 M M 2 1 37 180
10 87 72 80 8 0 15 T M M 10.6 16 210 M M 4 3 25 200
11 89 71 80 8 0 15 0.45 M M 9.7 33 300 M M 2 13 54 300
12 89 72 81 9 0 16 0.00 M M 9.8 18 250 M M 1 27 260
13 85 71 78 6 0 13 0.12 M M 6.2 17 270 M M 4 1 24 270
14 77 59 68 -4 0 3 0.00 0.0 0 6.1 12 20 M M 3 16 340
15 77 56 67 -5 0 2 0.00 0.0 0 8.8 22 70 M M 1 30 70
16 77 64 71 -1 0 6 0.07 0.0 0 5.7 10 30 M M 8 12 16 100
17 83 67 75 3 0 10 0.00 0.0 0 5.2 10 70 M M 7 12 14 100
18 82 68 75 3 0 10 0.01 0.0 0 3.6 13 330 M M 5 128 16 320
19 86 65 76 5 0 11 0.00 M M 1.5 7 60 M M 3 12 10 50
20 87 64 76 5 0 11 0.04 M M 1.3 15 270 M M 2 1238 19 270
21 89 63 76 5 0 11 0.00 M M 2.8 10 270 M M 1 1 13 230
22 89 66 78 7 0 13 0.00 M M 1.7 8 310 M M 1 1 11 310
23 86 67 77 6 0 12 0.00 M M 4.4 14 280 M M 1 12 20 270
24 92 67 80 9 0 15 0.00 M M 5.0 13 210 M M 2 1 20 220
25 88 71 80 9 0 15 1.33 M M 4.2 25 290 M M 3 13 34 280
26 89 69 79 9 0 14 0.00 0.0 0 3.7 18 220 M M 0 1 25 230
27 89 69 79 9 0 14 0.01 0.0 0 4.4 10 180 M M 2 3 16 170
28 88 69 79 9 0 14 0.01 M M 5.5 14 230 M M 1 13 19 220
29 89 70 80 10 0 15 1.04 M M 9.0 32 300 M M 3 13 48 290
30 84 69 77 7 0 12 0.12 M M 5.7 17 240 M M 5 13 23 230
31 81 68 75 5 0 10 0.00 M M 6.5 13 50 M M 7 1 20 80
================================================================================
SM 2623 2015 0 314 4.94 0.0 171.5 M 79
================================================================================
AV 84.6 65.0 5.5 FASTST M M 3 MAX(MPH)
MISC ----> 33 300 54 300
================================================================================
NOTES:
# LAST OF SEVERAL OCCURRENCES
COLUMN 17 PEAK WIND IN M.P.H.
PRELIMINARY LOCAL CLIMATOLOGICAL DATA (WS FORM: F-6) , PAGE 2
STATION: LIMA
MONTH: AUGUST
YEAR: 2021
LATITUDE: 40 42 N
LONGITUDE: 84 1 W
[TEMPERATURE DATA] [PRECIPITATION DATA] SYMBOLS USED IN COLUMN 16
AVERAGE MONTHLY: 74.8 TOTAL FOR MONTH: 4.94 1 = FOG OR MIST
DPTR FM NORMAL: 3.3 DPTR FM NORMAL: 1.44 2 = FOG REDUCING VISIBILITY
HIGHEST: 92 ON 24 GRTST 24HR 1.33 ON 25-25 TO 1/4 MILE OR LESS
LOWEST: 52 ON 3, 2 3 = THUNDER
SNOW, ICE PELLETS, HAIL 4 = ICE PELLETS
TOTAL MONTH: 0.0 INCH 5 = HAIL
GRTST 24HR 0.0 6 = FREEZING RAIN OR DRIZZLE
GRTST DEPTH: 0 7 = DUSTSTORM OR SANDSTORM:
VSBY 1/2 MILE OR LESS
8 = SMOKE OR HAZE
[NO. OF DAYS WITH] [WEATHER - DAYS WITH] 9 = BLOWING SNOW
X = TORNADO
MAX 32 OR BELOW: 0 0.01 INCH OR MORE: 13
MAX 90 OR ABOVE: 1 0.10 INCH OR MORE: 7
MIN 32 OR BELOW: 0 0.50 INCH OR MORE: 4
MIN 0 OR BELOW: 0 1.00 INCH OR MORE: 2
[HDD (BASE 65) ]
TOTAL THIS MO. 0 CLEAR (SCALE 0-3) 22
DPTR FM NORMAL -9 PTCLDY (SCALE 4-7) 9
TOTAL FM JUL 1 0 CLOUDY (SCALE 8-10) 0
DPTR FM NORMAL -6
[CDD (BASE 65) ]
TOTAL THIS MO. 314
DPTR FM NORMAL 104 [PRESSURE DATA]
TOTAL FM JAN 1 951 HIGHEST SLP M ON M
DPTR FM NORMAL 212 LOWEST SLP 29.76 ON 31
[REMARKS]
#FINAL-08-21#